{"id":785,"date":"2016-12-21T11:24:24","date_gmt":"2016-12-21T11:24:24","guid":{"rendered":"http:\/\/www.fbycc.org\/?page_id=785"},"modified":"2022-04-05T14:50:54","modified_gmt":"2022-04-05T14:50:54","slug":"jornada-los-bosques-como-sumideros-de-carbono","status":"publish","type":"page","link":"https:\/\/www.fbycc.org\/index.php\/jornadas\/jornada-los-bosques-como-sumideros-de-carbono\/","title":{"rendered":"Jornada: \u00abLos bosques como sumideros de carbono\u00bb"},"content":{"rendered":"<div class=\"tx-row \">\n<div class=\"tx-column tx-column-size-2-3\">\n<p style=\"text-align: justify\">El 20 de mayo de de 2014 se celebr\u00f3 en la Escuela de Ingenieros de Montes de la Universidad Polit\u00e9cnica de Madrid, la jornada <strong>\u00abLos bosques como sumideros de carbono: Avances cient\u00edficos y herramientas para la cuantificaci\u00f3n\u00bb<\/strong>. Se incluyen a continuaci\u00f3n las principales conclusiones de la jornada.<\/p>\n<p style=\"text-align: center\"><img loading=\"lazy\" decoding=\"async\" class=\"alignnone size-full wp-image-797\" src=\"http:\/\/www.fbycc.org\/wp-content\/uploads\/2016\/12\/jornada20052014.jpg\" alt=\"\" width=\"620\" height=\"415\" srcset=\"https:\/\/www.fbycc.org\/wp-content\/uploads\/2016\/12\/jornada20052014.jpg 620w, https:\/\/www.fbycc.org\/wp-content\/uploads\/2016\/12\/jornada20052014-300x201.jpg 300w\" sizes=\"auto, (max-width: 620px) 100vw, 620px\" \/><\/p>\n<ul>\n<li style=\"text-align: justify\">En la actualidad existen desarrolladas <strong>ecuaciones para cuantificar la biomasa<\/strong> a\u00e9rea y radical y el carbono fijado por las principales especies arb\u00f3reas y arbustivas de los montes espa\u00f1oles. Estas ecuaciones pueden aplicarse directamente a los datos del IFN u otros inventarios de gesti\u00f3n, o bien ser implementadas mediante modelos de simulaci\u00f3n del crecimiento y producci\u00f3n, existentes para las principales especies forestales.(<a href=\"http:\/\/www.pfcyl.es\/modelosforestales\"><span style=\"color: #008000\">www.pfcyl.es\/modelosforestales<\/span><\/a>).<\/li>\n<\/ul>\n<ul>\n<li style=\"text-align: justify\">El <strong>reservorio de carbono ed\u00e1fico<\/strong> es 4.5 veces mayor al de la biosfera, existiendo sin embargo menor conocimiento acerca de su cuantificaci\u00f3n y din\u00e1mica. El clima y la composici\u00f3n espec\u00edfica son los aspectos de mayor influencia en el contenido en carbono de los suelos forestales. Es necesario cuantificar de manera precisa y homog\u00e9nea el carbono org\u00e1nico de los suelos forestales, y considerar el papel que la gesti\u00f3n forestal puede tener sobre este carbono.<\/li>\n<\/ul>\n<ul>\n<li style=\"text-align: justify\">La <strong>gesti\u00f3n forestal<\/strong> puede influir en el papel de los <strong>bosques como sumideros de carbono<\/strong> mediante: i) la forestaci\u00f3n; ii) la conservaci\u00f3n de la superficie forestal existente; iii) el manejo de la composici\u00f3n, densidad y la estructura mediante la aplicaci\u00f3n de clareos, claras, cortas de regeneraci\u00f3n y modificaci\u00f3n del turno. La fijaci\u00f3n de carbono debe considerarse un objetivo de la gesti\u00f3n forestal no excluyente, sino siempre supeditado a la conservaci\u00f3n y sostenibilidad de los sistemas forestales. Los estudios de la influencia de la gesti\u00f3n sobre el papel de los bosques como sumideros de carbono deben extenderse al mayor n\u00famero posible de especies y sistemas forestales.<\/li>\n<\/ul>\n<ul>\n<li style=\"text-align: justify\">La <strong>gesti\u00f3n forestal<\/strong> puede influir <strong>alargando la vida \u00fatil de los distintos productos<\/strong> finales obtenidos, que deben ser considerados almacenes de carbono. Deben implementarse herramientas que permitan cuantificar el carbono contenido en los productos lo largo de todo el ciclo desde el bosque al uso final, as\u00ed como el carbono de sustituci\u00f3n de emisiones f\u00f3siles derivado del uso de estos productos. El <strong>uso de nuevas tecnolog\u00edas<\/strong>, como el LIDAR, herramientas de cubicaci\u00f3n o sensores RFID facilitar\u00e1 el seguimiento del ciclo del carbono.<\/li>\n<\/ul>\n<ul>\n<li style=\"text-align: justify\">Actualmente el carbono no presenta en Espa\u00f1a un estatus econ\u00f3mico que derive <strong>un valor al propietario de la tierra<\/strong>. Sin embargo, su cuantificaci\u00f3n y valoraci\u00f3n s\u00ed son necesarias a efectos de cumplimiento de compromisos internacionales. La valoraci\u00f3n adecuada requiere de una cuantificaci\u00f3n eficiente de los incrementos de carbono, y estimaci\u00f3n de un precio de mercado. Se considera necesario valorar no s\u00f3lo el carbono contenido en la biomasa a\u00e9rea, sino el incluido en matorral y productos. Los propietarios forestales consideran fundamental la valoraci\u00f3n tanto del servicio fijaci\u00f3n de carbono como del riesgo de perder el carbono acumulado como consecuencia de la falta de gesti\u00f3n.<\/li>\n<\/ul>\n<ul>\n<li style=\"text-align: justify\">El <strong>cumplimiento del compromiso de informaci\u00f3n<\/strong> sobre las emisiones de gases de efecto invernadero requiere cuantificar el carbono asociado al sector de usos de tierra, cambio de usos de la tierra y selvicultura, en concreto en los apartados de cambios de usos en tierras forestales y gesti\u00f3n forestal. Las herramientas disponibles en la actualidad no han sido siempre \u00fatiles para realizar esta cuantificaci\u00f3n. El segundo periodo de implementaci\u00f3n del protocolo de Kioto flexibilizar\u00e1 algunos m\u00e9todos de contabilidad y permitir\u00e1 la inclusi\u00f3n de aspectos como la contabilidad en productos. Asimismo, la implementaci\u00f3n del nuevo Real Decreto 163\/2014 sobre Huella de Carbono supone una oportunidad para cuantificar y potencial el papel de los sistemas forestales, su gesti\u00f3n y sus productos como sumideros de carbono.<\/li>\n<\/ul>\n<ul>\n<li style=\"text-align: justify\">Se considera necesario que las <strong>metodolog\u00edas de cuantificaci\u00f3n<\/strong> a desarrollar se dise\u00f1en al objeto de ser compatibles con las t\u00e9cnicas de contabilidad requeridas en los compromisos internacionales, aceptadas legalmente y v\u00e1lidas para entrar en los mercados. Estas herramientas deben considerar el carbono de los sistemas forestales en su totalidad \u2013 suelo, biomasa, gesti\u00f3n, productos \u2013 con una perspectiva din\u00e1mica. Asimismo, las herramientas de cuantificaci\u00f3n deben ser generalizables al total de los sistemas forestales nacionales, y deben estar adaptadas a las particularidades de los bosques mediterr\u00e1neos. Se destaca la necesidad de <strong>cooperaci\u00f3n entre la investigaci\u00f3n y los agentes implicados<\/strong> (administraci\u00f3n, propietarios) en el dise\u00f1o e implementaci\u00f3n de estas herramientas, y se plantea el papel que podr\u00edan desempe\u00f1ar empresas y agentes de transferencia tecnol\u00f3gica en esta tarea. Se indica la necesidad de adaptar los tiempos de cadencia requeridos en la investigaci\u00f3n a las necesidades pr\u00e1cticas de la gesti\u00f3n, anticipando las necesidades futuras.<\/li>\n<\/ul>\n<ul>\n<li style=\"text-align: justify\">Por \u00faltimo se se\u00f1ala la <strong>necesidad de potenciar este tipo de iniciativas y sesiones de trabajo<\/strong> conjunto y el papel preponderante que entidades como el Foro de Bosques y Cambio Clim\u00e1tico pueden desempe\u00f1ar como punto de nexo com\u00fan entre los distintos agentes del sector.<\/li>\n<\/ul>\n<\/div>\n<div class=\"tx-column tx-column-size-1-3\">\n<strong>Ponencias de la jornada:<\/strong><\/p>\n<p><span style=\"color: #669900\"><strong>Herramientas para la estimaci\u00f3n de la biomasa de las distintas especies con\u00edferas, frondosas y matorrales espa\u00f1oles<\/strong><strong><br \/>\n<\/strong><\/span> <em>Ricardo Ru\u00edz-Peinado (CIFOR-INIA-IUGFS)<\/em><\/p>\n<p><span style=\"color: #669900\"><strong>Carbono contenido en suelos forestales y materia org\u00e1nica<\/strong><\/span><br \/>\n<em>Agust\u00edn Rubio (UPM)<\/em><\/p>\n<p><strong><span style=\"color: #669900\">El efecto de la selvicultura sobre el papel de los bosques como sumideros de carbono<br \/>\n<\/span><\/strong><em>Miren del R\u00edo (CIFOR-INIA-IUGFS)<\/em><\/p>\n<p><span style=\"color: #669900\"><strong>Modelos de crecimiento y producci\u00f3n forestal: herramientas para la simulaci\u00f3n de alternativas selv\u00edcolas y determinaci\u00f3n del carbono fijado<br \/>\n<\/strong><\/span><em>Felipe Bravo (UVa-IUGFS)<\/em><\/p>\n<p><span style=\"color: #669900\"><strong>El almacenamiento de carbono en productos como paso final en el uso de nuevas tecnolog\u00edas en la cadena de carbono forestal<br \/>\n<\/strong><\/span><em>\u00cd\u00f1igo Lizarralde (ForaForest Technologies)<\/em><\/p>\n<p><span style=\"color: #669900\"><strong>Valoraci\u00f3n econ\u00f3mica del carbono en los sistemas forestales<br \/>\n<\/strong><\/span><em>Luis Diaz Balteiro (UPM)<\/em><\/p>\n<p><strong><span style=\"color: #669900\">Cuantificaci\u00f3n a nivel nacional del carbono fijado por los bosques<br \/>\n<\/span><\/strong><em>Roberto Vallejo (MAGRAMA)<\/em><\/p>\n<\/div>\n<\/div>\n","protected":false},"excerpt":{"rendered":"","protected":false},"author":2,"featured_media":0,"parent":530,"menu_order":0,"comment_status":"closed","ping_status":"closed","template":"","meta":{"_monsterinsights_skip_tracking":false,"_monsterinsights_sitenote_active":false,"_monsterinsights_sitenote_note":"","_monsterinsights_sitenote_category":0,"footnotes":""},"class_list":["post-785","page","type-page","status-publish","hentry"],"_links":{"self":[{"href":"https:\/\/www.fbycc.org\/index.php\/wp-json\/wp\/v2\/pages\/785","targetHints":{"allow":["GET"]}}],"collection":[{"href":"https:\/\/www.fbycc.org\/index.php\/wp-json\/wp\/v2\/pages"}],"about":[{"href":"https:\/\/www.fbycc.org\/index.php\/wp-json\/wp\/v2\/types\/page"}],"author":[{"embeddable":true,"href":"https:\/\/www.fbycc.org\/index.php\/wp-json\/wp\/v2\/users\/2"}],"replies":[{"embeddable":true,"href":"https:\/\/www.fbycc.org\/index.php\/wp-json\/wp\/v2\/comments?post=785"}],"version-history":[{"count":22,"href":"https:\/\/www.fbycc.org\/index.php\/wp-json\/wp\/v2\/pages\/785\/revisions"}],"predecessor-version":[{"id":2591,"href":"https:\/\/www.fbycc.org\/index.php\/wp-json\/wp\/v2\/pages\/785\/revisions\/2591"}],"up":[{"embeddable":true,"href":"https:\/\/www.fbycc.org\/index.php\/wp-json\/wp\/v2\/pages\/530"}],"wp:attachment":[{"href":"https:\/\/www.fbycc.org\/index.php\/wp-json\/wp\/v2\/media?parent=785"}],"curies":[{"name":"wp","href":"https:\/\/api.w.org\/{rel}","templated":true}]}}

<div class="tx-row ">
<div class="tx-column tx-column-size-2-3">
<p style="text-align: justify">El 20 de mayo de de 2014 se celebró en la Escuela de Ingenieros de Montes de la Universidad Politécnica de Madrid, la jornada <strong>«Los bosques como sumideros de carbono: Avances científicos y herramientas para la cuantificación»</strong>. Se incluyen a continuación las principales conclusiones de la jornada.</p>
<p style="text-align: center"><img loading="lazy" decoding="async" class="alignnone size-full wp-image-797" src="http://www.fbycc.org/wp-content/uploads/2016/12/jornada20052014.jpg" alt="" width="620" height="415" srcset="https://www.fbycc.org/wp-content/uploads/2016/12/jornada20052014.jpg 620w, https://www.fbycc.org/wp-content/uploads/2016/12/jornada20052014-300x201.jpg 300w" sizes="auto, (max-width: 620px) 100vw, 620px" /></p>
<ul>
<li style="text-align: justify">En la actualidad existen desarrolladas <strong>ecuaciones para cuantificar la biomasa</strong> aérea y radical y el carbono fijado por las principales especies arbóreas y arbustivas de los montes españoles. Estas ecuaciones pueden aplicarse directamente a los datos del IFN u otros inventarios de gestión, o bien ser implementadas mediante modelos de simulación del crecimiento y producción, existentes para las principales especies forestales.(<a href="http://www.pfcyl.es/modelosforestales"><span style="color: #008000">www.pfcyl.es/modelosforestales</span></a>).</li>
</ul>
<ul>
<li style="text-align: justify">El <strong>reservorio de carbono edáfico</strong> es 4.5 veces mayor al de la biosfera, existiendo sin embargo menor conocimiento acerca de su cuantificación y dinámica. El clima y la composición específica son los aspectos de mayor influencia en el contenido en carbono de los suelos forestales. Es necesario cuantificar de manera precisa y homogénea el carbono orgánico de los suelos forestales, y considerar el papel que la gestión forestal puede tener sobre este carbono.</li>
</ul>
<ul>
<li style="text-align: justify">La <strong>gestión forestal</strong> puede influir en el papel de los <strong>bosques como sumideros de carbono</strong> mediante: i) la forestación; ii) la conservación de la superficie forestal existente; iii) el manejo de la composición, densidad y la estructura mediante la aplicación de clareos, claras, cortas de regeneración y modificación del turno. La fijación de carbono debe considerarse un objetivo de la gestión forestal no excluyente, sino siempre supeditado a la conservación y sostenibilidad de los sistemas forestales. Los estudios de la influencia de la gestión sobre el papel de los bosques como sumideros de carbono deben extenderse al mayor número posible de especies y sistemas forestales.</li>
</ul>
<ul>
<li style="text-align: justify">La <strong>gestión forestal</strong> puede influir <strong>alargando la vida útil de los distintos productos</strong> finales obtenidos, que deben ser considerados almacenes de carbono. Deben implementarse herramientas que permitan cuantificar el carbono contenido en los productos lo largo de todo el ciclo desde el bosque al uso final, así como el carbono de sustitución de emisiones fósiles derivado del uso de estos productos. El <strong>uso de nuevas tecnologías</strong>, como el LIDAR, herramientas de cubicación o sensores RFID facilitará el seguimiento del ciclo del carbono.</li>
</ul>
<ul>
<li style="text-align: justify">Actualmente el carbono no presenta en España un estatus económico que derive <strong>un valor al propietario de la tierra</strong>. Sin embargo, su cuantificación y valoración sí son necesarias a efectos de cumplimiento de compromisos internacionales. La valoración adecuada requiere de una cuantificación eficiente de los incrementos de carbono, y estimación de un precio de mercado. Se considera necesario valorar no sólo el carbono contenido en la biomasa aérea, sino el incluido en matorral y productos. Los propietarios forestales consideran fundamental la valoración tanto del servicio fijación de carbono como del riesgo de perder el carbono acumulado como consecuencia de la falta de gestión.</li>
</ul>
<ul>
<li style="text-align: justify">El <strong>cumplimiento del compromiso de información</strong> sobre las emisiones de gases de efecto invernadero requiere cuantificar el carbono asociado al sector de usos de tierra, cambio de usos de la tierra y selvicultura, en concreto en los apartados de cambios de usos en tierras forestales y gestión forestal. Las herramientas disponibles en la actualidad no han sido siempre útiles para realizar esta cuantificación. El segundo periodo de implementación del protocolo de Kioto flexibilizará algunos métodos de contabilidad y permitirá la inclusión de aspectos como la contabilidad en productos. Asimismo, la implementación del nuevo Real Decreto 163/2014 sobre Huella de Carbono supone una oportunidad para cuantificar y potencial el papel de los sistemas forestales, su gestión y sus productos como sumideros de carbono.</li>
</ul>
<ul>
<li style="text-align: justify">Se considera necesario que las <strong>metodologías de cuantificación</strong> a desarrollar se diseñen al objeto de ser compatibles con las técnicas de contabilidad requeridas en los compromisos internacionales, aceptadas legalmente y válidas para entrar en los mercados. Estas herramientas deben considerar el carbono de los sistemas forestales en su totalidad – suelo, biomasa, gestión, productos – con una perspectiva dinámica. Asimismo, las herramientas de cuantificación deben ser generalizables al total de los sistemas forestales nacionales, y deben estar adaptadas a las particularidades de los bosques mediterráneos. Se destaca la necesidad de <strong>cooperación entre la investigación y los agentes implicados</strong> (administración, propietarios) en el diseño e implementación de estas herramientas, y se plantea el papel que podrían desempeñar empresas y agentes de transferencia tecnológica en esta tarea. Se indica la necesidad de adaptar los tiempos de cadencia requeridos en la investigación a las necesidades prácticas de la gestión, anticipando las necesidades futuras.</li>
</ul>
<ul>
<li style="text-align: justify">Por último se señala la <strong>necesidad de potenciar este tipo de iniciativas y sesiones de trabajo</strong> conjunto y el papel preponderante que entidades como el Foro de Bosques y Cambio Climático pueden desempeñar como punto de nexo común entre los distintos agentes del sector.</li>
</ul>
</div>
<div class="tx-column tx-column-size-1-3">
<strong>Ponencias de la jornada:</strong></p>
<p><span style="color: #669900"><strong>Herramientas para la estimación de la biomasa de las distintas especies coníferas, frondosas y matorrales españoles</strong><strong><br />
</strong></span> <em>Ricardo Ruíz-Peinado (CIFOR-INIA-IUGFS)</em></p>
<p><span style="color: #669900"><strong>Carbono contenido en suelos forestales y materia orgánica</strong></span><br />
<em>Agustín Rubio (UPM)</em></p>
<p><strong><span style="color: #669900">El efecto de la selvicultura sobre el papel de los bosques como sumideros de carbono<br />
</span></strong><em>Miren del Río (CIFOR-INIA-IUGFS)</em></p>
<p><span style="color: #669900"><strong>Modelos de crecimiento y producción forestal: herramientas para la simulación de alternativas selvícolas y determinación del carbono fijado<br />
</strong></span><em>Felipe Bravo (UVa-IUGFS)</em></p>
<p><span style="color: #669900"><strong>El almacenamiento de carbono en productos como paso final en el uso de nuevas tecnologías en la cadena de carbono forestal<br />
</strong></span><em>Íñigo Lizarralde (ForaForest Technologies)</em></p>
<p><span style="color: #669900"><strong>Valoración económica del carbono en los sistemas forestales<br />
</strong></span><em>Luis Diaz Balteiro (UPM)</em></p>
<p><strong><span style="color: #669900">Cuantificación a nivel nacional del carbono fijado por los bosques<br />
</span></strong><em>Roberto Vallejo (MAGRAMA)</em></p>
</div>
</div>
