{"id":6040,"date":"2025-09-15T13:05:10","date_gmt":"2025-09-15T13:05:10","guid":{"rendered":"https:\/\/www.fbycc.org\/?page_id=6040"},"modified":"2025-09-15T15:00:51","modified_gmt":"2025-09-15T15:00:51","slug":"proyectos-de-interes-proyecto-eco2for","status":"publish","type":"page","link":"https:\/\/www.fbycc.org\/index.php\/proyectos-de-interes\/proyectos-de-interes-proyecto-eco2for\/","title":{"rendered":"Proyecto eco2for"},"content":{"rendered":"<p style=\"text-align: justify;\"><img loading=\"lazy\" decoding=\"async\" class=\"alignnone wp-image-5907 size-full\" src=\"https:\/\/www.fbycc.org\/wp-content\/uploads\/2025\/08\/web-proyectos.png\" alt=\"\" width=\"1200\" height=\"420\" srcset=\"https:\/\/www.fbycc.org\/wp-content\/uploads\/2025\/08\/web-proyectos.png 1200w, https:\/\/www.fbycc.org\/wp-content\/uploads\/2025\/08\/web-proyectos-300x105.png 300w, https:\/\/www.fbycc.org\/wp-content\/uploads\/2025\/08\/web-proyectos-1024x358.png 1024w, https:\/\/www.fbycc.org\/wp-content\/uploads\/2025\/08\/web-proyectos-768x269.png 768w\" sizes=\"auto, (max-width: 1200px) 100vw, 1200px\" \/><div class=\"tx-spacer clearfix\" style=\"height: 16px\"><\/div> El proyecto <strong>eco2for<\/strong> nace con el objetivo de <strong>contribuir a la lucha contra el cambio clim\u00e1tico mejorando los sumideros de carbono forestales<\/strong>, generando adem\u00e1s oportunidades de inversi\u00f3n privada en proyectos de absorci\u00f3n y fomentando la actividad econ\u00f3mica en el medio rural.<\/p>\n<p style=\"text-align: justify;\">Los <strong>sumideros de carbono forestales<\/strong> son \u00e1reas forestales que tienen la capacidad de capturar y almacenar di\u00f3xido de carbono (CO\u2082) de la atm\u00f3sfera. Sin embargo para que estas \u00e1reas forestales sigan absorbiendo y reteniendo carbono se debe hacer una buena gesti\u00f3n de las mismas.<\/p>\n<p style=\"text-align: justify;\">Espa\u00f1a ha sido pionera, a trav\u00e9s de la OECC en el desarrollo de un sistema voluntario de registro de huella de carbono, proyectos de absorci\u00f3n, as\u00ed como en el programa de reducci\u00f3n de emisiones \u201cProyecto Clima\u201d. En el marco del sector forestal se ha despertado un alto inter\u00e9s por la generaci\u00f3n de cr\u00e9ditos ligados a proyectos de absorci\u00f3n por forestaci\u00f3n o restauraci\u00f3n post incendios. Sin embargo la <strong>gesti\u00f3n forestal<\/strong> a\u00fan no est\u00e1 contemplada en este registro. eco2for contribuir\u00e1 a la implementaci\u00f3n de nuevos proyectos de absorci\u00f3n de gesti\u00f3n forestal que permita ampliar y mejorar los proyectos de forestaci\u00f3n mediante el desarrollo de metodolog\u00edas de gesti\u00f3n forestal mejorada y sus correspondientes herramientas de c\u00e1lculo para la cuantificaci\u00f3n del aumento de carbono.<\/p>\n<div class=\"su-accordion su-u-trim\">\n<div class=\"su-spoiler su-spoiler-style-default su-spoiler-icon-plus su-spoiler-closed\" data-scroll-offset=\"0\" data-anchor-in-url=\"no\"><div class=\"su-spoiler-title\" tabindex=\"0\" role=\"button\"><span class=\"su-spoiler-icon\"><\/span><strong>Consorcio<\/strong><\/div><div class=\"su-spoiler-content su-u-clearfix su-u-trim\">\n<ul>\n<li>Asociaci\u00f3n Foro de Bosques y Cambio Clim\u00e1tico (coordinador)<\/li>\n<li>Fundaci\u00f3n Centro de Servicios y Promoci\u00f3n Forestal y de su Industria de Castilla y Le\u00f3n (Cesefor)<\/li>\n<li>Centro Tecnol\u00f3gico Forestal y de la Madera (CETEMAS)<\/li>\n<li>Universidad de Valladolid \u2013 Grupo UVa cambium<\/li>\n<li>Universidad de Salamanca \u2013 Grupo USAL Bisite<\/li>\n<li>ICIFOR-INIA-CSIC <\/div><\/div><\/li>\n<\/ul>\n<div class=\"su-spoiler su-spoiler-style-default su-spoiler-icon-plus su-spoiler-closed\" data-scroll-offset=\"0\" data-anchor-in-url=\"no\"><div class=\"su-spoiler-title\" tabindex=\"0\" role=\"button\"><span class=\"su-spoiler-icon\"><\/span><strong>\u00c1mbito geogr\u00e1fico<\/strong><\/div><div class=\"su-spoiler-content su-u-clearfix su-u-trim\">El proyecto eco2for realiza proyectos piloto de absorci\u00f3n en las comunidades aut\u00f3nomas de Asturias y Castilla y Le\u00f3n para testar las metodolog\u00edas y herramientas generadas. Las metodolog\u00edas y herramientas resultado del proyecto ser\u00e1n de aplicaci\u00f3n nacional y servir\u00e1n para el desarrollo de proyectos de absorci\u00f3n por gesti\u00f3n forestal mejorada (GFM), contribuyendo a la lucha contra el cambio clim\u00e1tico de los bosques espa\u00f1oles.\u00a0 <\/div><\/div>\n<div class=\"su-spoiler su-spoiler-style-default su-spoiler-icon-plus su-spoiler-closed\" data-scroll-offset=\"0\" data-anchor-in-url=\"no\"><div class=\"su-spoiler-title\" tabindex=\"0\" role=\"button\"><span class=\"su-spoiler-icon\"><\/span><strong>Acciones<\/strong><\/div><div class=\"su-spoiler-content su-u-clearfix su-u-trim\">El proyecto eco2for cuenta con\u00a0diversas acciones clave estructuradas en tres bloques:<\/p>\n<ol>\n<li>Metodolog\u00edas y herramientas: Estas acciones contemplan el desarrollo de metodolog\u00edas y herramientas innovadoras para desarrollar nuevos proyectos de gesti\u00f3n forestal mejorada y la mejora de herramientas de c\u00e1lculo ya existentes para proyectos de forestaci\u00f3n\n<ul>\n<li>Elaboraci\u00f3n de tres nuevas metodolog\u00edas de GFM: mejora de la productividad, prolongaci\u00f3n de turnos, conversi\u00f3n de zonas de aprovechamiento a conservaci\u00f3n.<\/li>\n<li>Elaboraci\u00f3n de nuevas herramientas de c\u00e1lculo de GMF: mejora de la productividad, prolongaci\u00f3n de turnos, conversi\u00f3n de zonas de aprovechamiento a conservaci\u00f3n.<\/li>\n<li>Desarrollo de una nueva calculadora para estimar carbono absorbido por forestaci\u00f3n.<\/li>\n<li>Desarrollo de metodolog\u00edas para cualificaci\u00f3n de los proyectos de absorci\u00f3n<\/li>\n<li>Evaluaci\u00f3n de la adaptaci\u00f3n al cambio clim\u00e1tico de los proyectos de absorci\u00f3n<\/li>\n<\/ul>\n<\/li>\n<li>Digitalizaci\u00f3n: Implementaci\u00f3n de herramientas que facilitar\u00e1n la verificaci\u00f3n y acreditaci\u00f3n de cr\u00e9ditos de carbono mediante tecnolog\u00edas avanzadas y metodolog\u00edas \u00e1giles.\n<ul>\n<li>Desarrollo de una plataforma digital para proyectos de absorci\u00f3n de carbono<\/li>\n<li>Creaci\u00f3n de un sistema de monitoreo para proyectos de absorci\u00f3n<\/li>\n<li>Desarrollo de un sistema de registro para proyectos de absorci\u00f3n<\/li>\n<\/ul>\n<\/li>\n<li>Proyectos piloto: Implementaci\u00f3n de experiencias piloto en montes de Asturias y Castilla y Le\u00f3n para validar las metodolog\u00edas y herramientas de gesti\u00f3n forestal mejorada. Esta acci\u00f3n sirve para evaluar la efectividad de las metodolog\u00edas desarrolladas para mejorar la capacidad de absorci\u00f3n de CO<sub>2<\/sub>, la biodiversidad y la funcionalidad ecol\u00f3gica.\u00a0 <\/div><\/div><\/li>\n<\/ol>\n<div class=\"su-spoiler su-spoiler-style-default su-spoiler-icon-plus su-spoiler-closed\" data-scroll-offset=\"0\" data-anchor-in-url=\"no\"><div class=\"su-spoiler-title\" tabindex=\"0\" role=\"button\"><span class=\"su-spoiler-icon\"><\/span><strong>Recursos<\/strong><\/div><div class=\"su-spoiler-content su-u-clearfix su-u-trim\">\n<ul>\n<li><a href=\"https:\/\/www.dropbox.com\/scl\/fi\/5x9h9epkvfpor003cr8j0\/Diptico_eco2for-1-2.pdf?rlkey=oeoqzfogdvub7dfhmpuwocc91&amp;st=58uurmc3&amp;dl=0\">D\u00edptico proyecto eco2for \u00abGesti\u00f3n forestal para cobatir el cambio clim\u00e1tico y revitalizar zonas rurales\u00bb<\/a><\/li>\n<li><a href=\"https:\/\/www.dropbox.com\/scl\/fi\/ryjm11d88qyipafe9jsvz\/Infografia-Comunicacion-Eco2for-1086x1536.jpg?rlkey=0yakisji53oa7b0ami3g6uyh1&amp;st=jhw0f7hb&amp;dl=0\">Infograf\u00eda: La comunicaci\u00f3n de eco2for<\/a><\/li>\n<li><a href=\"https:\/\/www.dropbox.com\/scl\/fi\/321pl6amxpjuluckzxvca\/Gestion-forestal_mejorada_eco2for-1086x1536.jpg?rlkey=jpl6b2d4nq54odueasgfdxjor&amp;st=v8pt561o&amp;dl=0\">Infograf\u00eda: La gesti\u00f3n forestal mejorada<\/a><\/li>\n<li><a href=\"https:\/\/www.dropbox.com\/scl\/fi\/ethuu04srw4wbk5zjdqaz\/impacto_gestion_forestal_mejorada-1086x1536.jpg?rlkey=dhvm8xh5mzf4m4iq3t9a5di4k&amp;st=4cx1xdv0&amp;dl=0\">Infograf\u00eda: Impacto de la GFM en la captura de carbono en los bosques<\/a><\/li>\n<li><a href=\"https:\/\/www.dropbox.com\/scl\/fi\/yrdngnhojzwwt3m6grbbd\/infografia_herramienta_carbono-1086x1536.jpg?rlkey=o1t47t04yj2x9pyu08rjvxfmo&amp;st=t2096mvr&amp;dl=0\">Infograf\u00eda: una nueva herramienta para medir el carbono en proyectos de forestaci\u00f3n<\/a><\/li>\n<li><a href=\"https:\/\/www.dropbox.com\/scl\/fi\/d5sstf1f30lzp9asu3aek\/infografia_cualificaicon-proyecto_de_absorcion-1086x1536.jpg?rlkey=rtiztxwikq0zgyhe4gzdp0eq3&amp;st=izapef9i&amp;dl=0\">Infograf\u00eda: M\u00e1s all\u00e1 del carbono: cualificaci\u00f3n de proyectos de absorci\u00f3n por mejora de biodiversidad<\/a><\/li>\n<li><a href=\"https:\/\/www.dropbox.com\/scl\/fi\/6mm88122i1r3ayg8i7ste\/poster_eco2for_cfe-2-768x1173.jpg?rlkey=c66ovjbvrbmr7rh604hnvelp8&amp;st=mvd509du&amp;dl=0\">P\u00f3ster 9CFE \u00abeco2for: Mejora de la contribuci\u00f3n del sector forestal a la lucha contra el cambio clim\u00e1tico\u00bb <\/a><\/div><\/div>\n<\/div><\/li>\n<\/ul>\n<p style=\"text-align: center;\"><span style=\"font-size: 12pt;\"><a class=\"tx-button\" href=\"https:\/\/eco2for.com\/\" target=\"_blank\" style=\"color: #ffffff; background-color: #669900\">Accede a la web del eco2for<\/a><\/span><\/p>\n","protected":false},"excerpt":{"rendered":"<p>El proyecto eco2for nace con el objetivo de contribuir a la lucha contra el cambio clim\u00e1tico mejorando los sumideros de carbono forestales, generando adem\u00e1s oportunidades de inversi\u00f3n privada en proyectos de absorci\u00f3n<a class=\"moretag\" href=\"https:\/\/www.fbycc.org\/index.php\/proyectos-de-interes\/proyectos-de-interes-proyecto-eco2for\/\">Leer m\u00e1s&#8230;<\/a><\/p>\n","protected":false},"author":5,"featured_media":0,"parent":5730,"menu_order":0,"comment_status":"closed","ping_status":"closed","template":"","meta":{"_monsterinsights_skip_tracking":false,"_monsterinsights_sitenote_active":false,"_monsterinsights_sitenote_note":"","_monsterinsights_sitenote_category":0,"footnotes":""},"class_list":["post-6040","page","type-page","status-publish","hentry"],"_links":{"self":[{"href":"https:\/\/www.fbycc.org\/index.php\/wp-json\/wp\/v2\/pages\/6040","targetHints":{"allow":["GET"]}}],"collection":[{"href":"https:\/\/www.fbycc.org\/index.php\/wp-json\/wp\/v2\/pages"}],"about":[{"href":"https:\/\/www.fbycc.org\/index.php\/wp-json\/wp\/v2\/types\/page"}],"author":[{"embeddable":true,"href":"https:\/\/www.fbycc.org\/index.php\/wp-json\/wp\/v2\/users\/5"}],"replies":[{"embeddable":true,"href":"https:\/\/www.fbycc.org\/index.php\/wp-json\/wp\/v2\/comments?post=6040"}],"version-history":[{"count":1,"href":"https:\/\/www.fbycc.org\/index.php\/wp-json\/wp\/v2\/pages\/6040\/revisions"}],"predecessor-version":[{"id":6050,"href":"https:\/\/www.fbycc.org\/index.php\/wp-json\/wp\/v2\/pages\/6040\/revisions\/6050"}],"up":[{"embeddable":true,"href":"https:\/\/www.fbycc.org\/index.php\/wp-json\/wp\/v2\/pages\/5730"}],"wp:attachment":[{"href":"https:\/\/www.fbycc.org\/index.php\/wp-json\/wp\/v2\/media?parent=6040"}],"curies":[{"name":"wp","href":"https:\/\/api.w.org\/{rel}","templated":true}]}}