{"id":5730,"date":"2025-09-15T12:52:58","date_gmt":"2025-09-15T12:52:58","guid":{"rendered":"https:\/\/www.fbycc.org\/?page_id=5730"},"modified":"2025-09-15T13:09:00","modified_gmt":"2025-09-15T13:09:00","slug":"proyectos-de-interes","status":"publish","type":"page","link":"https:\/\/www.fbycc.org\/index.php\/proyectos-de-interes\/","title":{"rendered":"Proyectos de inter\u00e9s"},"content":{"rendered":"<p data-start=\"151\" data-end=\"405\">Impulsamos la difusi\u00f3n de proyectos e iniciativas que fortalecen la actividad forestal, la acci\u00f3n clim\u00e1tica y la conservaci\u00f3n de la biodiversidad.<\/p>\n<p data-start=\"407\" data-end=\"576\">Nuestro objetivo es destacar aquellas acciones que, por su enfoque, impacto o innovaci\u00f3n, merecen ser conocidas, compartidas y tenidas en cuenta para futuras soluciones.<\/p>\n<table style=\"border-collapse: collapse; width: 100%; height: 746px;\">\n<tbody>\n<tr>\n<td style=\"width: 30.298%; text-align: center;\"><span style=\"font-size: 10pt;\"><a href=\"https:\/\/eco2for.com\/\"><img loading=\"lazy\" decoding=\"async\" class=\"alignnone wp-image-5758\" src=\"https:\/\/www.fbycc.org\/wp-content\/uploads\/2025\/08\/WEB_Proyectos-4-300x300.png\" alt=\"\" width=\"200\" height=\"200\" srcset=\"https:\/\/www.fbycc.org\/wp-content\/uploads\/2025\/08\/WEB_Proyectos-4-300x300.png 300w, https:\/\/www.fbycc.org\/wp-content\/uploads\/2025\/08\/WEB_Proyectos-4-150x150.png 150w, https:\/\/www.fbycc.org\/wp-content\/uploads\/2025\/08\/WEB_Proyectos-4-50x50.png 50w, https:\/\/www.fbycc.org\/wp-content\/uploads\/2025\/08\/WEB_Proyectos-4-250x250.png 250w, https:\/\/www.fbycc.org\/wp-content\/uploads\/2025\/08\/WEB_Proyectos-4.png 500w\" sizes=\"auto, (max-width: 200px) 100vw, 200px\" \/><\/a><\/span><\/td>\n<td style=\"width: 69.702%;\">\n<p style=\"text-align: justify;\"><span style=\"font-size: 10pt;\">El proyecto <strong>eco2for<\/strong>, coordinado por el Foro de Bosques y Cambio Clim\u00e1tico, junto a Cesefor, CETEMAS, el INIA, y las universidades de Valladolid y Salamanca, surge con el prop\u00f3sito de mejorar la gesti\u00f3n de los sumideros de carbono forestales como soluci\u00f3n tangible en la lucha contra el cambio clim\u00e1tico. El proyecto cuenta con diversas acciones clave que impulsan su labor, como: la creaci\u00f3n de nuevas metodolog\u00edas para mejorar la productividad forestal, el desarrollo de herramientas digitales de monitoreo y c\u00e1lculo, y la implementaci\u00f3n de proyectos piloto que validan estas innovaciones en regiones espec\u00edficas como Asturias y Castilla y Le\u00f3n.<\/span><\/p>\n<p style=\"text-align: right;\"><span style=\"font-size: 10pt;\"><a class=\"tx-button\" href=\"https:\/\/www.fbycc.org\/index.php\/proyectos-de-interes-proyecto-eco2for\/\" target=\"_blank\" style=\"color: #ffffff; background-color: #669900\">Conoce m\u00e1s sobre el proyecto...<\/a><\/span><\/p>\n<\/td>\n<\/tr>\n<tr style=\"height: 28px;\">\n<td style=\"width: 30.298%; height: 28px; text-align: center;\"><span style=\"font-size: 10pt;\"><a href=\"https:\/\/adaptaleppo.eu\/\"><img loading=\"lazy\" decoding=\"async\" class=\"alignnone wp-image-5749\" src=\"https:\/\/www.fbycc.org\/wp-content\/uploads\/2025\/08\/WEB_Proyectos-2-150x150.png\" alt=\"\" width=\"200\" height=\"200\" srcset=\"https:\/\/www.fbycc.org\/wp-content\/uploads\/2025\/08\/WEB_Proyectos-2-150x150.png 150w, https:\/\/www.fbycc.org\/wp-content\/uploads\/2025\/08\/WEB_Proyectos-2-300x300.png 300w, https:\/\/www.fbycc.org\/wp-content\/uploads\/2025\/08\/WEB_Proyectos-2-50x50.png 50w, https:\/\/www.fbycc.org\/wp-content\/uploads\/2025\/08\/WEB_Proyectos-2-250x250.png 250w, https:\/\/www.fbycc.org\/wp-content\/uploads\/2025\/08\/WEB_Proyectos-2.png 500w\" sizes=\"auto, (max-width: 200px) 100vw, 200px\" \/><\/a><\/span><\/td>\n<td style=\"width: 69.702%; height: 28px;\">\n<p style=\"text-align: justify;\"><span style=\"font-size: 10pt;\">El proyecto <strong>LIFE Adapt Aleppo<\/strong><i>\u00a0<\/i>es un proyecto realizado en Espa\u00f1a, cuyo<\/span><span style=\"font-size: 10pt; font-family: inherit;\"> principal objetivo es el desarrollo de nuevas herramientas para la adaptaci\u00f3n de los bosques ib\u00e9ricos de pino carrasco al cambio clim\u00e1tico, as\u00ed como su aplicaci\u00f3n demostrativa. Estas herramientas se enfocan en la detecci\u00f3n temprana de los procesos de decaimiento y en la mejora de la resiliencia de este ecosistema mediante el aumento de su vigor, su capacidad de adaptaci\u00f3n a la aridificaci\u00f3n clim\u00e1tica y la capacidad de recuperar sus funciones tras las perturbaciones naturales.<\/span><\/p>\n<p style=\"text-align: right;\"><span style=\"font-size: 10pt;\"><a class=\"tx-button\" href=\"https:\/\/www.fbycc.org\/index.php\/proyectos-de-interes-proyecto-life-adapt-aleppo\/\" target=\"_blank\" style=\"color: #ffffff; background-color: #669900\">Conoce m\u00e1s sobre el proyecto...<\/a><\/span><\/p>\n<\/td>\n<\/tr>\n<tr style=\"height: 135px;\">\n<td style=\"width: 30.298%; height: 135px;\"><a href=\"https:\/\/www.soriaforestadapt.es\/es\"><img loading=\"lazy\" decoding=\"async\" class=\"aligncenter wp-image-5739\" src=\"https:\/\/www.fbycc.org\/wp-content\/uploads\/2025\/08\/WEB_Proyectos-150x150.png\" alt=\"\" width=\"200\" height=\"200\" srcset=\"https:\/\/www.fbycc.org\/wp-content\/uploads\/2025\/08\/WEB_Proyectos-150x150.png 150w, https:\/\/www.fbycc.org\/wp-content\/uploads\/2025\/08\/WEB_Proyectos-300x300.png 300w, https:\/\/www.fbycc.org\/wp-content\/uploads\/2025\/08\/WEB_Proyectos-50x50.png 50w, https:\/\/www.fbycc.org\/wp-content\/uploads\/2025\/08\/WEB_Proyectos-250x250.png 250w, https:\/\/www.fbycc.org\/wp-content\/uploads\/2025\/08\/WEB_Proyectos.png 500w\" sizes=\"auto, (max-width: 200px) 100vw, 200px\" \/><\/a><\/td>\n<td style=\"width: 69.702%; height: 135px; text-align: justify;\"><span style=\"font-size: 10pt;\">El proyecto <strong>LIFE Soria ForestAdapt<\/strong> trabaja para potenciar la resiliencia de los bosques del sur de Europa frente al cambio clim\u00e1tico, integrando medidas adaptativas en los planes de gesti\u00f3n forestal p\u00fablicos y privados. Se ha elaborado un Referente T\u00e9cnico de Ordenaci\u00f3n y Selvicultura que gu\u00eda la incorporaci\u00f3n progresiva de estas medidas en alrededor de 200.000 hect\u00e1reas de bosques p\u00fablicos y terrenos agr\u00edcolas privados en la provincia de Soria. Con un presupuesto de 1,5 millones de euros y un periodo de ejecuci\u00f3n de cuatro a\u00f1os, esta iniciativa liderada por Fundaci\u00f3n Global Nature y un amplio consorcio ha buscado extender su modelo de gesti\u00f3n sostenible primero a Castilla y Le\u00f3n y posteriormente al resto de Espa\u00f1a y el sur de Europa.<\/span><\/p>\n<p style=\"text-align: right;\"><span style=\"font-size: 10pt;\"><a class=\"tx-button\" href=\"https:\/\/www.fbycc.org\/index.php\/proyectos-de-interes-proyecto-life-soria-forest-adapt\/\" target=\"_blank\" style=\"color: #ffffff; background-color: #669900\">Conoce m\u00e1s sobre el proyecto...<\/a><\/span><\/p>\n<\/td>\n<\/tr>\n<tr style=\"height: 252px;\">\n<td style=\"width: 30.298%; height: 252px;\"><img loading=\"lazy\" decoding=\"async\" class=\"wp-image-5878 aligncenter\" src=\"https:\/\/www.fbycc.org\/wp-content\/uploads\/2025\/08\/WEB_Proyectos-5.png\" alt=\"\" width=\"200\" height=\"200\" srcset=\"https:\/\/www.fbycc.org\/wp-content\/uploads\/2025\/08\/WEB_Proyectos-5.png 500w, https:\/\/www.fbycc.org\/wp-content\/uploads\/2025\/08\/WEB_Proyectos-5-300x300.png 300w, https:\/\/www.fbycc.org\/wp-content\/uploads\/2025\/08\/WEB_Proyectos-5-150x150.png 150w, https:\/\/www.fbycc.org\/wp-content\/uploads\/2025\/08\/WEB_Proyectos-5-50x50.png 50w, https:\/\/www.fbycc.org\/wp-content\/uploads\/2025\/08\/WEB_Proyectos-5-250x250.png 250w\" sizes=\"auto, (max-width: 200px) 100vw, 200px\" \/><\/td>\n<td style=\"width: 69.702%; text-align: justify; height: 252px;\"><span style=\"font-size: 10pt;\">El proyecto <strong>LIFE FOREST CO2 <\/strong>tiene como objetivo actuar como intermediario para incentivar la participaci\u00f3n en iniciativas de compensaci\u00f3n de emisiones en el Mercado Voluntario de Carbono tanto de los agentes de los sectores difusos, que demandan cr\u00e9ditos o certificaciones de absorci\u00f3n de CO2 para lograr la neutralidad de emisiones, y simult\u00e1neamente, con particulares privados para el desarrollo de proyectos forestales. En definitiva, se persigue involucrar a ambas partes en la mitigaci\u00f3n del cambio clim\u00e1tico, incentivando el desarrollo de actuaciones de mitigaci\u00f3n voluntarias.<\/span><\/p>\n<p style=\"text-align: right;\"><span style=\"font-size: 10pt;\"><a class=\"tx-button\" href=\"https:\/\/www.fbycc.org\/index.php\/proyectos-de-interes-proyecto-lifeforestco2\/\" target=\"_blank\" style=\"color: #ffffff; background-color: #669900\">Conoce m\u00e1s sobre el proyecto...<\/a><\/span><\/p>\n<\/td>\n<\/tr>\n<\/tbody>\n<\/table>\n<p>&nbsp;<\/p>\n","protected":false},"excerpt":{"rendered":"<p>Impulsamos la difusi\u00f3n de proyectos e iniciativas que fortalecen la actividad forestal, la acci\u00f3n clim\u00e1tica y la conservaci\u00f3n de la biodiversidad. Nuestro objetivo es destacar aquellas acciones que, por su enfoque, impacto<a class=\"moretag\" href=\"https:\/\/www.fbycc.org\/index.php\/proyectos-de-interes\/\">Leer m\u00e1s&#8230;<\/a><\/p>\n","protected":false},"author":5,"featured_media":0,"parent":0,"menu_order":0,"comment_status":"closed","ping_status":"closed","template":"","meta":{"_monsterinsights_skip_tracking":false,"_monsterinsights_sitenote_active":false,"_monsterinsights_sitenote_note":"","_monsterinsights_sitenote_category":0,"footnotes":""},"class_list":["post-5730","page","type-page","status-publish","hentry"],"_links":{"self":[{"href":"https:\/\/www.fbycc.org\/index.php\/wp-json\/wp\/v2\/pages\/5730","targetHints":{"allow":["GET"]}}],"collection":[{"href":"https:\/\/www.fbycc.org\/index.php\/wp-json\/wp\/v2\/pages"}],"about":[{"href":"https:\/\/www.fbycc.org\/index.php\/wp-json\/wp\/v2\/types\/page"}],"author":[{"embeddable":true,"href":"https:\/\/www.fbycc.org\/index.php\/wp-json\/wp\/v2\/users\/5"}],"replies":[{"embeddable":true,"href":"https:\/\/www.fbycc.org\/index.php\/wp-json\/wp\/v2\/comments?post=5730"}],"version-history":[{"count":36,"href":"https:\/\/www.fbycc.org\/index.php\/wp-json\/wp\/v2\/pages\/5730\/revisions"}],"predecessor-version":[{"id":6046,"href":"https:\/\/www.fbycc.org\/index.php\/wp-json\/wp\/v2\/pages\/5730\/revisions\/6046"}],"wp:attachment":[{"href":"https:\/\/www.fbycc.org\/index.php\/wp-json\/wp\/v2\/media?parent=5730"}],"curies":[{"name":"wp","href":"https:\/\/api.w.org\/{rel}","templated":true}]}}

Proyectos de interés

<p data-start="151" data-end="405">Impulsamos la difusión de proyectos e iniciativas que fortalecen la actividad forestal, la acción climática y la conservación de la biodiversidad.</p>
<p data-start="407" data-end="576">Nuestro objetivo es destacar aquellas acciones que, por su enfoque, impacto o innovación, merecen ser conocidas, compartidas y tenidas en cuenta para futuras soluciones.</p>
<table style="border-collapse: collapse; width: 100%; height: 746px;">
<tbody>
<tr>
<td style="width: 30.298%; text-align: center;"><span style="font-size: 10pt;"><a href="https://eco2for.com/"><img loading="lazy" decoding="async" class="alignnone wp-image-5758" src="https://www.fbycc.org/wp-content/uploads/2025/08/WEB_Proyectos-4-300x300.png" alt="" width="200" height="200" srcset="https://www.fbycc.org/wp-content/uploads/2025/08/WEB_Proyectos-4-300x300.png 300w, https://www.fbycc.org/wp-content/uploads/2025/08/WEB_Proyectos-4-150x150.png 150w, https://www.fbycc.org/wp-content/uploads/2025/08/WEB_Proyectos-4-50x50.png 50w, https://www.fbycc.org/wp-content/uploads/2025/08/WEB_Proyectos-4-250x250.png 250w, https://www.fbycc.org/wp-content/uploads/2025/08/WEB_Proyectos-4.png 500w" sizes="auto, (max-width: 200px) 100vw, 200px" /></a></span></td>
<td style="width: 69.702%;">
<p style="text-align: justify;"><span style="font-size: 10pt;">El proyecto <strong>eco2for</strong>, coordinado por el Foro de Bosques y Cambio Climático, junto a Cesefor, CETEMAS, el INIA, y las universidades de Valladolid y Salamanca, surge con el propósito de mejorar la gestión de los sumideros de carbono forestales como solución tangible en la lucha contra el cambio climático. El proyecto cuenta con diversas acciones clave que impulsan su labor, como: la creación de nuevas metodologías para mejorar la productividad forestal, el desarrollo de herramientas digitales de monitoreo y cálculo, y la implementación de proyectos piloto que validan estas innovaciones en regiones específicas como Asturias y Castilla y León.</span></p>
<p style="text-align: right;"><span style="font-size: 10pt;"><a class="tx-button" href="https://www.fbycc.org/index.php/proyectos-de-interes-proyecto-eco2for/" target="_blank" style="color: #ffffff; background-color: #669900">Conoce más sobre el proyecto...</a></span></p>
</td>
</tr>
<tr style="height: 28px;">
<td style="width: 30.298%; height: 28px; text-align: center;"><span style="font-size: 10pt;"><a href="https://adaptaleppo.eu/"><img loading="lazy" decoding="async" class="alignnone wp-image-5749" src="https://www.fbycc.org/wp-content/uploads/2025/08/WEB_Proyectos-2-150x150.png" alt="" width="200" height="200" srcset="https://www.fbycc.org/wp-content/uploads/2025/08/WEB_Proyectos-2-150x150.png 150w, https://www.fbycc.org/wp-content/uploads/2025/08/WEB_Proyectos-2-300x300.png 300w, https://www.fbycc.org/wp-content/uploads/2025/08/WEB_Proyectos-2-50x50.png 50w, https://www.fbycc.org/wp-content/uploads/2025/08/WEB_Proyectos-2-250x250.png 250w, https://www.fbycc.org/wp-content/uploads/2025/08/WEB_Proyectos-2.png 500w" sizes="auto, (max-width: 200px) 100vw, 200px" /></a></span></td>
<td style="width: 69.702%; height: 28px;">
<p style="text-align: justify;"><span style="font-size: 10pt;">El proyecto <strong>LIFE Adapt Aleppo</strong><i> </i>es un proyecto realizado en España, cuyo</span><span style="font-size: 10pt; font-family: inherit;"> principal objetivo es el desarrollo de nuevas herramientas para la adaptación de los bosques ibéricos de pino carrasco al cambio climático, así como su aplicación demostrativa. Estas herramientas se enfocan en la detección temprana de los procesos de decaimiento y en la mejora de la resiliencia de este ecosistema mediante el aumento de su vigor, su capacidad de adaptación a la aridificación climática y la capacidad de recuperar sus funciones tras las perturbaciones naturales.</span></p>
<p style="text-align: right;"><span style="font-size: 10pt;"><a class="tx-button" href="https://www.fbycc.org/index.php/proyectos-de-interes-proyecto-life-adapt-aleppo/" target="_blank" style="color: #ffffff; background-color: #669900">Conoce más sobre el proyecto...</a></span></p>
</td>
</tr>
<tr style="height: 135px;">
<td style="width: 30.298%; height: 135px;"><a href="https://www.soriaforestadapt.es/es"><img loading="lazy" decoding="async" class="aligncenter wp-image-5739" src="https://www.fbycc.org/wp-content/uploads/2025/08/WEB_Proyectos-150x150.png" alt="" width="200" height="200" srcset="https://www.fbycc.org/wp-content/uploads/2025/08/WEB_Proyectos-150x150.png 150w, https://www.fbycc.org/wp-content/uploads/2025/08/WEB_Proyectos-300x300.png 300w, https://www.fbycc.org/wp-content/uploads/2025/08/WEB_Proyectos-50x50.png 50w, https://www.fbycc.org/wp-content/uploads/2025/08/WEB_Proyectos-250x250.png 250w, https://www.fbycc.org/wp-content/uploads/2025/08/WEB_Proyectos.png 500w" sizes="auto, (max-width: 200px) 100vw, 200px" /></a></td>
<td style="width: 69.702%; height: 135px; text-align: justify;"><span style="font-size: 10pt;">El proyecto <strong>LIFE Soria ForestAdapt</strong> trabaja para potenciar la resiliencia de los bosques del sur de Europa frente al cambio climático, integrando medidas adaptativas en los planes de gestión forestal públicos y privados. Se ha elaborado un Referente Técnico de Ordenación y Selvicultura que guía la incorporación progresiva de estas medidas en alrededor de 200.000 hectáreas de bosques públicos y terrenos agrícolas privados en la provincia de Soria. Con un presupuesto de 1,5 millones de euros y un periodo de ejecución de cuatro años, esta iniciativa liderada por Fundación Global Nature y un amplio consorcio ha buscado extender su modelo de gestión sostenible primero a Castilla y León y posteriormente al resto de España y el sur de Europa.</span></p>
<p style="text-align: right;"><span style="font-size: 10pt;"><a class="tx-button" href="https://www.fbycc.org/index.php/proyectos-de-interes-proyecto-life-soria-forest-adapt/" target="_blank" style="color: #ffffff; background-color: #669900">Conoce más sobre el proyecto...</a></span></p>
</td>
</tr>
<tr style="height: 252px;">
<td style="width: 30.298%; height: 252px;"><img loading="lazy" decoding="async" class="wp-image-5878 aligncenter" src="https://www.fbycc.org/wp-content/uploads/2025/08/WEB_Proyectos-5.png" alt="" width="200" height="200" srcset="https://www.fbycc.org/wp-content/uploads/2025/08/WEB_Proyectos-5.png 500w, https://www.fbycc.org/wp-content/uploads/2025/08/WEB_Proyectos-5-300x300.png 300w, https://www.fbycc.org/wp-content/uploads/2025/08/WEB_Proyectos-5-150x150.png 150w, https://www.fbycc.org/wp-content/uploads/2025/08/WEB_Proyectos-5-50x50.png 50w, https://www.fbycc.org/wp-content/uploads/2025/08/WEB_Proyectos-5-250x250.png 250w" sizes="auto, (max-width: 200px) 100vw, 200px" /></td>
<td style="width: 69.702%; text-align: justify; height: 252px;"><span style="font-size: 10pt;">El proyecto <strong>LIFE FOREST CO2 </strong>tiene como objetivo actuar como intermediario para incentivar la participación en iniciativas de compensación de emisiones en el Mercado Voluntario de Carbono tanto de los agentes de los sectores difusos, que demandan créditos o certificaciones de absorción de CO2 para lograr la neutralidad de emisiones, y simultáneamente, con particulares privados para el desarrollo de proyectos forestales. En definitiva, se persigue involucrar a ambas partes en la mitigación del cambio climático, incentivando el desarrollo de actuaciones de mitigación voluntarias.</span></p>
<p style="text-align: right;"><span style="font-size: 10pt;"><a class="tx-button" href="https://www.fbycc.org/index.php/proyectos-de-interes-proyecto-lifeforestco2/" target="_blank" style="color: #ffffff; background-color: #669900">Conoce más sobre el proyecto...</a></span></p>
</td>
</tr>
</tbody>
</table>
<p>&nbsp;</p>

<p>Impulsamos la difusión de proyectos e iniciativas que fortalecen la actividad forestal, la acción climática y la conservación de la biodiversidad. Nuestro objetivo es destacar aquellas acciones que, por su enfoque, impacto<a class="moretag" href="https://www.fbycc.org/index.php/proyectos-de-interes/">Leer más&#8230;</a></p>
