{"id":4489,"date":"2024-05-23T09:05:27","date_gmt":"2024-05-23T09:05:27","guid":{"rendered":"https:\/\/www.fbycc.org\/?page_id=4489"},"modified":"2024-09-27T08:50:41","modified_gmt":"2024-09-27T08:50:41","slug":"jornada-31-de-mayo-entidades-selvicolas-de-colaboracion-esc","status":"publish","type":"page","link":"https:\/\/www.fbycc.org\/index.php\/jornadas\/jornada-31-de-mayo-entidades-selvicolas-de-colaboracion-esc\/","title":{"rendered":"Jornada 31 de mayo.   &#8216;ENTIDADES SELV\u00cdCOLAS DE COLABORACI\u00d3N (ESC)&#8217;"},"content":{"rendered":"<p>&nbsp;<\/p>\n<p style=\"text-align: center;\"><span style=\"font-size: 14pt;\"><strong>VIERNES 31 MAYO<\/strong><\/span><\/p>\n<p style=\"text-align: center;\"><span style=\"font-size: 28pt;\"><strong>JORNADA ENTIDADES SELV\u00cdCOLAS DE COLABORACI\u00d3N (ESC)<\/strong><\/span><br \/>\n<span style=\"font-size: 20pt;\"><strong>Una ventana de oportunidad para el sector forestal espa\u00f1ol<\/strong><\/span><\/p>\n<div class=\"tx-spacer clearfix\" style=\"height: 30px\"><\/div>\n<p><img loading=\"lazy\" decoding=\"async\" class=\" wp-image-4502 alignleft\" src=\"https:\/\/www.fbycc.org\/wp-content\/uploads\/2024\/05\/Diseno-sin-titulo-1.png\" alt=\"\" width=\"421\" height=\"405\" srcset=\"https:\/\/www.fbycc.org\/wp-content\/uploads\/2024\/05\/Diseno-sin-titulo-1.png 1414w, https:\/\/www.fbycc.org\/wp-content\/uploads\/2024\/05\/Diseno-sin-titulo-1-300x289.png 300w, https:\/\/www.fbycc.org\/wp-content\/uploads\/2024\/05\/Diseno-sin-titulo-1-1024x985.png 1024w, https:\/\/www.fbycc.org\/wp-content\/uploads\/2024\/05\/Diseno-sin-titulo-1-768x739.png 768w\" sizes=\"auto, (max-width: 421px) 100vw, 421px\" \/><\/p>\n<p style=\"text-align: justify;\"><span style=\"font-size: 14pt;\">El pr\u00f3ximo <strong>viernes, 31 de mayo<\/strong>, se celebrar\u00e1 en el sal\u00f3n de actos del Colegio Oficial de Aparejadores y Arquitectos T\u00e9cnicos de Madrid (COAATM) la <span style=\"color: #8aaa62;\"><strong><span style=\"color: #000000;\">jornada<\/span> \u201cEntidades Selv\u00edcolas de Colaboraci\u00f3n (ESC): Una ventana de oportunidad para el sector forestal espa\u00f1ol\u201d<\/strong><\/span>. Este evento, organizado por la <a href=\"https:\/\/fundaciongomez-pintado.com\/\">Fundaci\u00f3n G\u00f3mez-Pintado<\/a> y el <a href=\"https:\/\/www.fbycc.org\/\">Foro de Bosques y Cambio Clim\u00e1tico<\/a>, tiene como objetivo principal <em>dar a conocer en detalle la figura de las Entidades Selv\u00edcolas de Colaboraci\u00f3n (ESC), una innovadora propuesta de colaboraci\u00f3n p\u00fablico-privada destinada a fortalecer el sector forestal en Espa\u00f1a<\/em>.<\/span><\/p>\n<p style=\"text-align: justify;\"><span style=\"font-size: 14pt;\">Durante la jornada, se abordar\u00e1n varios aspectos clave sobre las ESC, incluyendo su origen y justificaci\u00f3n, el desarrollo legal de estas entidades, su \u00e1mbito de actuaci\u00f3n y la analog\u00eda con las Entidades Colaboradoras Urban\u00edsticas (ECUs). Adem\u00e1s, se presentar\u00e1 un caso pr\u00e1ctico sobre las ventajas del trabajo colaborativo de las ECUs con el Ayuntamiento de Madrid, ilustrando c\u00f3mo este modelo puede ser aplicado y beneficiarse de experiencias similares.<\/span><\/p>\n<p style=\"text-align: justify;\"><strong><span style=\"font-size: 14pt;\">Publicaci\u00f3n de la Ley 4\/2024<\/span><\/strong><br \/>\n<span style=\"font-size: 14pt;\">Para mayor contexto y referencia, remitimos el enlace a la <a href=\"https:\/\/bocyl.jcyl.es\/html\/2024\/05\/14\/html\/BOCYL-D-14052024-1.do\">web del BOCyL<\/a> de Castilla y Le\u00f3n (CyL), con la publicaci\u00f3n de la Ley 4\/2024, de Medidas financieras, por la que se ha modificado la Ley 3\/2009, de Montes de CyL, para incorporar en su art\u00edculo 103 bis las <em>Entidades Selv\u00edcolas de Colaboraci\u00f3n<\/em>.<\/span><\/p>\n<p><strong><span style=\"font-size: 14pt;\"><a href=\"https:\/\/bocyl.jcyl.es\/boletines\/2024\/05\/14\/pdf\/BOCYL-D-14052024-1.pdf\">BOCYL N\u00fam. 92 Martes, 14 de mayo de 2024<\/a><\/span><\/strong><br \/>\n<span style=\"font-size: 10pt;\">\u00ab Art\u00edculo 103 bis. Entidades Selv\u00edcolas de Colaboraci\u00f3n. (p\u00e1g.50) \u00bb<\/span><\/p>\n<p>&nbsp;<\/p>\n<p style=\"text-align: center;\"><span style=\"color: #000000; font-size: 18pt;\"><strong>Asistencia gratuita previa inscripci\u00f3n<\/strong><\/span><\/p>\n<p style=\"padding-left: 40px; text-align: justify;\"><span style=\"font-size: 14pt;\"><strong><span style=\"color: #669900;\">Perfil de los asistentes:<\/span><\/strong> Est\u00e1 dirigida a profesionales y entidades del sector forestal, administraciones p\u00fablicas, empresas, universidades y centros de investigaci\u00f3n, as\u00ed como a cualquier persona interesada en la gesti\u00f3n forestal sostenible y la colaboraci\u00f3n p\u00fablico-privada.<\/span><\/p>\n<p style=\"padding-left: 40px;\"><span style=\"font-size: 14pt;\"><strong><span style=\"color: #669900;\">Lugar de celebraci\u00f3n: <span style=\"color: #000000;\">Auditorio del Colegio Oficial de Aparejadores y Arquitectos T\u00e9cnicos de Madrid (COAATM)<\/span><\/span><\/strong><span style=\"color: #000000;\">,<br \/>\n<a href=\"https:\/\/maps.app.goo.gl\/o6Hes3NAYUNtqxu46\">C. del Maestro Victoria, 3, Madrid<\/a>.<\/span><\/span><\/p>\n<p style=\"padding-left: 40px; text-align: left;\"><span style=\"font-size: 14pt;\"><strong><span style=\"color: #669900;\">Fecha:<\/span> <span style=\"color: #000000;\">Viernes, 31 de mayo de 2024<\/span><\/strong><\/span><\/p>\n<p style=\"padding-left: 40px; text-align: left;\"><span style=\"font-size: 14pt;\"><strong><span style=\"color: #669900;\">Horario:<\/span><\/strong> <span style=\"color: #000000;\"><strong>10:00h-12:40h<\/strong><\/span><\/span><\/p>\n<p style=\"text-align: left;\"><div class=\"tx-spacer clearfix\" style=\"height: 60px\"><\/div>\n<p><strong><span style=\"font-size: 14pt;\"><div class=\"tx-heading\" style=\"margin-bottom:24px; text-align: left;\"><h2 class=\"tx-heading-tag\" style=\"font-size:24px;\">PROGRAMA y GRABACIONES<\/h2><\/div><\/span><\/strong><\/p>\n<div class=\"tx-spacer clearfix\" style=\"height: 14px\"><\/div>\n<p><span style=\"color: #669900; font-size: 14pt;\"><strong>09:40 &#8211; 09:55<\/strong><strong>h | <span style=\"color: #000000;\">Recepci\u00f3n de asistentes<\/span><\/strong><\/span><\/p>\n<div class=\"tx-spacer clearfix\" style=\"height: 14px\"><\/div>\n<p><span style=\"color: #669900; font-size: 14pt;\"><strong><span style=\"color: #669900;\">10:00 &#8211; 10:20h | <\/span><span style=\"color: #000000;\">Bienvenida y presentaci\u00f3n de la jornada<\/span><\/strong><\/span><\/p>\n<ul>\n<li style=\"list-style-type: none;\">\n<ul style=\"list-style-type: circle;\">\n<li><span style=\"font-size: 14pt;\">Jes\u00fas Pa\u00f1os Arroyo<\/span> <span style=\"font-size: 10pt;\">(Presidente del Colegio Oficial de Aparejadores y Arquitectos T\u00e9cnicos de Madrid -COAATM-)<\/span><\/li>\n<li><span style=\"font-size: 14pt;\">Juan Antonio G\u00f3mez-Pintado<\/span> <span style=\"font-size: 10pt;\">(Presidente de la Fundaci\u00f3n G\u00f3mez-Pintado)<\/span><\/li>\n<li><span style=\"font-size: 14pt;\">Germ\u00e1n Glar\u00eda Galcer\u00e1n <span style=\"font-size: 10pt;\">(Presidente del Foro de Bosques y Cambio Clim\u00e1tico) <\/span><\/span><\/li>\n<\/ul>\n<\/li>\n<\/ul>\n<p style=\"text-align: center\"><div class=\"tx-youtube-outerwarp\" style=\"width: 750px\"><div class=\"tx-youtube-warp\" style=\"\"><iframe src=\"https:\/\/www.youtube.com\/embed\/1RTKa63EMuY?controls=1&amp;showinfo=0&amp;rel=0&amp;autoplay=0\" frameborder=\"0\" allow=\"autoplay\" allowfullscreen><\/iframe><\/div><\/div>\n<div class=\"tx-spacer clearfix\" style=\"height: 60px\"><\/div>\n<p><span style=\"color: #669900; font-size: 14pt;\"><strong><span style=\"color: #000000;\"><span style=\"color: #669900;\">10:20 &#8211; 10:40h |<\/span> Presentaci\u00f3n del informe: Impactos socioecon\u00f3micos y ambientales de la figura de colaboraci\u00f3n<br \/>\np\u00fablico-privada Entidad Selv\u00edcola de Colaboraci\u00f3n en Castilla y Le\u00f3n, y Castilla-La Mancha<\/span><\/strong><\/span><\/p>\n<ul>\n<li style=\"list-style-type: none;\">\n<ul style=\"list-style-type: circle;\">\n<li><span style=\"font-size: 14pt;\">Ana Rodr\u00edguez-Olalla<\/span> <span style=\"font-size: 10pt;\">(Consultora Sostenibilidad, Cambio Clim\u00e1tico y Finanzas Sostenibles. Analistas Financieros Internacionales -AFI-)<\/span><\/li>\n<\/ul>\n<\/li>\n<\/ul>\n<p style=\"text-align: center; padding-left: 40px;\"><div class=\"tx-youtube-outerwarp\" style=\"width: 800px\"><div class=\"tx-youtube-warp\" style=\"\"><iframe src=\"https:\/\/www.youtube.com\/embed\/GvvgHLuLb_4?controls=1&amp;showinfo=0&amp;rel=0&amp;autoplay=0\" frameborder=\"0\" allow=\"autoplay\" allowfullscreen><\/iframe><\/div><\/div>\n<div class=\"tx-spacer clearfix\" style=\"height: 60px\"><\/div>\n<p><strong><span style=\"font-size: 14pt;\"><span style=\"color: #669900;\">10:40 &#8211; 11:00h |<\/span>\u00a0<span style=\"color: #000000;\">Viabilidad legal nacional y auton\u00f3mica de la Entidad Selv\u00edcola de Colaboraci\u00f3n<\/span><\/span><\/strong><span style=\"color: #000000;\"><strong><span style=\"font-size: 14pt;\"><span style=\"font-size: 12pt;\"><br \/>\n<\/span><\/span><\/strong><\/span><\/p>\n<ul>\n<li style=\"list-style-type: none;\">\n<ul style=\"list-style-type: circle;\">\n<li><span style=\"font-size: 14pt;\">Jes\u00fas Andr\u00e9s Sedano Lorenzo <span style=\"font-size: 10pt;\">(Especialista en Medio Ambiente y Desarrollo Sostenible. Despacho de abogados Ur\u00eda Men\u00e9ndez)<br \/>\n<\/span><\/span><\/li>\n<\/ul>\n<\/li>\n<\/ul>\n<p style=\"text-align: center; padding-left: 40px;\"><div class=\"tx-youtube-outerwarp\" style=\"width: 800px\"><div class=\"tx-youtube-warp\" style=\"\"><iframe src=\"https:\/\/www.youtube.com\/embed\/1iIaeZBxBB8?controls=1&amp;showinfo=0&amp;rel=0&amp;autoplay=0\" frameborder=\"0\" allow=\"autoplay\" allowfullscreen><\/iframe><\/div><\/div>\n<div class=\"tx-spacer clearfix\" style=\"height: 60px\"><\/div>\n<p><strong><span style=\"font-size: 14pt;\"><span style=\"color: #669900;\">11:00 &#8211; 11:20h |<\/span>\u00a0<span style=\"color: #000000;\">\u00c1mbitos y actividades de los procedimientos administrativos, en los que la Entidad Selv\u00edcola de<br \/>\nColaboraci\u00f3n (ESC) podr\u00eda hacer aportaciones<\/span><\/span><\/strong><span style=\"font-size: 14pt;\"><span style=\"font-size: 11pt;\"><br \/>\n<\/span><\/span><\/p>\n<ul>\n<li style=\"list-style-type: none;\">\n<ul style=\"list-style-type: circle;\">\n<li><span style=\"font-size: 14pt;\">Juan Picos <span style=\"font-size: 10pt;\">(Director de la Escuela de Ingenier\u00eda Forestal de Pontevedra)<\/span><\/span><\/li>\n<\/ul>\n<\/li>\n<\/ul>\n<p style=\"text-align: center; padding-left: 40px;\"><div class=\"tx-youtube-outerwarp\" style=\"width: 800px\"><div class=\"tx-youtube-warp\" style=\"\"><iframe src=\"https:\/\/www.youtube.com\/embed\/SkFV6TrkFmo?controls=1&amp;showinfo=0&amp;rel=0&amp;autoplay=0\" frameborder=\"0\" allow=\"autoplay\" allowfullscreen><\/iframe><\/div><\/div>\n<div class=\"tx-spacer clearfix\" style=\"height: 60px\"><\/div>\n<p><strong><span style=\"font-size: 14pt;\"><span style=\"color: #669900;\">11:20 &#8211; 11:40h |<\/span>\u00a0<span style=\"color: #000000;\">\u00bfQu\u00e9 es una Entidad de Colaboraci\u00f3n Urban\u00edstica -ECU-?. Competencias y trabajo colaborativo con<br \/>\nla administraci\u00f3n p\u00fablica<\/span><\/span><\/strong><\/p>\n<ul>\n<li style=\"list-style-type: none;\">\n<ul style=\"list-style-type: circle;\">\n<li><span style=\"font-size: 14pt;\">Bel\u00e9n Velasco Sard\u00f3n<span style=\"font-size: 10pt;\"> (Directora t\u00e9cnica de Sociedad T\u00e9cnica de Tramitaci\u00f3n &#8211; STT Madrid-. ECU del Colegio Oficial de Aparejadores y Arquitectos T\u00e9cnicos de Madrid)<\/span><\/span><\/li>\n<\/ul>\n<\/li>\n<\/ul>\n<p style=\"text-align: center; padding-left: 40px;\"><div class=\"tx-youtube-outerwarp\" style=\"width: 800px\"><div class=\"tx-youtube-warp\" style=\"\"><iframe src=\"https:\/\/www.youtube.com\/embed\/mh02D-WSzPk?controls=1&amp;showinfo=0&amp;rel=0&amp;autoplay=0\" frameborder=\"0\" allow=\"autoplay\" allowfullscreen><\/iframe><\/div><\/div>\n<div class=\"tx-spacer clearfix\" style=\"height: 60px\"><\/div>\n<p><strong><span style=\"font-size: 14pt;\"><span style=\"color: #669900;\">11:40 &#8211; 12:00h |<\/span>\u00a0<span style=\"color: #000000;\">\u00bfC\u00f3mo trabaja la administraci\u00f3n p\u00fablica con las ECUs?. Ventajas y procedimientos regulados entre<br \/>\nlas ECUs y el Ayuntamiento de Madrid<\/span><\/span><\/strong><\/p>\n<ul>\n<li style=\"list-style-type: none;\">\n<ul style=\"list-style-type: circle;\">\n<li><span style=\"font-size: 14pt;\"><span style=\"font-size: 11pt;\"><span style=\"font-size: 14pt;\">Jos\u00e9 Mar\u00eda Ortega Ant\u00f3n<\/span> <span style=\"font-size: 10pt;\">(Coordinador General de la Gerencia Municipal de Urbanismo del Ayuntamiento de Madrid)<\/span><br \/>\n<\/span><\/span><\/li>\n<\/ul>\n<\/li>\n<\/ul>\n<p style=\"text-align: center; padding-left: 40px;\"><div class=\"tx-youtube-outerwarp\" style=\"width: 800px\"><div class=\"tx-youtube-warp\" style=\"\"><iframe src=\"https:\/\/www.youtube.com\/embed\/UKyFKR3eXfc?controls=1&amp;showinfo=0&amp;rel=0&amp;autoplay=0\" frameborder=\"0\" allow=\"autoplay\" allowfullscreen><\/iframe><\/div><\/div>\n<div class=\"tx-spacer clearfix\" style=\"height: 60px\"><\/div>\n<p><strong><span style=\"font-size: 14pt;\"><span style=\"color: #669900;\">12:00 &#8211; 12:35h |<\/span>\u00a0<span style=\"color: #000000;\">Ronda de preguntas a los ponentes<\/span><\/span><\/strong><span style=\"color: #000000;\"><strong><span style=\"font-size: 14pt;\"><span style=\"font-size: 12pt;\"><br \/>\n<\/span><\/span><\/strong><\/span><span style=\"font-size: 14pt;\"><span style=\"font-size: 11pt;\"><span style=\"color: #808080; font-size: 10pt;\"><span style=\"font-size: 11pt; color: #808080;\"><span style=\"color: #808080;\">\u00a0 \u00a0 \u00a0 \u00a0 \u00a0 <\/span><\/span><span style=\"color: #669900;\">Moderadores\u00a0 <\/span>\u00a0<\/span><span style=\"font-size: 14pt;\">\u00c1lvaro Picardo<\/span>\u00a0<span style=\"font-size: 10pt;\">(Secretario del Foro de Bosques y Cambio Clim\u00e1tico), y <span style=\"font-size: 14pt;\">Jos\u00e9 Luis Tom\u00e9<\/span> (Director Gerente de AGRESTA)<\/span><\/span><\/span><\/p>\n<p style=\"text-align: center; padding-left: 40px;\"><div class=\"tx-youtube-outerwarp\" style=\"width: 800px\"><div class=\"tx-youtube-warp\" style=\"\"><iframe src=\"https:\/\/www.youtube.com\/embed\/1fJNYUlmrDY?controls=1&amp;showinfo=0&amp;rel=0&amp;autoplay=0\" frameborder=\"0\" allow=\"autoplay\" allowfullscreen><\/iframe><\/div><\/div>\n<div class=\"tx-spacer clearfix\" style=\"height: 60px\"><\/div>\n<p><strong><span style=\"font-size: 14pt;\"><span style=\"color: #669900;\">12:35 &#8211; 12:40h |<\/span>\u00a0<span style=\"color: #000000;\">Conclusiones<\/span><\/span><\/strong><\/p>\n<ul>\n<li style=\"list-style-type: none;\"><\/li>\n<li><span style=\"font-size: 14pt;\"><span style=\"font-size: 11pt;\"><span style=\"font-size: 14pt;\">\u00c1lvaro Picardo<\/span>\u00a0<span style=\"font-size: 10pt;\">(Secretario del Foro de Bosques y Cambio Clim\u00e1tico)<\/span><\/span><\/span><\/li>\n<\/ul>\n<div class=\"tx-spacer clearfix\" style=\"height: 14px\"><\/div>\n<p><strong><span style=\"font-size: 14pt;\"><span style=\"color: #669900;\">12:40 &#8211; 13:30h |<\/span>\u00a0<span style=\"color: #000000;\">Vino espa\u00f1ol en la terraza del COAATM<\/span><\/span><\/strong><\/p>\n<p>&nbsp;<\/p>\n<p style=\"text-align: center;\"><a class=\"tx-button\" href=\"https:\/\/fundaciongomez-pintado.com\/wp-content\/uploads\/2024\/05\/Programa-fundacion.pdf\" target=\"_blank\" style=\"color: #ffffff; background-color: #8aaa62\">PROGRAMA<\/a>\n<p>&nbsp;<\/p>\n<p style=\"text-align: center;\"><span style=\"font-size: 11pt;\">Organizadores<\/span><\/p>\n<table style=\"border-collapse: collapse; width: 100%;\">\n<tbody>\n<tr>\n<td style=\"width: 50%; border-style: hidden; text-align: center;\"><img loading=\"lazy\" decoding=\"async\" class=\"alignnone wp-image-4215\" src=\"https:\/\/www.fbycc.org\/wp-content\/uploads\/2024\/03\/LOGO-1_Alargado.png\" alt=\"\" width=\"300\" height=\"108\" srcset=\"https:\/\/www.fbycc.org\/wp-content\/uploads\/2024\/03\/LOGO-1_Alargado.png 802w, https:\/\/www.fbycc.org\/wp-content\/uploads\/2024\/03\/LOGO-1_Alargado-300x108.png 300w, https:\/\/www.fbycc.org\/wp-content\/uploads\/2024\/03\/LOGO-1_Alargado-768x277.png 768w, https:\/\/www.fbycc.org\/wp-content\/uploads\/2024\/03\/LOGO-1_Alargado-800x289.png 800w\" sizes=\"auto, (max-width: 300px) 100vw, 300px\" \/><\/td>\n<td style=\"width: 50%; border-style: hidden; text-align: center;\"><img loading=\"lazy\" decoding=\"async\" class=\"alignnone wp-image-4492\" src=\"https:\/\/www.fbycc.org\/wp-content\/uploads\/2024\/05\/HgL_PvP-_400x400.jpg\" alt=\"\" width=\"350\" height=\"171\" srcset=\"https:\/\/www.fbycc.org\/wp-content\/uploads\/2024\/05\/HgL_PvP-_400x400.jpg 400w, https:\/\/www.fbycc.org\/wp-content\/uploads\/2024\/05\/HgL_PvP-_400x400-300x146.jpg 300w\" sizes=\"auto, (max-width: 350px) 100vw, 350px\" \/><\/td>\n<\/tr>\n<\/tbody>\n<\/table>\n<p>&nbsp;<\/p>\n","protected":false},"excerpt":{"rendered":"<p>&nbsp; VIERNES 31 MAYO JORNADA ENTIDADES SELV\u00cdCOLAS DE COLABORACI\u00d3N (ESC) Una ventana de oportunidad para el sector forestal espa\u00f1ol El pr\u00f3ximo viernes, 31 de mayo, se celebrar\u00e1 en el sal\u00f3n de actos<a class=\"moretag\" href=\"https:\/\/www.fbycc.org\/index.php\/jornadas\/jornada-31-de-mayo-entidades-selvicolas-de-colaboracion-esc\/\">Leer m\u00e1s&#8230;<\/a><\/p>\n","protected":false},"author":5,"featured_media":0,"parent":530,"menu_order":0,"comment_status":"closed","ping_status":"closed","template":"","meta":{"_monsterinsights_skip_tracking":false,"_monsterinsights_sitenote_active":false,"_monsterinsights_sitenote_note":"","_monsterinsights_sitenote_category":0,"footnotes":""},"class_list":["post-4489","page","type-page","status-publish","hentry"],"_links":{"self":[{"href":"https:\/\/www.fbycc.org\/index.php\/wp-json\/wp\/v2\/pages\/4489","targetHints":{"allow":["GET"]}}],"collection":[{"href":"https:\/\/www.fbycc.org\/index.php\/wp-json\/wp\/v2\/pages"}],"about":[{"href":"https:\/\/www.fbycc.org\/index.php\/wp-json\/wp\/v2\/types\/page"}],"author":[{"embeddable":true,"href":"https:\/\/www.fbycc.org\/index.php\/wp-json\/wp\/v2\/users\/5"}],"replies":[{"embeddable":true,"href":"https:\/\/www.fbycc.org\/index.php\/wp-json\/wp\/v2\/comments?post=4489"}],"version-history":[{"count":35,"href":"https:\/\/www.fbycc.org\/index.php\/wp-json\/wp\/v2\/pages\/4489\/revisions"}],"predecessor-version":[{"id":4993,"href":"https:\/\/www.fbycc.org\/index.php\/wp-json\/wp\/v2\/pages\/4489\/revisions\/4993"}],"up":[{"embeddable":true,"href":"https:\/\/www.fbycc.org\/index.php\/wp-json\/wp\/v2\/pages\/530"}],"wp:attachment":[{"href":"https:\/\/www.fbycc.org\/index.php\/wp-json\/wp\/v2\/media?parent=4489"}],"curies":[{"name":"wp","href":"https:\/\/api.w.org\/{rel}","templated":true}]}}