{"id":3659,"date":"2023-10-18T19:36:32","date_gmt":"2023-10-18T19:36:32","guid":{"rendered":"https:\/\/www.fbycc.org\/?page_id=3659"},"modified":"2023-12-16T11:13:40","modified_gmt":"2023-12-16T11:13:40","slug":"jornada-acuerdos-por-los-bosques-ibericos-un-reto-colectivo","status":"publish","type":"page","link":"https:\/\/www.fbycc.org\/index.php\/jornadas\/jornada-acuerdos-por-los-bosques-ibericos-un-reto-colectivo\/","title":{"rendered":"Jornada \u201cACUERDOS POR LOS BOSQUES IB\u00c9RICOS: UN RETO COLECTIVO\u201d"},"content":{"rendered":"<p>&nbsp;<\/p>\n<p style=\"text-align: center;\"><span style=\"text-decoration: underline; color: #000000;\"><span style=\"font-size: 14pt;\"><strong>JORNADA 24 DE OCTUBRE DE 2023<\/strong><\/span><\/span><\/p>\n<p style=\"text-align: center;\"><span style=\"color: #000000; font-size: 24pt;\"><strong><span style=\"color: #669900;\"><em>\u00abACUERDOS POR LOS BOSQUES IB\u00c9RICOS: UN RETO COLECTIVO\u00bb<\/em><\/span>\u00a0<\/strong><\/span><\/p>\n<p style=\"text-align: justify;\"><span style=\"font-size: 14pt;\">Desde el Foro de Bosques y Cambio Clim\u00e1tico, y de manera conjunta con Greenpeace-Espa\u00f1a, WWF-Espa\u00f1a y Ecologistas en Acci\u00f3n, organizamos esta jornada para presentar el documento titulado <em>&#8216;La singularidad de los bosques ib\u00e9ricos&#8217;.<\/em><\/span><\/p>\n<p style=\"text-align: justify;\"><span style=\"font-size: 14pt;\">Durante la jornada se resalt\u00f3 la importancia de la b\u00fasqueda de consensos y de acuerdos concretos a nivel nacional para impulsar la actividad forestal nacional y mejorar los bosques y el sector forestal, previniendo incendios forestales.<\/span><\/p>\n<p><span style=\"font-size: 14pt;\"><div class=\"tx-heading\" style=\"margin-bottom:24px; text-align: left;\"><h2 class=\"tx-heading-tag\" style=\"font-size:24px;\">VIDEO DE LA JORNADA<\/h2><\/div><\/span><\/p>\n<p style=\"text-align: center;\"><div class=\"tx-youtube-outerwarp\" style=\"width: 100%\"><div class=\"tx-youtube-warp\" style=\"\"><iframe src=\"https:\/\/www.youtube.com\/embed\/DVe4xkQGMqg?controls=1&amp;showinfo=0&amp;rel=0&amp;autoplay=0\" frameborder=\"0\" allow=\"autoplay\" allowfullscreen><\/iframe><\/div><\/div>\n<p>&nbsp;<\/p>\n<p><span style=\"font-size: 14pt;\"><div class=\"tx-heading\" style=\"margin-bottom:24px; text-align: left;\"><h2 class=\"tx-heading-tag\" style=\"font-size:24px;\">PROGRAMA<\/h2><\/div><\/span><\/p>\n<p style=\"padding-left: 40px;\"><span style=\"color: #669900; font-size: 14pt;\"><strong>11:00-11:05h <span style=\"color: #000000;\">P<span style=\"color: #333333;\">resentaci\u00f3n del acto<\/span><\/span><\/strong><\/span><\/p>\n<p style=\"padding-left: 40px;\"><span style=\"color: #333333; font-size: 14pt;\">Presenta y modera: Ismael Mu\u00f1oz Linares<\/span><\/p>\n<p style=\"padding-left: 40px;\"><span style=\"color: #669900; font-size: 14pt;\"><strong>11:05-11:20h <span style=\"color: #333333;\">Bienvenida<\/span><\/strong><\/span><\/p>\n<p style=\"padding-left: 40px;\"><span style=\"font-size: 14pt; color: #333333;\">Mar\u00eda Jes\u00fas Rodr\u00edguez de Sancho. Directora General de Biodiversidad, Bosques y Desertificaci\u00f3n de MITECO.<\/span><\/p>\n<p style=\"padding-left: 40px;\"><span style=\"color: #669900; font-size: 14pt;\"><strong>11:20-11:45h <span style=\"color: #333333;\">Presentaci\u00f3n de la <em>\u00ab<a href=\"https:\/\/www.fbycc.org\/wp-content\/uploads\/2023\/10\/Documento_Singularidad_Bosques_Ibericos.pdf\" target=\"_blank\" rel=\"noopener\">Declaraci\u00f3n sobre la singularidad de los bosques ib\u00e9ricos y otros terrenos forestales mediterr\u00e1neos<\/a>\u00ab<\/em><\/span><\/strong><\/span><\/p>\n<p style=\"padding-left: 40px;\"><span style=\"font-size: 14pt; color: #333333;\">Foro de Bosques y Cambio Clim\u00e1tico, y Greenpeace<\/span><\/p>\n<p style=\"padding-left: 40px;\"><span style=\"color: #669900; font-size: 14pt;\"><strong>11:45-12:25h<span style=\"color: #333333;\"> Exposici\u00f3n de casos de \u00e9xito <em>\u00abTrabajando por un objetivo com\u00fan: el futuro de nuestros montes y los territorios\u00bb<\/em><\/span><\/strong><\/span><\/p>\n<p style=\"padding-left: 80px;\"><span style=\"color: #333333;\"><span style=\"font-size: 14pt;\"><strong>11:45-11:55h\u00a0 La mejora de la fiscalidad de la actividad resinera.<\/strong><br \/>\n<\/span><span style=\"font-size: 14pt;\">Alejandro Rogero del R\u00edo. Consejero Delegado de la S.A.L. Rinc\u00f3n de la Vega<\/span><\/span><\/p>\n<p style=\"padding-left: 80px;\"><span style=\"font-size: 14pt; color: #333333;\"><strong>11:55-12:05h<\/strong>\u00a0 <strong>Declaraci\u00f3n sobre la gesti\u00f3n de grandes incendios forestales en Espa\u00f1a<\/strong><br \/>\nLuis Berbiela Mingot. Patrono y vocal de la Fundaci\u00f3n Pau Costa<\/span><\/p>\n<p style=\"padding-left: 80px;\"><span style=\"font-size: 14pt; color: #333333;\"><strong>12:05-12:15h<\/strong>\u00a0 \u00a0<strong>Acuerdo sobre fiscalidad verde y forestal<\/strong><br \/>\nPatricia G\u00f3mez Agrela. Gerente de la Confederaci\u00f3n de Organizaciones de Selvicultores de Espa\u00f1a -COSE-)<\/span><\/p>\n<p style=\"padding-left: 80px;\"><span style=\"font-size: 14pt; color: #333333;\"><strong>12:15-12:25h\u00a0<\/strong> <strong>\u00a0Gesti\u00f3n forestal sostenible en Bizkaia como medida preventiva ante incendios<\/strong><br \/>\nArantza Atutxa Lejarreta. Diputada Foral Departamento Medio Natural y Agricultura de Bizkaia<\/span><\/p>\n<p style=\"padding-left: 40px;\"><span style=\"font-size: 14pt; color: #333333;\"><strong><span style=\"font-size: 14pt;\"><span style=\"color: #669900;\">12:25-12:50h<\/span><\/span>\u00a0 Valoraci\u00f3n de los representantes de los grupos pol\u00edticos y representantes institucionales<\/strong><\/span><\/p>\n<p style=\"padding-left: 40px;\"><span style=\"color: #333333; font-size: 14pt;\">Modera: Ismael Mu\u00f1oz Linares<\/span><\/p>\n<p style=\"padding-left: 40px;\"><span style=\"font-size: 14pt;\"><strong><span style=\"color: #669900;\">12:50-13:00h <\/span><span style=\"color: #333333;\">Conclusiones de la jornada y cierre<\/span><br \/>\n<\/strong><\/span><\/p>\n<p style=\"padding-left: 40px;\"><span style=\"color: #333333; font-size: 14pt;\">Ismael Mu\u00f1oz Linares<\/span><\/p>\n<p>&nbsp;<\/p>\n<p>&nbsp;<\/p>\n<p style=\"padding-left: 40px;\"><span style=\"font-size: 14pt;\"><strong><span style=\"color: #669900;\">Entidades organizadoras:<\/span><\/strong><\/span><\/p>\n<p style=\"text-align: center;\"><img loading=\"lazy\" decoding=\"async\" class=\"aligncenter wp-image-3684 size-full\" src=\"https:\/\/www.fbycc.org\/wp-content\/uploads\/2023\/10\/organizadores.jpg\" alt=\"\" width=\"981\" height=\"217\" data-wp-editing=\"1\" srcset=\"https:\/\/www.fbycc.org\/wp-content\/uploads\/2023\/10\/organizadores.jpg 981w, https:\/\/www.fbycc.org\/wp-content\/uploads\/2023\/10\/organizadores-300x66.jpg 300w, https:\/\/www.fbycc.org\/wp-content\/uploads\/2023\/10\/organizadores-768x170.jpg 768w\" sizes=\"auto, (max-width: 981px) 100vw, 981px\" \/><\/p>\n","protected":false},"excerpt":{"rendered":"<p>&nbsp; JORNADA 24 DE OCTUBRE DE 2023 \u00abACUERDOS POR LOS BOSQUES IB\u00c9RICOS: UN RETO COLECTIVO\u00bb\u00a0 Desde el Foro de Bosques y Cambio Clim\u00e1tico, y de manera conjunta con Greenpeace-Espa\u00f1a, WWF-Espa\u00f1a y Ecologistas<a class=\"moretag\" href=\"https:\/\/www.fbycc.org\/index.php\/jornadas\/jornada-acuerdos-por-los-bosques-ibericos-un-reto-colectivo\/\">Leer m\u00e1s&#8230;<\/a><\/p>\n","protected":false},"author":2,"featured_media":0,"parent":530,"menu_order":0,"comment_status":"closed","ping_status":"closed","template":"","meta":{"_monsterinsights_skip_tracking":false,"_monsterinsights_sitenote_active":false,"_monsterinsights_sitenote_note":"","_monsterinsights_sitenote_category":0,"footnotes":""},"class_list":["post-3659","page","type-page","status-publish","hentry"],"_links":{"self":[{"href":"https:\/\/www.fbycc.org\/index.php\/wp-json\/wp\/v2\/pages\/3659","targetHints":{"allow":["GET"]}}],"collection":[{"href":"https:\/\/www.fbycc.org\/index.php\/wp-json\/wp\/v2\/pages"}],"about":[{"href":"https:\/\/www.fbycc.org\/index.php\/wp-json\/wp\/v2\/types\/page"}],"author":[{"embeddable":true,"href":"https:\/\/www.fbycc.org\/index.php\/wp-json\/wp\/v2\/users\/2"}],"replies":[{"embeddable":true,"href":"https:\/\/www.fbycc.org\/index.php\/wp-json\/wp\/v2\/comments?post=3659"}],"version-history":[{"count":27,"href":"https:\/\/www.fbycc.org\/index.php\/wp-json\/wp\/v2\/pages\/3659\/revisions"}],"predecessor-version":[{"id":3886,"href":"https:\/\/www.fbycc.org\/index.php\/wp-json\/wp\/v2\/pages\/3659\/revisions\/3886"}],"up":[{"embeddable":true,"href":"https:\/\/www.fbycc.org\/index.php\/wp-json\/wp\/v2\/pages\/530"}],"wp:attachment":[{"href":"https:\/\/www.fbycc.org\/index.php\/wp-json\/wp\/v2\/media?parent=3659"}],"curies":[{"name":"wp","href":"https:\/\/api.w.org\/{rel}","templated":true}]}}