{"id":3107,"date":"2022-11-28T19:22:21","date_gmt":"2022-11-28T19:22:21","guid":{"rendered":"https:\/\/www.fbycc.org\/?page_id=3107"},"modified":"2023-10-18T15:29:21","modified_gmt":"2023-10-18T15:29:21","slug":"quienes-somos","status":"publish","type":"page","link":"https:\/\/www.fbycc.org\/index.php\/quienes-somos\/","title":{"rendered":"Qui\u00e9nes somos"},"content":{"rendered":"<p>&nbsp;<\/p>\n<div class=\"tx-heading\" style=\"margin-bottom:24px; text-align: left;\"><h2 class=\"tx-heading-tag\" style=\"font-size:24px;\">Nuestra asociaci\u00f3n<\/h2><\/div>\n<p style=\"text-align: justify;\"><span style=\"font-weight: 400;\">El <strong><em>Foro de Bosques y Cambio Clim\u00e1tico<\/em><\/strong> es una asociaci\u00f3n sin \u00e1nimo de lucro que agrupa a organizaciones del sector forestal y otras entidades y empresas espa\u00f1olas, comprometidas con la defensa de las funciones de los bosques y formaciones vegetales en la lucha contra el cambio clim\u00e1tico.<\/span><\/p>\n<p style=\"text-align: justify;\">La importante funci\u00f3n ambiental que realizan los bosques al almacenar carbono, junto al valor de los productos que generan y otros importantes servicios ambientales que prestan, constituye un medio de lucha contra el cambio clim\u00e1tico natural para alcanzar un modelo de desarrollo socioecon\u00f3mico m\u00e1s sostenible,\u00a0 hipocarb\u00f3nico y basado en la bioeconom\u00eda. Estos hechos singulares y diferenciadores con respecto a los sectores productivos son el origen de la constituci\u00f3n de nuestra plataforma.<\/p>\n<div class=\"tx-cta\" style=\"\"><div class=\"tx-cta-text\">Estatutos del Foro de Bosques y Cambio Clim\u00e1tico<\/div><a href=\"https:\/\/www.fbycc.org\/wp-content\/uploads\/2022\/11\/2022_ESTATUTOS-FORO-DE-BOSQUES-Y-CAMBIO-CLIMATICO.pdf\" class=\"cta-button\">Descargar<\/a><div class=\"clear\"><\/div><\/div>\n<p>&nbsp;<\/p>\n<div class=\"tx-heading\" style=\"margin-bottom:24px; text-align: left;\"><h2 class=\"tx-heading-tag\" style=\"font-size:24px;\">Organizaci\u00f3n<\/h2><\/div>\n<p style=\"text-align: justify;\">La <strong><a href=\"https:\/\/www.fbycc.org\/index.php\/socios\/\">Asamblea de Socios<\/a><\/strong> es el m\u00e1ximo \u00f3rgano de decisi\u00f3n de nuestra asociaci\u00f3n. La gesti\u00f3n diaria se articula a trav\u00e9s de la <strong>Junta Directiva<\/strong>, compuesta actualmente por las siguiente entidades:<\/p>\n<ul>\n<li style=\"list-style-type: none;\">\n<ul style=\"list-style-type: disc;\">\n<li><span style=\"font-weight: 400;\">Presidencia: Escuela\u00a0T\u00e9cnica Superior de Ingenier\u00eda de Montes,\u00a0Forestal y del Medio Natural de la Universidad Polit\u00e9cnica de Madrid.<\/span><\/li>\n<li><span style=\"font-weight: 400;\">Vicepresidencia 1\u00aa: Colegio Oficial de Ingenieros T\u00e9cnicos Forestales (COITF)<\/span><\/li>\n<li><span style=\"font-weight: 400;\">Vicepresidencia 2\u00aa: Confederaci\u00f3n de Selvicultores (COSE)<\/span><\/li>\n<li><span style=\"font-weight: 400;\">Secretar\u00eda: Colegio Oficial de Ingenieros de Montes (COIM)<\/span><\/li>\n<li><span style=\"font-weight: 400;\">Vocal\u00eda 1\u00aa: Asociaci\u00f3n de empresas forestales (ASEMFO)<\/span><\/li>\n<li><span style=\"font-weight: 400;\">Vocal\u00eda 2\u00aa: Grupo TRAGSA<\/span><\/li>\n<li><span style=\"font-weight: 400;\">Vocal\u00eda 3\u00aa: ENCE Energ\u00eda y Celulosa<\/span><\/li>\n<\/ul>\n<\/li>\n<\/ul>\n<p>&nbsp;<\/p>\n<div class=\"tx-heading\" style=\"margin-bottom:24px; text-align: left;\"><h2 class=\"tx-heading-tag\" style=\"font-size:24px;\">Objetivos<\/h2><\/div>\n<div class=\"tx-row \"><\/div>\n<div class=\"tx-column tx-column-size-1-4\">\n<img loading=\"lazy\" decoding=\"async\" class=\"wp-image-1577 aligncenter\" src=\"http:\/\/www.fbycc.org\/wp-content\/uploads\/2019\/03\/goal-192x300.jpg\" alt=\"\" width=\"227\" height=\"354\" srcset=\"https:\/\/www.fbycc.org\/wp-content\/uploads\/2019\/03\/goal-192x300.jpg 192w, https:\/\/www.fbycc.org\/wp-content\/uploads\/2019\/03\/goal.jpg 265w\" sizes=\"auto, (max-width: 227px) 100vw, 227px\" \/><br \/>\n<\/div><div class=\"tx-column tx-column-size-3-4\">Los principales objetivos que persigue nuestra asociaci\u00f3n son:<\/p>\n<ul>\n<li><span style=\"text-align: justify\">Definici\u00f3n, promoci\u00f3n y defensa del papel que juega el sector forestal frente al cambio clim\u00e1tico, la bioeconom\u00eda y los servicios ambientales.<\/span><\/li>\n<li style=\"text-align: justify\">Puesta en com\u00fan de los intereses del conjunto de los integrantes del foro en las materias del \u00e1mbito de la asociaci\u00f3n.<\/li>\n<li style=\"text-align: justify\">Participaci\u00f3n en grupos de trabajo para el estudio de normativas y proyectos de los organismos nacionales e internacionales.<\/li>\n<li style=\"text-align: justify\">La configuraci\u00f3n como organismo de representaci\u00f3n del sector forestal para colaborar con los organismos nacionales, internacionales y todas las partes interesadas en materia de cambio clim\u00e1tico.<\/li>\n<li style=\"text-align: justify\">Intercambio de experiencias, opiniones y puntos de vista sobre los derechos y obligaciones de los distintos agentes sectoriales.<\/li>\n<li style=\"text-align: justify\">Contribuir a la mejora de las pol\u00edticas p\u00fablicas mediante el consenso, la formaci\u00f3n de opini\u00f3n, y aportaci\u00f3n de ideas y criterios a los debates existentes.<\/li>\n<li style=\"text-align: justify\">Elaboraci\u00f3n y divulgaci\u00f3n de Informes y Declaraciones sobre el valor de los bosques.<\/li>\n<li style=\"text-align: justify\">Realizar investigaciones, estudios, informes, consultor\u00edas, proyectos, publicaciones, trabajos, campa\u00f1as informativas y actividades relacionados con el cambio clim\u00e1tico, la naturaleza y el medio ambiente, incluyendo aspectos cient\u00edficos, t\u00e9cnicos, culturales, socioecon\u00f3micos, jur\u00eddicos y\/o educativos.<\/li>\n<li style=\"text-align: justify\">La capacitaci\u00f3n, la formaci\u00f3n y el desarrollo profesional y mejora de la cualificaci\u00f3n de colectivos cuya actividad econ\u00f3mica est\u00e9 ligada al medio rural y\/o forestal.<\/li>\n<li style=\"text-align: justify\">La divulgaci\u00f3n y sensibilizaci\u00f3n ambiental.<\/li>\n<li style=\"text-align: justify\">Promover la conservaci\u00f3n, protecci\u00f3n y mejora de los recursos naturales y fomentar el desarrollo sostenible.<\/li>\n<\/ul>\n<\/div>\n<p>&nbsp;<\/p>\n<p>&nbsp;<\/p>\n","protected":false},"excerpt":{"rendered":"<p>&nbsp; El Foro de Bosques y Cambio Clim\u00e1tico es una asociaci\u00f3n sin \u00e1nimo de lucro que agrupa a organizaciones del sector forestal y otras entidades y empresas espa\u00f1olas, comprometidas con la defensa<a class=\"moretag\" href=\"https:\/\/www.fbycc.org\/index.php\/quienes-somos\/\">Leer m\u00e1s&#8230;<\/a><\/p>\n","protected":false},"author":2,"featured_media":0,"parent":0,"menu_order":0,"comment_status":"closed","ping_status":"closed","template":"","meta":{"_monsterinsights_skip_tracking":false,"_monsterinsights_sitenote_active":false,"_monsterinsights_sitenote_note":"","_monsterinsights_sitenote_category":0,"footnotes":""},"class_list":["post-3107","page","type-page","status-publish","hentry"],"_links":{"self":[{"href":"https:\/\/www.fbycc.org\/index.php\/wp-json\/wp\/v2\/pages\/3107","targetHints":{"allow":["GET"]}}],"collection":[{"href":"https:\/\/www.fbycc.org\/index.php\/wp-json\/wp\/v2\/pages"}],"about":[{"href":"https:\/\/www.fbycc.org\/index.php\/wp-json\/wp\/v2\/types\/page"}],"author":[{"embeddable":true,"href":"https:\/\/www.fbycc.org\/index.php\/wp-json\/wp\/v2\/users\/2"}],"replies":[{"embeddable":true,"href":"https:\/\/www.fbycc.org\/index.php\/wp-json\/wp\/v2\/comments?post=3107"}],"version-history":[{"count":41,"href":"https:\/\/www.fbycc.org\/index.php\/wp-json\/wp\/v2\/pages\/3107\/revisions"}],"predecessor-version":[{"id":5803,"href":"https:\/\/www.fbycc.org\/index.php\/wp-json\/wp\/v2\/pages\/3107\/revisions\/5803"}],"wp:attachment":[{"href":"https:\/\/www.fbycc.org\/index.php\/wp-json\/wp\/v2\/media?parent=3107"}],"curies":[{"name":"wp","href":"https:\/\/api.w.org\/{rel}","templated":true}]}}

Quiénes somos

<p>&nbsp;</p>
<div class="tx-heading" style="margin-bottom:24px; text-align: left;"><h2 class="tx-heading-tag" style="font-size:24px;">Nuestra asociación</h2></div>
<p style="text-align: justify;"><span style="font-weight: 400;">El <strong><em>Foro de Bosques y Cambio Climático</em></strong> es una asociación sin ánimo de lucro que agrupa a organizaciones del sector forestal y otras entidades y empresas españolas, comprometidas con la defensa de las funciones de los bosques y formaciones vegetales en la lucha contra el cambio climático.</span></p>
<p style="text-align: justify;">La importante función ambiental que realizan los bosques al almacenar carbono, junto al valor de los productos que generan y otros importantes servicios ambientales que prestan, constituye un medio de lucha contra el cambio climático natural para alcanzar un modelo de desarrollo socioeconómico más sostenible,  hipocarbónico y basado en la bioeconomía. Estos hechos singulares y diferenciadores con respecto a los sectores productivos son el origen de la constitución de nuestra plataforma.</p>
<div class="tx-cta" style=""><div class="tx-cta-text">Estatutos del Foro de Bosques y Cambio Climático</div><a href="https://www.fbycc.org/wp-content/uploads/2022/11/2022_ESTATUTOS-FORO-DE-BOSQUES-Y-CAMBIO-CLIMATICO.pdf" class="cta-button">Descargar</a><div class="clear"></div></div>
<p>&nbsp;</p>
<div class="tx-heading" style="margin-bottom:24px; text-align: left;"><h2 class="tx-heading-tag" style="font-size:24px;">Organización</h2></div>
<p style="text-align: justify;">La <strong><a href="https://www.fbycc.org/index.php/socios/">Asamblea de Socios</a></strong> es el máximo órgano de decisión de nuestra asociación. La gestión diaria se articula a través de la <strong>Junta Directiva</strong>, compuesta actualmente por las siguiente entidades:</p>
<ul>
<li style="list-style-type: none;">
<ul style="list-style-type: disc;">
<li><span style="font-weight: 400;">Presidencia: Escuela Técnica Superior de Ingeniería de Montes, Forestal y del Medio Natural de la Universidad Politécnica de Madrid.</span></li>
<li><span style="font-weight: 400;">Vicepresidencia 1ª: Colegio Oficial de Ingenieros Técnicos Forestales (COITF)</span></li>
<li><span style="font-weight: 400;">Vicepresidencia 2ª: Confederación de Selvicultores (COSE)</span></li>
<li><span style="font-weight: 400;">Secretaría: Colegio Oficial de Ingenieros de Montes (COIM)</span></li>
<li><span style="font-weight: 400;">Vocalía 1ª: Asociación de empresas forestales (ASEMFO)</span></li>
<li><span style="font-weight: 400;">Vocalía 2ª: Grupo TRAGSA</span></li>
<li><span style="font-weight: 400;">Vocalía 3ª: ENCE Energía y Celulosa</span></li>
</ul>
</li>
</ul>
<p>&nbsp;</p>
<div class="tx-heading" style="margin-bottom:24px; text-align: left;"><h2 class="tx-heading-tag" style="font-size:24px;">Objetivos</h2></div>
<div class="tx-row "></div>
<div class="tx-column tx-column-size-1-4">
<img loading="lazy" decoding="async" class="wp-image-1577 aligncenter" src="http://www.fbycc.org/wp-content/uploads/2019/03/goal-192x300.jpg" alt="" width="227" height="354" srcset="https://www.fbycc.org/wp-content/uploads/2019/03/goal-192x300.jpg 192w, https://www.fbycc.org/wp-content/uploads/2019/03/goal.jpg 265w" sizes="auto, (max-width: 227px) 100vw, 227px" /><br />
</div><div class="tx-column tx-column-size-3-4">Los principales objetivos que persigue nuestra asociación son:</p>
<ul>
<li><span style="text-align: justify">Definición, promoción y defensa del papel que juega el sector forestal frente al cambio climático, la bioeconomía y los servicios ambientales.</span></li>
<li style="text-align: justify">Puesta en común de los intereses del conjunto de los integrantes del foro en las materias del ámbito de la asociación.</li>
<li style="text-align: justify">Participación en grupos de trabajo para el estudio de normativas y proyectos de los organismos nacionales e internacionales.</li>
<li style="text-align: justify">La configuración como organismo de representación del sector forestal para colaborar con los organismos nacionales, internacionales y todas las partes interesadas en materia de cambio climático.</li>
<li style="text-align: justify">Intercambio de experiencias, opiniones y puntos de vista sobre los derechos y obligaciones de los distintos agentes sectoriales.</li>
<li style="text-align: justify">Contribuir a la mejora de las políticas públicas mediante el consenso, la formación de opinión, y aportación de ideas y criterios a los debates existentes.</li>
<li style="text-align: justify">Elaboración y divulgación de Informes y Declaraciones sobre el valor de los bosques.</li>
<li style="text-align: justify">Realizar investigaciones, estudios, informes, consultorías, proyectos, publicaciones, trabajos, campañas informativas y actividades relacionados con el cambio climático, la naturaleza y el medio ambiente, incluyendo aspectos científicos, técnicos, culturales, socioeconómicos, jurídicos y/o educativos.</li>
<li style="text-align: justify">La capacitación, la formación y el desarrollo profesional y mejora de la cualificación de colectivos cuya actividad económica esté ligada al medio rural y/o forestal.</li>
<li style="text-align: justify">La divulgación y sensibilización ambiental.</li>
<li style="text-align: justify">Promover la conservación, protección y mejora de los recursos naturales y fomentar el desarrollo sostenible.</li>
</ul>
</div>
<p>&nbsp;</p>
<p>&nbsp;</p>

<p>&nbsp; El Foro de Bosques y Cambio Climático es una asociación sin ánimo de lucro que agrupa a organizaciones del sector forestal y otras entidades y empresas españolas, comprometidas con la defensa<a class="moretag" href="https://www.fbycc.org/index.php/quienes-somos/">Leer más&#8230;</a></p>
