{"id":2955,"date":"2022-10-27T12:44:09","date_gmt":"2022-10-27T12:44:09","guid":{"rendered":"https:\/\/www.fbycc.org\/?page_id=2955"},"modified":"2022-11-28T19:23:26","modified_gmt":"2022-11-28T19:23:26","slug":"carta-del-presidente","status":"publish","type":"page","link":"https:\/\/www.fbycc.org\/index.php\/carta-del-presidente\/","title":{"rendered":"Carta del presidente"},"content":{"rendered":"<table style=\"border-collapse: collapse; width: 100%;\">\n<tbody>\n<tr>\n<td style=\"width: 12.6379%;\"><\/td>\n<td style=\"width: 73.234%;\">&nbsp;<\/p>\n<p style=\"text-align: justify;\"><span style=\"font-weight: 400;\">Com<\/span>o Presidente del <i>Foro <\/i><i>de Bosques y Cambio Clim\u00e1tico, <\/i>te doy<span style=\"font-weight: 400;\"><img loading=\"lazy\" decoding=\"async\" class=\"wp-image-2995 size-full alignright\" src=\"https:\/\/www.fbycc.org\/wp-content\/uploads\/2022\/10\/German-w-e1666873185172.jpg\" alt=\"\" width=\"324\" height=\"267\" srcset=\"https:\/\/www.fbycc.org\/wp-content\/uploads\/2022\/10\/German-w-e1666873185172.jpg 324w, https:\/\/www.fbycc.org\/wp-content\/uploads\/2022\/10\/German-w-e1666873185172-300x247.jpg 300w\" sizes=\"auto, (max-width: 324px) 100vw, 324px\" \/><\/span> la\u00a0bienvenida a\u00a0nuestra asociaci\u00f3n y agradezco tu acercamiento a la actividad que desarrollamos.<\/p>\n<p style=\"text-align: justify;\"><span style=\"font-weight: 400;\">Desde 2004 nuestra entidad, y los socios<\/span>\u00a0que la componen, venimos trabajando incesantemente para mostrar las oportunidades que ofrece el sector forestal en la lucha contra el cambio clim\u00e1tico. Esfuerzo que hemos redoblado desde 2015 tras la aprobaci\u00f3n del Acuerdo de Par\u00eds.<\/p>\n<p style=\"text-align: justify;\"><span style=\"font-weight: 400;\">Es<\/span>te acuerdo, y las directrices que como consecuencia se plantean desde Europa, est\u00e1n cambiando el modo de aproximarnos a esta nueva situaci\u00f3n en el que los bosques, su adaptaci\u00f3n, su funci\u00f3n mitigadora, as\u00ed como los productos y servicios que nos ofrecen, juegan un papel fundamental en la transici\u00f3n que tenemos que realizar.<\/p>\n<p style=\"text-align: justify;\"><span style=\"font-weight: 400;\">En este camino debemos mejorar, adaptar y aplicar una gesti\u00f3n forestal sostenible que ayude a potenciar estas funciones, al mismo tiempo que promovemos la sustituci\u00f3n de productos de origen f\u00f3sil por productos de origen natural, salvaguardando la calidad de nuestros preciados espacios naturales y nuestra valiosa biodiversidad.<\/span><\/p>\n<p style=\"text-align: justify;\"><span style=\"font-weight: 400;\">Pero este proceso no es f\u00e1cil, y no podremos hacerlo solos. Por eso, en esta etapa, estamos fortaleciendo la relaci\u00f3n con empresas y agentes sociales, buscando sinergias e inversiones en nuestros montes que sean verdaderas palancas de cambio, y que sirvan para mejorar la econom\u00eda de nuestros pueblos y zonas rurales.<\/span><\/p>\n<p style=\"text-align: justify;\"><span style=\"font-weight: 400;\">Los bosques siempre han sido una fuente de recursos a disposici\u00f3n de la sociedad y, hoy m\u00e1s que nunca, est\u00e1 en nuestras manos devolverles lo que nos han prestado y garantizar su persistencia para las generaciones futuras.<\/span><\/p>\n<p style=\"text-align: right;\"><span style=\"font-weight: 400;\">Un cordial saludo,<\/span><\/p>\n<p style=\"text-align: right;\"><strong><i>Germ\u00e1n Glar\u00eda Galcer\u00e1n<br \/>\n<\/i><\/strong><span style=\"font-size: 10pt;\">Presidente del Foro de Bosques y Cambio Clim\u00e1tico<\/span><\/p>\n<\/td>\n<td style=\"width: 14.128%;\"><\/td>\n<\/tr>\n<\/tbody>\n<\/table>\n","protected":false},"excerpt":{"rendered":"<p>&nbsp; Como Presidente del Foro de Bosques y Cambio Clim\u00e1tico, te doy la\u00a0bienvenida a\u00a0nuestra asociaci\u00f3n y agradezco tu acercamiento a la actividad que desarrollamos. Desde 2004 nuestra entidad, y los socios\u00a0que la<a class=\"moretag\" href=\"https:\/\/www.fbycc.org\/index.php\/carta-del-presidente\/\">Leer m\u00e1s&#8230;<\/a><\/p>\n","protected":false},"author":5,"featured_media":0,"parent":0,"menu_order":0,"comment_status":"closed","ping_status":"closed","template":"","meta":{"_monsterinsights_skip_tracking":false,"_monsterinsights_sitenote_active":false,"_monsterinsights_sitenote_note":"","_monsterinsights_sitenote_category":0,"footnotes":""},"class_list":["post-2955","page","type-page","status-publish","hentry"],"_links":{"self":[{"href":"https:\/\/www.fbycc.org\/index.php\/wp-json\/wp\/v2\/pages\/2955","targetHints":{"allow":["GET"]}}],"collection":[{"href":"https:\/\/www.fbycc.org\/index.php\/wp-json\/wp\/v2\/pages"}],"about":[{"href":"https:\/\/www.fbycc.org\/index.php\/wp-json\/wp\/v2\/types\/page"}],"author":[{"embeddable":true,"href":"https:\/\/www.fbycc.org\/index.php\/wp-json\/wp\/v2\/users\/5"}],"replies":[{"embeddable":true,"href":"https:\/\/www.fbycc.org\/index.php\/wp-json\/wp\/v2\/comments?post=2955"}],"version-history":[{"count":13,"href":"https:\/\/www.fbycc.org\/index.php\/wp-json\/wp\/v2\/pages\/2955\/revisions"}],"predecessor-version":[{"id":3147,"href":"https:\/\/www.fbycc.org\/index.php\/wp-json\/wp\/v2\/pages\/2955\/revisions\/3147"}],"wp:attachment":[{"href":"https:\/\/www.fbycc.org\/index.php\/wp-json\/wp\/v2\/media?parent=2955"}],"curies":[{"name":"wp","href":"https:\/\/api.w.org\/{rel}","templated":true}]}}

<table style="border-collapse: collapse; width: 100%;">
<tbody>
<tr>
<td style="width: 12.6379%;"></td>
<td style="width: 73.234%;">&nbsp;</p>
<p style="text-align: justify;"><span style="font-weight: 400;">Com</span>o Presidente del <i>Foro </i><i>de Bosques y Cambio Climático, </i>te doy<span style="font-weight: 400;"><img loading="lazy" decoding="async" class="wp-image-2995 size-full alignright" src="https://www.fbycc.org/wp-content/uploads/2022/10/German-w-e1666873185172.jpg" alt="" width="324" height="267" srcset="https://www.fbycc.org/wp-content/uploads/2022/10/German-w-e1666873185172.jpg 324w, https://www.fbycc.org/wp-content/uploads/2022/10/German-w-e1666873185172-300x247.jpg 300w" sizes="auto, (max-width: 324px) 100vw, 324px" /></span> la bienvenida a nuestra asociación y agradezco tu acercamiento a la actividad que desarrollamos.</p>
<p style="text-align: justify;"><span style="font-weight: 400;">Desde 2004 nuestra entidad, y los socios</span> que la componen, venimos trabajando incesantemente para mostrar las oportunidades que ofrece el sector forestal en la lucha contra el cambio climático. Esfuerzo que hemos redoblado desde 2015 tras la aprobación del Acuerdo de París.</p>
<p style="text-align: justify;"><span style="font-weight: 400;">Es</span>te acuerdo, y las directrices que como consecuencia se plantean desde Europa, están cambiando el modo de aproximarnos a esta nueva situación en el que los bosques, su adaptación, su función mitigadora, así como los productos y servicios que nos ofrecen, juegan un papel fundamental en la transición que tenemos que realizar.</p>
<p style="text-align: justify;"><span style="font-weight: 400;">En este camino debemos mejorar, adaptar y aplicar una gestión forestal sostenible que ayude a potenciar estas funciones, al mismo tiempo que promovemos la sustitución de productos de origen fósil por productos de origen natural, salvaguardando la calidad de nuestros preciados espacios naturales y nuestra valiosa biodiversidad.</span></p>
<p style="text-align: justify;"><span style="font-weight: 400;">Pero este proceso no es fácil, y no podremos hacerlo solos. Por eso, en esta etapa, estamos fortaleciendo la relación con empresas y agentes sociales, buscando sinergias e inversiones en nuestros montes que sean verdaderas palancas de cambio, y que sirvan para mejorar la economía de nuestros pueblos y zonas rurales.</span></p>
<p style="text-align: justify;"><span style="font-weight: 400;">Los bosques siempre han sido una fuente de recursos a disposición de la sociedad y, hoy más que nunca, está en nuestras manos devolverles lo que nos han prestado y garantizar su persistencia para las generaciones futuras.</span></p>
<p style="text-align: right;"><span style="font-weight: 400;">Un cordial saludo,</span></p>
<p style="text-align: right;"><strong><i>Germán Glaría Galcerán<br />
</i></strong><span style="font-size: 10pt;">Presidente del Foro de Bosques y Cambio Climático</span></p>
</td>
<td style="width: 14.128%;"></td>
</tr>
</tbody>
</table>

<p>&nbsp; Como Presidente del Foro de Bosques y Cambio Climático, te doy la bienvenida a nuestra asociación y agradezco tu acercamiento a la actividad que desarrollamos. Desde 2004 nuestra entidad, y los socios que la<a class="moretag" href="https://www.fbycc.org/index.php/carta-del-presidente/">Leer más&#8230;</a></p>
