{"id":1015,"date":"2017-05-05T08:46:13","date_gmt":"2017-05-05T08:46:13","guid":{"rendered":"http:\/\/www.fbycc.org\/?page_id=1015"},"modified":"2022-04-05T14:49:34","modified_gmt":"2022-04-05T14:49:34","slug":"jornada-bosques-por-el-clima-17052017","status":"publish","type":"page","link":"https:\/\/www.fbycc.org\/index.php\/jornadas\/jornada-bosques-por-el-clima-17052017\/","title":{"rendered":"Jornada \u00abBOSQUES POR EL CLIMA\u00bb"},"content":{"rendered":"<div class=\"tx-row \">\n<div class=\"tx-column tx-column-size-3-4\">\n<p style=\"text-align: center\"><img loading=\"lazy\" decoding=\"async\" class=\"size-full wp-image-1049 aligncenter\" src=\"http:\/\/www.fbycc.org\/wp-content\/uploads\/2017\/05\/fotocabecera.jpg\" alt=\"\" width=\"800\" height=\"279\" srcset=\"https:\/\/www.fbycc.org\/wp-content\/uploads\/2017\/05\/fotocabecera.jpg 800w, https:\/\/www.fbycc.org\/wp-content\/uploads\/2017\/05\/fotocabecera-300x105.jpg 300w, https:\/\/www.fbycc.org\/wp-content\/uploads\/2017\/05\/fotocabecera-768x268.jpg 768w\" sizes=\"auto, (max-width: 800px) 100vw, 800px\" \/><span style=\"font-size: 8pt\"><em>Participantes en el coloquio que tuvo lugar durante la jornada<\/em><\/span><\/p>\n<p style=\"text-align: justify\">El pasado d\u00eda 17 de mayo se celebr\u00f3 en el Instituto de la Ingenier\u00eda de Espa\u00f1a esta jornada con el objetivo de informar sobre las funciones que tienen los bosques ante el reto del cambio clim\u00e1tico, y las nuevas pol\u00edticas que se puedan originar tras\u00a0el Acuerdo de Par\u00eds y los nuevos objetivos de reducci\u00f3n que plantea la Uni\u00f3n Europea.<\/p>\n<p style=\"text-align: justify\">Inaugur\u00f3\u00a0el evento <strong>Esperanza Orellana Moraleda<\/strong>, Directora General de Desarrollo Rural y Pol\u00edtica Forestal, que destac\u00f3 la importancia que tienen los bosques por su capacidad de absorci\u00f3n independientemente del sistema de contabilidad que se adopte, y se\u00f1al\u00f3 el inter\u00e9s de utilizar los productos forestales como material sustitutivo de los combustibles f\u00f3siles, ya que en su conjunto contribuyen a la descarbonizaci\u00f3n de la econom\u00eda.<\/p>\n<p style=\"text-align: justify\">En este sentido <strong>Jose Manuel Jaquotot<\/strong>, Subdirector General de Silvicultura y Montes, indic\u00f3 el compromiso del Ministerio de poner en valor los bosques y su capacidad de absorci\u00f3n frente al cambio clim\u00e1tico mediante la creaci\u00f3n de un marco de actuaci\u00f3n y pol\u00edticas al efecto, que permitan al sector contribuir eficazmente en un nuevo modelo de desarrollo basado en la bioeconom\u00eda ya que <em>\u201cla bioeconom\u00eda no existir\u00e1 sin los bosques\u201d,<\/em> en la que adem\u00e1s de los productos forestales tambi\u00e9n hay que reconocer la importancia de sus servicios ambientales, <em>\u201csin bosques no hay agua\u201d.<\/em><\/p>\n<p style=\"text-align: justify\">Clausur\u00f3 la jornada <strong>Eduardo Rojas Briales<\/strong>, Decano del Colegio Oficial de Ingenieros de Montes y Representante de Juntos por los Bosques, llamando a aplicar unos <em>\u201ccriterios lo m\u00e1s l\u00f3gicos posibles, que generen los m\u00ednimos efectos perversos, para que el sector pueda movilizar todo su potencial\u201c<\/em>, y se\u00f1alo su importancia para una sociedad en la que \u201c<em>si no incluimos los bosques de manera activa no conseguiremos superar el reto del cambio clim\u00e1tico\u201d. <\/em>Tambi\u00e9n indic\u00f3 que de cara a poder aplicar los criterios que finalmente se adopten ser\u00e1 necesario disponer de planes de gesti\u00f3n que permitan articular, fomentar y garantizar una gesti\u00f3n adecuada. Finaliz\u00f3 su intervenci\u00f3n animando a que <em>\u201cel sector forestal de un salto, y empiece a promover el uso de la madera de manera integrada en la construcci\u00f3n\u201d.<\/em><\/p>\n<p style=\"text-align: justify\">Participaron tambi\u00e9n en la jornada <strong>Rafael Calama<\/strong> y <strong>Marta Pardos<\/strong>, investigadores del INIA-CIFOR, que hablaron de la gesti\u00f3n forestal como herramienta de adaptaci\u00f3n y mitigaci\u00f3n al cambio clim\u00e1tico. <strong>Agust\u00edn Rubio <\/strong>y<strong> Carmen Avil\u00e9s<\/strong>, profesores de la Escuela T\u00e9cnica Superior de Ingenier\u00eda de Montes, Forestal y del Medio Natural, que trataron respectivamente la gesti\u00f3n forestal del carbono ed\u00e1fico, y la oportunidad del emprendimiento en el sector que ofrece el proyecto europeo ECOSTAR (<a href=\"http:\/\/fbycc.us13.list-manage.com\/track\/click?u=c719c69a4ff81c7e24fcb5cef&amp;id=dd2c3c3d3d&amp;e=71206086e9\">www.ecostarhub.com<\/a>). <strong>Mart\u00edn Fern\u00e1ndez<\/strong>, coordinador de la unidad inventarios del MAPAMA, que explic\u00f3 el sistema del Inventario Nacional de Emisiones y la contabilidad forestal. Y <strong>Esteban Jord\u00e1n<\/strong>, de la empresa Ingenier\u00eda del Entorno Natural, que habl\u00f3 de las emisiones de carbono asociadas a los grandes incendios, y los sumideros de carbono en el marco del proyecto LIFE FOREST CO2.<\/p>\n<p style=\"text-align: center\"><\/p>\n<p>&nbsp;<\/p>\n<p style=\"text-align: justify\"><\/div>\n<div class=\"tx-column tx-column-size-1-4\"><a href=\"http:\/\/www.fbycc.org\/wp-content\/uploads\/2017\/05\/Programa-jornada-BOSQUES-POR-EL-CLIMA-170517.pdf\" target=\"_blank\" rel=\"noopener noreferrer\"><img loading=\"lazy\" decoding=\"async\" class=\"size-full wp-image-1034 aligncenter\" src=\"http:\/\/www.fbycc.org\/wp-content\/uploads\/2017\/05\/Cartel_jornada_170517-e1493994016945.png\" alt=\"\" width=\"400\" height=\"566\" \/><\/a><\/p>\n<p><strong>Puedes descargar las presentaciones de la Jornada:<\/strong><\/p>\n<p><a href=\"https:\/\/www.dropbox.com\/s\/9bnv5k6cx5zbt2n\/1.GF_adaptacion_y_mitigacion_Calama%26Pardos.pdf?dl=0\"><strong>La gesti\u00f3n forestal, herramienta de adaptaci\u00f3n y mitigaci\u00f3n del cambio clim\u00e1tico<\/strong><\/a><br \/>\n<em>Rafael Calama y Marta Pardos (INIA)<\/em><\/p>\n<p><strong><a id=\"rptDocumentos_hlTitulo_4\" href=\"https:\/\/www.dropbox.com\/s\/53gkbd9dkyx0lc7\/2.Gesion_forestal_carbono_edafico_Rubio.pdf?dl=0\" target=\"_blank\" rel=\"noopener noreferrer\">Gesti\u00f3n forestal del carbono ed\u00e1fico ante el cambio clim\u00e1tico<\/a><\/strong><br \/>\n<em>Agust\u00edn Rubio S\u00e1nchez (ETSI MFMN)<\/em><\/p>\n<p><strong><a id=\"rptDocumentos_hlTitulo_3\" href=\"https:\/\/www.dropbox.com\/s\/dpwyt72sgjtit04\/3.Emprender_ambito_forestal_ECOSTAR_Aviles.pdf?dl=0\" target=\"_blank\" rel=\"noopener noreferrer\">Emprender es posible en el \u00e1mbito forestal: Proyecto ECOSTARHUB<\/a><\/strong><br \/>\n<em>Carmen Avil\u00e9s Palacios (ETSI MFMN)<\/em><\/p>\n<p><strong><a id=\"rptDocumentos_hlTitulo_0\" href=\"https:\/\/www.dropbox.com\/s\/coz6n57ttwwrjod\/4.LIFE_FOREST_CO2_Jordan.pdf?dl=0\" target=\"_blank\" rel=\"noopener noreferrer\">Sumideros de carbono en el marco del proyecto LIFE FOREST CO2<\/a><\/strong><br \/>\n<em>Esteban Jord\u00e1n Gonz\u00e1lez (Ingenier\u00eda del Entorno Natural)<\/em><\/p>\n<p><strong><a id=\"rptDocumentos_hlTitulo_2\" href=\"https:\/\/www.dropbox.com\/s\/v6ipz6s4yihkh78\/5.Contabilidad_forestal_Diez-Picazo.pdf?dl=0\" target=\"_blank\" rel=\"noopener noreferrer\">El Inventario Nacional de Emisiones y la contabilidad forestal<\/a><\/strong><br \/>\n<em>Mart\u00edn Fern\u00e1ndez D\u00edez-Picazo (MAPAMA)<\/em><\/p>\n<p><strong><a id=\"rptDocumentos_hlTitulo_2\" href=\"https:\/\/www.dropbox.com\/s\/ymmzxjlv0jg9w0w\/6.%20Retos_gestores_forestales_CC_Jaquotot.pdf?dl=0\" target=\"_blank\" rel=\"noopener noreferrer\">El reto de los gestores forestales ante los nuevos objetivos del Cambio Clim\u00e1tico<\/a><\/strong><br \/>\n<em>Jos\u00e9 Manuel Jaquotot, Subdirector General de Silvicultura y Montes (MAPAMA)<\/em><\/p>\n<\/div>\n<\/div>\n","protected":false},"excerpt":{"rendered":"","protected":false},"author":2,"featured_media":0,"parent":530,"menu_order":0,"comment_status":"closed","ping_status":"closed","template":"","meta":{"_monsterinsights_skip_tracking":false,"_monsterinsights_sitenote_active":false,"_monsterinsights_sitenote_note":"","_monsterinsights_sitenote_category":0,"footnotes":""},"class_list":["post-1015","page","type-page","status-publish","hentry"],"_links":{"self":[{"href":"https:\/\/www.fbycc.org\/index.php\/wp-json\/wp\/v2\/pages\/1015","targetHints":{"allow":["GET"]}}],"collection":[{"href":"https:\/\/www.fbycc.org\/index.php\/wp-json\/wp\/v2\/pages"}],"about":[{"href":"https:\/\/www.fbycc.org\/index.php\/wp-json\/wp\/v2\/types\/page"}],"author":[{"embeddable":true,"href":"https:\/\/www.fbycc.org\/index.php\/wp-json\/wp\/v2\/users\/2"}],"replies":[{"embeddable":true,"href":"https:\/\/www.fbycc.org\/index.php\/wp-json\/wp\/v2\/comments?post=1015"}],"version-history":[{"count":21,"href":"https:\/\/www.fbycc.org\/index.php\/wp-json\/wp\/v2\/pages\/1015\/revisions"}],"predecessor-version":[{"id":2589,"href":"https:\/\/www.fbycc.org\/index.php\/wp-json\/wp\/v2\/pages\/1015\/revisions\/2589"}],"up":[{"embeddable":true,"href":"https:\/\/www.fbycc.org\/index.php\/wp-json\/wp\/v2\/pages\/530"}],"wp:attachment":[{"href":"https:\/\/www.fbycc.org\/index.php\/wp-json\/wp\/v2\/media?parent=1015"}],"curies":[{"name":"wp","href":"https:\/\/api.w.org\/{rel}","templated":true}]}}

<div class="tx-row ">
<div class="tx-column tx-column-size-3-4">
<p style="text-align: center"><img loading="lazy" decoding="async" class="size-full wp-image-1049 aligncenter" src="http://www.fbycc.org/wp-content/uploads/2017/05/fotocabecera.jpg" alt="" width="800" height="279" srcset="https://www.fbycc.org/wp-content/uploads/2017/05/fotocabecera.jpg 800w, https://www.fbycc.org/wp-content/uploads/2017/05/fotocabecera-300x105.jpg 300w, https://www.fbycc.org/wp-content/uploads/2017/05/fotocabecera-768x268.jpg 768w" sizes="auto, (max-width: 800px) 100vw, 800px" /><span style="font-size: 8pt"><em>Participantes en el coloquio que tuvo lugar durante la jornada</em></span></p>
<p style="text-align: justify">El pasado día 17 de mayo se celebró en el Instituto de la Ingeniería de España esta jornada con el objetivo de informar sobre las funciones que tienen los bosques ante el reto del cambio climático, y las nuevas políticas que se puedan originar tras el Acuerdo de París y los nuevos objetivos de reducción que plantea la Unión Europea.</p>
<p style="text-align: justify">Inauguró el evento <strong>Esperanza Orellana Moraleda</strong>, Directora General de Desarrollo Rural y Política Forestal, que destacó la importancia que tienen los bosques por su capacidad de absorción independientemente del sistema de contabilidad que se adopte, y señaló el interés de utilizar los productos forestales como material sustitutivo de los combustibles fósiles, ya que en su conjunto contribuyen a la descarbonización de la economía.</p>
<p style="text-align: justify">En este sentido <strong>Jose Manuel Jaquotot</strong>, Subdirector General de Silvicultura y Montes, indicó el compromiso del Ministerio de poner en valor los bosques y su capacidad de absorción frente al cambio climático mediante la creación de un marco de actuación y políticas al efecto, que permitan al sector contribuir eficazmente en un nuevo modelo de desarrollo basado en la bioeconomía ya que <em>“la bioeconomía no existirá sin los bosques”,</em> en la que además de los productos forestales también hay que reconocer la importancia de sus servicios ambientales, <em>“sin bosques no hay agua”.</em></p>
<p style="text-align: justify">Clausuró la jornada <strong>Eduardo Rojas Briales</strong>, Decano del Colegio Oficial de Ingenieros de Montes y Representante de Juntos por los Bosques, llamando a aplicar unos <em>“criterios lo más lógicos posibles, que generen los mínimos efectos perversos, para que el sector pueda movilizar todo su potencial“</em>, y señalo su importancia para una sociedad en la que “<em>si no incluimos los bosques de manera activa no conseguiremos superar el reto del cambio climático”. </em>También indicó que de cara a poder aplicar los criterios que finalmente se adopten será necesario disponer de planes de gestión que permitan articular, fomentar y garantizar una gestión adecuada. Finalizó su intervención animando a que <em>“el sector forestal de un salto, y empiece a promover el uso de la madera de manera integrada en la construcción”.</em></p>
<p style="text-align: justify">Participaron también en la jornada <strong>Rafael Calama</strong> y <strong>Marta Pardos</strong>, investigadores del INIA-CIFOR, que hablaron de la gestión forestal como herramienta de adaptación y mitigación al cambio climático. <strong>Agustín Rubio </strong>y<strong> Carmen Avilés</strong>, profesores de la Escuela Técnica Superior de Ingeniería de Montes, Forestal y del Medio Natural, que trataron respectivamente la gestión forestal del carbono edáfico, y la oportunidad del emprendimiento en el sector que ofrece el proyecto europeo ECOSTAR (<a href="http://fbycc.us13.list-manage.com/track/click?u=c719c69a4ff81c7e24fcb5cef&amp;id=dd2c3c3d3d&amp;e=71206086e9">www.ecostarhub.com</a>). <strong>Martín Fernández</strong>, coordinador de la unidad inventarios del MAPAMA, que explicó el sistema del Inventario Nacional de Emisiones y la contabilidad forestal. Y <strong>Esteban Jordán</strong>, de la empresa Ingeniería del Entorno Natural, que habló de las emisiones de carbono asociadas a los grandes incendios, y los sumideros de carbono en el marco del proyecto LIFE FOREST CO2.</p>
<p style="text-align: center"></p>
<p>&nbsp;</p>
<p style="text-align: justify"></div>
<div class="tx-column tx-column-size-1-4"><a href="http://www.fbycc.org/wp-content/uploads/2017/05/Programa-jornada-BOSQUES-POR-EL-CLIMA-170517.pdf" target="_blank" rel="noopener noreferrer"><img loading="lazy" decoding="async" class="size-full wp-image-1034 aligncenter" src="http://www.fbycc.org/wp-content/uploads/2017/05/Cartel_jornada_170517-e1493994016945.png" alt="" width="400" height="566" /></a></p>
<p><strong>Puedes descargar las presentaciones de la Jornada:</strong></p>
<p><a href="https://www.dropbox.com/s/9bnv5k6cx5zbt2n/1.GF_adaptacion_y_mitigacion_Calama%26Pardos.pdf?dl=0"><strong>La gestión forestal, herramienta de adaptación y mitigación del cambio climático</strong></a><br />
<em>Rafael Calama y Marta Pardos (INIA)</em></p>
<p><strong><a id="rptDocumentos_hlTitulo_4" href="https://www.dropbox.com/s/53gkbd9dkyx0lc7/2.Gesion_forestal_carbono_edafico_Rubio.pdf?dl=0" target="_blank" rel="noopener noreferrer">Gestión forestal del carbono edáfico ante el cambio climático</a></strong><br />
<em>Agustín Rubio Sánchez (ETSI MFMN)</em></p>
<p><strong><a id="rptDocumentos_hlTitulo_3" href="https://www.dropbox.com/s/dpwyt72sgjtit04/3.Emprender_ambito_forestal_ECOSTAR_Aviles.pdf?dl=0" target="_blank" rel="noopener noreferrer">Emprender es posible en el ámbito forestal: Proyecto ECOSTARHUB</a></strong><br />
<em>Carmen Avilés Palacios (ETSI MFMN)</em></p>
<p><strong><a id="rptDocumentos_hlTitulo_0" href="https://www.dropbox.com/s/coz6n57ttwwrjod/4.LIFE_FOREST_CO2_Jordan.pdf?dl=0" target="_blank" rel="noopener noreferrer">Sumideros de carbono en el marco del proyecto LIFE FOREST CO2</a></strong><br />
<em>Esteban Jordán González (Ingeniería del Entorno Natural)</em></p>
<p><strong><a id="rptDocumentos_hlTitulo_2" href="https://www.dropbox.com/s/v6ipz6s4yihkh78/5.Contabilidad_forestal_Diez-Picazo.pdf?dl=0" target="_blank" rel="noopener noreferrer">El Inventario Nacional de Emisiones y la contabilidad forestal</a></strong><br />
<em>Martín Fernández Díez-Picazo (MAPAMA)</em></p>
<p><strong><a id="rptDocumentos_hlTitulo_2" href="https://www.dropbox.com/s/ymmzxjlv0jg9w0w/6.%20Retos_gestores_forestales_CC_Jaquotot.pdf?dl=0" target="_blank" rel="noopener noreferrer">El reto de los gestores forestales ante los nuevos objetivos del Cambio Climático</a></strong><br />
<em>José Manuel Jaquotot, Subdirector General de Silvicultura y Montes (MAPAMA)</em></p>
</div>
</div>
