{"id":6189,"date":"2025-11-11T12:23:04","date_gmt":"2025-11-11T12:23:04","guid":{"rendered":"https:\/\/www.fbycc.org\/?post_type=event_listing&#038;p=6189"},"modified":"2025-11-11T13:18:02","modified_gmt":"2025-11-11T13:18:02","slug":"jornada-el-futuro-del-consumo-economia-circular-y-consumos-sostenible","status":"publish","type":"event_listing","link":"https:\/\/www.fbycc.org\/index.php\/events\/jornada-el-futuro-del-consumo-economia-circular-y-consumos-sostenible\/","title":{"rendered":"Jornada: El futuro del consumo. Econom\u00eda circular y consumos sostenible"},"content":{"rendered":"<p><img loading=\"lazy\" decoding=\"async\" class=\"alignnone size-full wp-image-6191\" src=\"https:\/\/www.fbycc.org\/wp-content\/uploads\/2025\/11\/futuro-consumo-economia-circular-upm-1.jpeg\" alt=\"\" width=\"1080\" height=\"1080\" srcset=\"https:\/\/www.fbycc.org\/wp-content\/uploads\/2025\/11\/futuro-consumo-economia-circular-upm-1.jpeg 1080w, https:\/\/www.fbycc.org\/wp-content\/uploads\/2025\/11\/futuro-consumo-economia-circular-upm-1-300x300.jpeg 300w, https:\/\/www.fbycc.org\/wp-content\/uploads\/2025\/11\/futuro-consumo-economia-circular-upm-1-1024x1024.jpeg 1024w, https:\/\/www.fbycc.org\/wp-content\/uploads\/2025\/11\/futuro-consumo-economia-circular-upm-1-150x150.jpeg 150w, https:\/\/www.fbycc.org\/wp-content\/uploads\/2025\/11\/futuro-consumo-economia-circular-upm-1-768x768.jpeg 768w, https:\/\/www.fbycc.org\/wp-content\/uploads\/2025\/11\/futuro-consumo-economia-circular-upm-1-50x50.jpeg 50w, https:\/\/www.fbycc.org\/wp-content\/uploads\/2025\/11\/futuro-consumo-economia-circular-upm-1-250x250.jpeg 250w, https:\/\/www.fbycc.org\/wp-content\/uploads\/2025\/11\/futuro-consumo-economia-circular-upm-1-500x500.jpeg 500w\" sizes=\"auto, (max-width: 1080px) 100vw, 1080px\" \/><\/p>\n<p style=\"text-align: justify;\">M\u00e1s de una veintena de expertas y expertos en sostenibilidad, econom\u00eda circular y consumo responsable participar\u00e1n el 27 de noviembre en la jornada \u201cEl Futuro del Consumo. Econom\u00eda Circular y Consumo Sostenible\u201d, organizada por los Embajadores del Pacto Clim\u00e1tico Europeo (EU Climate Pact) en colaboraci\u00f3n con la Universidad Polit\u00e9cnica de Madrid (UPM).<\/p>\n<p style=\"text-align: justify;\">El encuentro, que se celebrar\u00e1 en el Sal\u00f3n de Actos de la ETSI Montes, Forestal y del Medio Natural, se desarrollar\u00e1 en formato presencial y online, con el objetivo de impulsar una ciudadan\u00eda informada, cr\u00edtica y comprometida con la transici\u00f3n ecol\u00f3gica.<\/p>\n<ul>\n<li>Fecha: 27 de noviembre de 2025<\/li>\n<li>Lugar: ETSI Montes, Forestal y del Medio Natural, Universidad Polit\u00e9cnica de Madrid<\/li>\n<li>Modalidad: Presencial y online<\/li>\n<li>Inscripci\u00f3n gratuita:<a href=\"https:\/\/ec.europa.eu\/eusurvey\/runner\/elfuturodelconsumo\" target=\"_blank\" rel=\"noopener\">\u00a0https:\/\/ec.europa.eu\/eusurvey\/runner\/elfuturodelconsumo<\/a><\/li>\n<\/ul>\n","protected":false},"excerpt":{"rendered":"<p>M\u00e1s de una veintena de expertas y expertos en sostenibilidad, econom\u00eda circular y consumo responsable participar\u00e1n el 27 de noviembre en la jornada \u201cEl Futuro del Consumo. Econom\u00eda Circular y Consumo Sostenible\u201d,<a class=\"moretag\" href=\"https:\/\/www.fbycc.org\/index.php\/events\/jornada-el-futuro-del-consumo-economia-circular-y-consumos-sostenible\/\">Leer m\u00e1s&#8230;<\/a><\/p>\n","protected":false},"author":5,"featured_media":0,"parent":0,"menu_order":0,"comment_status":"closed","ping_status":"closed","template":"","event_listing_category":[52],"class_list":["post-6189","event_listing","type-event_listing","status-publish","hentry"],"_links":{"self":[{"href":"https:\/\/www.fbycc.org\/index.php\/wp-json\/wp\/v2\/event_listing\/6189","targetHints":{"allow":["GET"]}}],"collection":[{"href":"https:\/\/www.fbycc.org\/index.php\/wp-json\/wp\/v2\/event_listing"}],"about":[{"href":"https:\/\/www.fbycc.org\/index.php\/wp-json\/wp\/v2\/types\/event_listing"}],"author":[{"embeddable":true,"href":"https:\/\/www.fbycc.org\/index.php\/wp-json\/wp\/v2\/users\/5"}],"replies":[{"embeddable":true,"href":"https:\/\/www.fbycc.org\/index.php\/wp-json\/wp\/v2\/comments?post=6189"}],"wp:attachment":[{"href":"https:\/\/www.fbycc.org\/index.php\/wp-json\/wp\/v2\/media?parent=6189"}],"wp:term":[{"taxonomy":"event_listing_category","embeddable":true,"href":"https:\/\/www.fbycc.org\/index.php\/wp-json\/wp\/v2\/event_listing_category?post=6189"}],"curies":[{"name":"wp","href":"https:\/\/api.w.org\/{rel}","templated":true}]}}

Jornada: El futuro del consumo. Economía circular y consumos sostenible

<p><img loading="lazy" decoding="async" class="alignnone size-full wp-image-6191" src="https://www.fbycc.org/wp-content/uploads/2025/11/futuro-consumo-economia-circular-upm-1.jpeg" alt="" width="1080" height="1080" srcset="https://www.fbycc.org/wp-content/uploads/2025/11/futuro-consumo-economia-circular-upm-1.jpeg 1080w, https://www.fbycc.org/wp-content/uploads/2025/11/futuro-consumo-economia-circular-upm-1-300x300.jpeg 300w, https://www.fbycc.org/wp-content/uploads/2025/11/futuro-consumo-economia-circular-upm-1-1024x1024.jpeg 1024w, https://www.fbycc.org/wp-content/uploads/2025/11/futuro-consumo-economia-circular-upm-1-150x150.jpeg 150w, https://www.fbycc.org/wp-content/uploads/2025/11/futuro-consumo-economia-circular-upm-1-768x768.jpeg 768w, https://www.fbycc.org/wp-content/uploads/2025/11/futuro-consumo-economia-circular-upm-1-50x50.jpeg 50w, https://www.fbycc.org/wp-content/uploads/2025/11/futuro-consumo-economia-circular-upm-1-250x250.jpeg 250w, https://www.fbycc.org/wp-content/uploads/2025/11/futuro-consumo-economia-circular-upm-1-500x500.jpeg 500w" sizes="auto, (max-width: 1080px) 100vw, 1080px" /></p>
<p style="text-align: justify;">Más de una veintena de expertas y expertos en sostenibilidad, economía circular y consumo responsable participarán el 27 de noviembre en la jornada “El Futuro del Consumo. Economía Circular y Consumo Sostenible”, organizada por los Embajadores del Pacto Climático Europeo (EU Climate Pact) en colaboración con la Universidad Politécnica de Madrid (UPM).</p>
<p style="text-align: justify;">El encuentro, que se celebrará en el Salón de Actos de la ETSI Montes, Forestal y del Medio Natural, se desarrollará en formato presencial y online, con el objetivo de impulsar una ciudadanía informada, crítica y comprometida con la transición ecológica.</p>
<ul>
<li>Fecha: 27 de noviembre de 2025</li>
<li>Lugar: ETSI Montes, Forestal y del Medio Natural, Universidad Politécnica de Madrid</li>
<li>Modalidad: Presencial y online</li>
<li>Inscripción gratuita:<a href="https://ec.europa.eu/eusurvey/runner/elfuturodelconsumo" target="_blank" rel="noopener"> https://ec.europa.eu/eusurvey/runner/elfuturodelconsumo</a></li>
</ul>

<p>Más de una veintena de expertas y expertos en sostenibilidad, economía circular y consumo responsable participarán el 27 de noviembre en la jornada “El Futuro del Consumo. Economía Circular y Consumo Sostenible”,<a class="moretag" href="https://www.fbycc.org/index.php/events/jornada-el-futuro-del-consumo-economia-circular-y-consumos-sostenible/">Leer más&#8230;</a></p>
