{"id":6134,"date":"2025-10-18T00:57:29","date_gmt":"2025-10-18T00:57:29","guid":{"rendered":"https:\/\/www.fbycc.org\/?post_type=event_listing&#038;p=6134"},"modified":"2025-10-18T00:57:29","modified_gmt":"2025-10-18T00:57:29","slug":"cafe-forestal-gestion-forestal-y-provision-de-agua","status":"publish","type":"event_listing","link":"https:\/\/www.fbycc.org\/index.php\/events\/cafe-forestal-gestion-forestal-y-provision-de-agua\/","title":{"rendered":"Caf\u00e9 forestal \u00abGESTI\u00d3N FORESTAL Y PROVISI\u00d3N DE AGUA\u00bb"},"content":{"rendered":"<h4><strong data-olk-copy-source=\"MessageBody\">CAF\u00c9 FORESTAL \u00abGESTI\u00d3N FORESTAL Y PROVISI\u00d3N DE AGUA. RELACI\u00d3N FUNDAMENTAL EN LA ADAPTACI\u00d3N AL CAMBIO CLIM\u00c1TICO\u00bb<\/strong><\/h4>\n<p><strong>El pr\u00f3ximo jueves 23<\/strong><strong> de octubre a las 16.30 horas el COITF celebra otra sesi\u00f3n de sus webinars \u00abcaf\u00e9 forestal\u00bb.\u00a0<\/strong><\/p>\n<ul>\n<li>Duraci\u00f3n aproximada: 2 horas.<\/li>\n<li>Ponente: Paula Mart\u00edn G\u00f3mez. Ingeniera t\u00e9cnica forestal (2007) y de montes (2009). Profesora asociada de la Universitat de Lleida (UdL).<\/li>\n<\/ul>\n<p data-olk-copy-source=\"MessageBody\">Los objetivos de este Caf\u00e9 Forestal son:<\/p>\n<ol>\n<li>Repasar el concepto de ecohidrolog\u00eda y entender la relaci\u00f3n entre bosques y ciclo hidrol\u00f3gico a diferentes escalas.<\/li>\n<li>An\u00e1lisis del contexto actual y tendencias del futuro en contexto de cambio clim\u00e1tico, comprendiendo los legados hist\u00f3ricos de los paisajes mediterr\u00e1neos.<\/li>\n<li>Conocer las iniciativas y proyectos desarrollados en contexto de bosques y agua en Catalu\u00f1a. Ponente: Paula Mart\u00edn G\u00f3mez. Investigadora y responsable del grupo de Bosques y Agua del Centro de Ciencia y Tecnolog\u00eda Forestal de Catalu\u00f1a (CTFC).<\/li>\n<\/ol>\n<p><span style=\"text-decoration: underline;\">Plazas limitadas. Inscripci\u00f3n gratuita para colegiados y precolegiados previa inscripci\u00f3n. Inscripci\u00f3n ordinaria: 15 \u20ac.<\/span><\/p>\n<p style=\"text-align: center;\"><a class=\"tx-button\" href=\"https:\/\/www.forestales.net\/contenidos\/cafeforestal-gestion-y-provision-agua\" target=\"_blank\" style=\"color: #ffffff; background-color: #8aaa62\">INFORMACI\u00d3N E INSCRIPCIONES<\/a>\n<h5><\/h5>\n","protected":false},"excerpt":{"rendered":"<p>CAF\u00c9 FORESTAL \u00abGESTI\u00d3N FORESTAL Y PROVISI\u00d3N DE AGUA. RELACI\u00d3N FUNDAMENTAL EN LA ADAPTACI\u00d3N AL CAMBIO CLIM\u00c1TICO\u00bb El pr\u00f3ximo jueves 23 de octubre a las 16.30 horas el COITF celebra otra sesi\u00f3n de<a class=\"moretag\" href=\"https:\/\/www.fbycc.org\/index.php\/events\/cafe-forestal-gestion-forestal-y-provision-de-agua\/\">Leer m\u00e1s&#8230;<\/a><\/p>\n","protected":false},"author":5,"featured_media":0,"parent":0,"menu_order":0,"comment_status":"closed","ping_status":"closed","template":"","event_listing_category":[246],"class_list":["post-6134","event_listing","type-event_listing","status-publish","hentry"],"_links":{"self":[{"href":"https:\/\/www.fbycc.org\/index.php\/wp-json\/wp\/v2\/event_listing\/6134","targetHints":{"allow":["GET"]}}],"collection":[{"href":"https:\/\/www.fbycc.org\/index.php\/wp-json\/wp\/v2\/event_listing"}],"about":[{"href":"https:\/\/www.fbycc.org\/index.php\/wp-json\/wp\/v2\/types\/event_listing"}],"author":[{"embeddable":true,"href":"https:\/\/www.fbycc.org\/index.php\/wp-json\/wp\/v2\/users\/5"}],"replies":[{"embeddable":true,"href":"https:\/\/www.fbycc.org\/index.php\/wp-json\/wp\/v2\/comments?post=6134"}],"wp:attachment":[{"href":"https:\/\/www.fbycc.org\/index.php\/wp-json\/wp\/v2\/media?parent=6134"}],"wp:term":[{"taxonomy":"event_listing_category","embeddable":true,"href":"https:\/\/www.fbycc.org\/index.php\/wp-json\/wp\/v2\/event_listing_category?post=6134"}],"curies":[{"name":"wp","href":"https:\/\/api.w.org\/{rel}","templated":true}]}}

Café forestal «GESTIÓN FORESTAL Y PROVISIÓN DE AGUA»

<h4><strong data-olk-copy-source="MessageBody">CAFÉ FORESTAL «GESTIÓN FORESTAL Y PROVISIÓN DE AGUA. RELACIÓN FUNDAMENTAL EN LA ADAPTACIÓN AL CAMBIO CLIMÁTICO»</strong></h4>
<p><strong>El próximo jueves 23</strong><strong> de octubre a las 16.30 horas el COITF celebra otra sesión de sus webinars «café forestal». </strong></p>
<ul>
<li>Duración aproximada: 2 horas.</li>
<li>Ponente: Paula Martín Gómez. Ingeniera técnica forestal (2007) y de montes (2009). Profesora asociada de la Universitat de Lleida (UdL).</li>
</ul>
<p data-olk-copy-source="MessageBody">Los objetivos de este Café Forestal son:</p>
<ol>
<li>Repasar el concepto de ecohidrología y entender la relación entre bosques y ciclo hidrológico a diferentes escalas.</li>
<li>Análisis del contexto actual y tendencias del futuro en contexto de cambio climático, comprendiendo los legados históricos de los paisajes mediterráneos.</li>
<li>Conocer las iniciativas y proyectos desarrollados en contexto de bosques y agua en Cataluña. Ponente: Paula Martín Gómez. Investigadora y responsable del grupo de Bosques y Agua del Centro de Ciencia y Tecnología Forestal de Cataluña (CTFC).</li>
</ol>
<p><span style="text-decoration: underline;">Plazas limitadas. Inscripción gratuita para colegiados y precolegiados previa inscripción. Inscripción ordinaria: 15 €.</span></p>
<p style="text-align: center;"><a class="tx-button" href="https://www.forestales.net/contenidos/cafeforestal-gestion-y-provision-agua" target="_blank" style="color: #ffffff; background-color: #8aaa62">INFORMACIÓN E INSCRIPCIONES</a>
<h5></h5>

<p>CAFÉ FORESTAL «GESTIÓN FORESTAL Y PROVISIÓN DE AGUA. RELACIÓN FUNDAMENTAL EN LA ADAPTACIÓN AL CAMBIO CLIMÁTICO» El próximo jueves 23 de octubre a las 16.30 horas el COITF celebra otra sesión de<a class="moretag" href="https://www.fbycc.org/index.php/events/cafe-forestal-gestion-forestal-y-provision-de-agua/">Leer más&#8230;</a></p>
