{"id":6128,"date":"2025-10-16T12:48:21","date_gmt":"2025-10-16T12:48:21","guid":{"rendered":"https:\/\/www.fbycc.org\/?post_type=event_listing&#038;p=6128"},"modified":"2025-10-18T00:50:05","modified_gmt":"2025-10-18T00:50:05","slug":"6128-2","status":"publish","type":"event_listing","link":"https:\/\/www.fbycc.org\/index.php\/events\/6128-2\/","title":{"rendered":"Jornada final eco2for"},"content":{"rendered":"<p><img loading=\"lazy\" decoding=\"async\" class=\"alignnone size-full wp-image-6129\" src=\"https:\/\/www.fbycc.org\/wp-content\/uploads\/2025\/10\/561817054_17910827556244585_5565028167317301883_n.jpg\" alt=\"\" width=\"1080\" height=\"1350\" srcset=\"https:\/\/www.fbycc.org\/wp-content\/uploads\/2025\/10\/561817054_17910827556244585_5565028167317301883_n.jpg 1080w, https:\/\/www.fbycc.org\/wp-content\/uploads\/2025\/10\/561817054_17910827556244585_5565028167317301883_n-240x300.jpg 240w, https:\/\/www.fbycc.org\/wp-content\/uploads\/2025\/10\/561817054_17910827556244585_5565028167317301883_n-819x1024.jpg 819w, https:\/\/www.fbycc.org\/wp-content\/uploads\/2025\/10\/561817054_17910827556244585_5565028167317301883_n-768x960.jpg 768w\" sizes=\"auto, (max-width: 1080px) 100vw, 1080px\" \/><\/p>\n<p>El proyecto eco2for entra en su recta final con la celebraci\u00f3n del\u00a0<strong>evento fin de proyecto<\/strong>\u00a0que estamos organziando para el pr\u00f3ximo\u00a0<strong>4 de noviembre de 2025\u00a0<\/strong>y que se celebrar\u00e1 en el Sal\u00f3n de Actos del Ministerio para la Transici\u00f3n Ecol\u00f3gica y el Reto Demogr\u00e1fico -MITECO- (Plaza San Juan de la Cruz s\/n, Madrid) a partir de las 11:00 horas.<\/p>\n<p>El encuentro servir\u00e1 para comunicar todas las acciones realizadas en el marco del proyecto por las entidades participantes, al tiempo que se podr\u00e1 generar debate sobre los desaf\u00edos y oportunidades relacionados con el mercado de carbono.<\/p>\n<p><strong>Cu\u00e1ndo:\u00a0<\/strong>4 de noviembre de 2025<\/p>\n<p><strong>D\u00f3nde:<\/strong>\u00a0Sal\u00f3n de Actos del Ministerio para la Transici\u00f3n Ecol\u00f3gica y el Reto Demogr\u00e1fico -MITECO- (Plaza San Juan de la Cruz s\/n, Madrid)<\/p>\n<p><span style=\"color: #99cc00;\"><strong>INSCRIPCI\u00d3N GRATUITA<\/strong><\/span><\/p>\n<a class=\"tx-button\" href=\"https:\/\/eco2for.com\/evento-fin-proyecto\/\" target=\"_blank\" style=\"color: #ffffff; background-color: #8aaa62\">INFORMACI\u00d3N E INSCRIPCIONES<\/a>\n","protected":false},"excerpt":{"rendered":"<p>El proyecto eco2for entra en su recta final con la celebraci\u00f3n del\u00a0evento fin de proyecto\u00a0que estamos organziando para el pr\u00f3ximo\u00a04 de noviembre de 2025\u00a0y que se celebrar\u00e1 en el Sal\u00f3n de Actos<a class=\"moretag\" href=\"https:\/\/www.fbycc.org\/index.php\/events\/6128-2\/\">Leer m\u00e1s&#8230;<\/a><\/p>\n","protected":false},"author":5,"featured_media":0,"parent":0,"menu_order":0,"comment_status":"closed","ping_status":"closed","template":"","event_listing_category":[53],"class_list":["post-6128","event_listing","type-event_listing","status-publish","hentry"],"_links":{"self":[{"href":"https:\/\/www.fbycc.org\/index.php\/wp-json\/wp\/v2\/event_listing\/6128","targetHints":{"allow":["GET"]}}],"collection":[{"href":"https:\/\/www.fbycc.org\/index.php\/wp-json\/wp\/v2\/event_listing"}],"about":[{"href":"https:\/\/www.fbycc.org\/index.php\/wp-json\/wp\/v2\/types\/event_listing"}],"author":[{"embeddable":true,"href":"https:\/\/www.fbycc.org\/index.php\/wp-json\/wp\/v2\/users\/5"}],"replies":[{"embeddable":true,"href":"https:\/\/www.fbycc.org\/index.php\/wp-json\/wp\/v2\/comments?post=6128"}],"wp:attachment":[{"href":"https:\/\/www.fbycc.org\/index.php\/wp-json\/wp\/v2\/media?parent=6128"}],"wp:term":[{"taxonomy":"event_listing_category","embeddable":true,"href":"https:\/\/www.fbycc.org\/index.php\/wp-json\/wp\/v2\/event_listing_category?post=6128"}],"curies":[{"name":"wp","href":"https:\/\/api.w.org\/{rel}","templated":true}]}}

<p><img loading="lazy" decoding="async" class="alignnone size-full wp-image-6129" src="https://www.fbycc.org/wp-content/uploads/2025/10/561817054_17910827556244585_5565028167317301883_n.jpg" alt="" width="1080" height="1350" srcset="https://www.fbycc.org/wp-content/uploads/2025/10/561817054_17910827556244585_5565028167317301883_n.jpg 1080w, https://www.fbycc.org/wp-content/uploads/2025/10/561817054_17910827556244585_5565028167317301883_n-240x300.jpg 240w, https://www.fbycc.org/wp-content/uploads/2025/10/561817054_17910827556244585_5565028167317301883_n-819x1024.jpg 819w, https://www.fbycc.org/wp-content/uploads/2025/10/561817054_17910827556244585_5565028167317301883_n-768x960.jpg 768w" sizes="auto, (max-width: 1080px) 100vw, 1080px" /></p>
<p>El proyecto eco2for entra en su recta final con la celebración del <strong>evento fin de proyecto</strong> que estamos organziando para el próximo <strong>4 de noviembre de 2025 </strong>y que se celebrará en el Salón de Actos del Ministerio para la Transición Ecológica y el Reto Demográfico -MITECO- (Plaza San Juan de la Cruz s/n, Madrid) a partir de las 11:00 horas.</p>
<p>El encuentro servirá para comunicar todas las acciones realizadas en el marco del proyecto por las entidades participantes, al tiempo que se podrá generar debate sobre los desafíos y oportunidades relacionados con el mercado de carbono.</p>
<p><strong>Cuándo: </strong>4 de noviembre de 2025</p>
<p><strong>Dónde:</strong> Salón de Actos del Ministerio para la Transición Ecológica y el Reto Demográfico -MITECO- (Plaza San Juan de la Cruz s/n, Madrid)</p>
<p><span style="color: #99cc00;"><strong>INSCRIPCIÓN GRATUITA</strong></span></p>
<a class="tx-button" href="https://eco2for.com/evento-fin-proyecto/" target="_blank" style="color: #ffffff; background-color: #8aaa62">INFORMACIÓN E INSCRIPCIONES</a>

<p>El proyecto eco2for entra en su recta final con la celebración del evento fin de proyecto que estamos organziando para el próximo 4 de noviembre de 2025 y que se celebrará en el Salón de Actos<a class="moretag" href="https://www.fbycc.org/index.php/events/6128-2/">Leer más&#8230;</a></p>
