{"id":6116,"date":"2025-10-07T18:34:24","date_gmt":"2025-10-07T18:34:24","guid":{"rendered":"https:\/\/www.fbycc.org\/?post_type=event_listing&#038;p=6116"},"modified":"2025-10-07T18:34:24","modified_gmt":"2025-10-07T18:34:24","slug":"european-carbon-farming-summit-2026","status":"publish","type":"event_listing","link":"https:\/\/www.fbycc.org\/index.php\/events\/european-carbon-farming-summit-2026\/","title":{"rendered":"European Carbon Farming Summit 2026"},"content":{"rendered":"<p data-start=\"216\" data-end=\"357\"><img loading=\"lazy\" decoding=\"async\" class=\"alignnone size-full wp-image-6118\" src=\"https:\/\/www.fbycc.org\/wp-content\/uploads\/2025\/10\/ECFS-2026-Announcement-Visual_v2.png\" alt=\"\" width=\"1080\" height=\"1080\" srcset=\"https:\/\/www.fbycc.org\/wp-content\/uploads\/2025\/10\/ECFS-2026-Announcement-Visual_v2.png 1080w, https:\/\/www.fbycc.org\/wp-content\/uploads\/2025\/10\/ECFS-2026-Announcement-Visual_v2-300x300.png 300w, https:\/\/www.fbycc.org\/wp-content\/uploads\/2025\/10\/ECFS-2026-Announcement-Visual_v2-1024x1024.png 1024w, https:\/\/www.fbycc.org\/wp-content\/uploads\/2025\/10\/ECFS-2026-Announcement-Visual_v2-150x150.png 150w, https:\/\/www.fbycc.org\/wp-content\/uploads\/2025\/10\/ECFS-2026-Announcement-Visual_v2-768x768.png 768w, https:\/\/www.fbycc.org\/wp-content\/uploads\/2025\/10\/ECFS-2026-Announcement-Visual_v2-50x50.png 50w, https:\/\/www.fbycc.org\/wp-content\/uploads\/2025\/10\/ECFS-2026-Announcement-Visual_v2-250x250.png 250w, https:\/\/www.fbycc.org\/wp-content\/uploads\/2025\/10\/ECFS-2026-Announcement-Visual_v2-500x500.png 500w\" sizes=\"auto, (max-width: 1080px) 100vw, 1080px\" \/><\/p>\n<p style=\"text-align: justify;\" data-start=\"216\" data-end=\"357\">El <strong data-start=\"219\" data-end=\"258\">European Carbon Farming Summit 2026<\/strong> se celebrar\u00e1 del <strong data-start=\"276\" data-end=\"305\">17 al 19 de marzo de 2026<\/strong> en el <strong data-start=\"312\" data-end=\"331\">Padova Congress<\/strong>, en <strong data-start=\"336\" data-end=\"354\">Padua (Italia)<\/strong>.<\/p>\n<p style=\"text-align: justify;\" data-start=\"359\" data-end=\"660\">Este encuentro reunir\u00e1 a representantes del sector agr\u00edcola, investigadores, responsables pol\u00edticos y organizaciones europeas vinculadas a la sostenibilidad, con el objetivo de intercambiar conocimientos y experiencias sobre la <strong data-start=\"587\" data-end=\"613\">agricultura de carbono<\/strong> y las <strong data-start=\"620\" data-end=\"647\">pr\u00e1cticas regenerativas<\/strong> en Europa. Tras el \u00e9xito de la edici\u00f3n de 2025 en Dubl\u00edn, la cumbre de 2026 reunir\u00e1 a cientos de partes interesadas para dar forma al futuro de la agricultura regenerativa en Europa.<\/p>\n<p style=\"text-align: justify;\" data-start=\"662\" data-end=\"864\">El evento forma parte de la serie de cumbres impulsadas por <strong data-start=\"722\" data-end=\"734\">EIT Food<\/strong>, en el marco del proyecto <strong data-start=\"761\" data-end=\"776\">LILAS4SOILS<\/strong>, y cuenta con la colaboraci\u00f3n de <strong data-start=\"810\" data-end=\"836\">Confagricoltura Veneto<\/strong> y <strong data-start=\"839\" data-end=\"861\">Veneto Agricoltura<\/strong>.<\/p>\n<a class=\"tx-button\" href=\"https:\/\/www.carbonfarmingsummit.eu\/european-carbon-farming-summit-2026\" target=\"_blank\" style=\"color: #ffffff; background-color: #8aaa62\">M\u00c1S INFORMACI\u00d3N<\/a>\n","protected":false},"excerpt":{"rendered":"<p>El European Carbon Farming Summit 2026 se celebrar\u00e1 del 17 al 19 de marzo de 2026 en el Padova Congress, en Padua (Italia). Este encuentro reunir\u00e1 a representantes del sector agr\u00edcola, investigadores,<a class=\"moretag\" href=\"https:\/\/www.fbycc.org\/index.php\/events\/european-carbon-farming-summit-2026\/\">Leer m\u00e1s&#8230;<\/a><\/p>\n","protected":false},"author":5,"featured_media":0,"parent":0,"menu_order":0,"comment_status":"closed","ping_status":"closed","template":"","event_listing_category":[76],"class_list":["post-6116","event_listing","type-event_listing","status-publish","hentry"],"_links":{"self":[{"href":"https:\/\/www.fbycc.org\/index.php\/wp-json\/wp\/v2\/event_listing\/6116","targetHints":{"allow":["GET"]}}],"collection":[{"href":"https:\/\/www.fbycc.org\/index.php\/wp-json\/wp\/v2\/event_listing"}],"about":[{"href":"https:\/\/www.fbycc.org\/index.php\/wp-json\/wp\/v2\/types\/event_listing"}],"author":[{"embeddable":true,"href":"https:\/\/www.fbycc.org\/index.php\/wp-json\/wp\/v2\/users\/5"}],"replies":[{"embeddable":true,"href":"https:\/\/www.fbycc.org\/index.php\/wp-json\/wp\/v2\/comments?post=6116"}],"wp:attachment":[{"href":"https:\/\/www.fbycc.org\/index.php\/wp-json\/wp\/v2\/media?parent=6116"}],"wp:term":[{"taxonomy":"event_listing_category","embeddable":true,"href":"https:\/\/www.fbycc.org\/index.php\/wp-json\/wp\/v2\/event_listing_category?post=6116"}],"curies":[{"name":"wp","href":"https:\/\/api.w.org\/{rel}","templated":true}]}}

<p data-start="216" data-end="357"><img loading="lazy" decoding="async" class="alignnone size-full wp-image-6118" src="https://www.fbycc.org/wp-content/uploads/2025/10/ECFS-2026-Announcement-Visual_v2.png" alt="" width="1080" height="1080" srcset="https://www.fbycc.org/wp-content/uploads/2025/10/ECFS-2026-Announcement-Visual_v2.png 1080w, https://www.fbycc.org/wp-content/uploads/2025/10/ECFS-2026-Announcement-Visual_v2-300x300.png 300w, https://www.fbycc.org/wp-content/uploads/2025/10/ECFS-2026-Announcement-Visual_v2-1024x1024.png 1024w, https://www.fbycc.org/wp-content/uploads/2025/10/ECFS-2026-Announcement-Visual_v2-150x150.png 150w, https://www.fbycc.org/wp-content/uploads/2025/10/ECFS-2026-Announcement-Visual_v2-768x768.png 768w, https://www.fbycc.org/wp-content/uploads/2025/10/ECFS-2026-Announcement-Visual_v2-50x50.png 50w, https://www.fbycc.org/wp-content/uploads/2025/10/ECFS-2026-Announcement-Visual_v2-250x250.png 250w, https://www.fbycc.org/wp-content/uploads/2025/10/ECFS-2026-Announcement-Visual_v2-500x500.png 500w" sizes="auto, (max-width: 1080px) 100vw, 1080px" /></p>
<p style="text-align: justify;" data-start="216" data-end="357">El <strong data-start="219" data-end="258">European Carbon Farming Summit 2026</strong> se celebrará del <strong data-start="276" data-end="305">17 al 19 de marzo de 2026</strong> en el <strong data-start="312" data-end="331">Padova Congress</strong>, en <strong data-start="336" data-end="354">Padua (Italia)</strong>.</p>
<p style="text-align: justify;" data-start="359" data-end="660">Este encuentro reunirá a representantes del sector agrícola, investigadores, responsables políticos y organizaciones europeas vinculadas a la sostenibilidad, con el objetivo de intercambiar conocimientos y experiencias sobre la <strong data-start="587" data-end="613">agricultura de carbono</strong> y las <strong data-start="620" data-end="647">prácticas regenerativas</strong> en Europa. Tras el éxito de la edición de 2025 en Dublín, la cumbre de 2026 reunirá a cientos de partes interesadas para dar forma al futuro de la agricultura regenerativa en Europa.</p>
<p style="text-align: justify;" data-start="662" data-end="864">El evento forma parte de la serie de cumbres impulsadas por <strong data-start="722" data-end="734">EIT Food</strong>, en el marco del proyecto <strong data-start="761" data-end="776">LILAS4SOILS</strong>, y cuenta con la colaboración de <strong data-start="810" data-end="836">Confagricoltura Veneto</strong> y <strong data-start="839" data-end="861">Veneto Agricoltura</strong>.</p>
<a class="tx-button" href="https://www.carbonfarmingsummit.eu/european-carbon-farming-summit-2026" target="_blank" style="color: #ffffff; background-color: #8aaa62">MÁS INFORMACIÓN</a>

<p>El European Carbon Farming Summit 2026 se celebrará del 17 al 19 de marzo de 2026 en el Padova Congress, en Padua (Italia). Este encuentro reunirá a representantes del sector agrícola, investigadores,<a class="moretag" href="https://www.fbycc.org/index.php/events/european-carbon-farming-summit-2026/">Leer más&#8230;</a></p>
