{"id":6076,"date":"2025-09-16T10:02:23","date_gmt":"2025-09-16T10:02:23","guid":{"rendered":"https:\/\/www.fbycc.org\/?post_type=event_listing&#038;p=6076"},"modified":"2025-09-16T10:02:23","modified_gmt":"2025-09-16T10:02:23","slug":"iii-foro-de-bioeconomia-de-castilla-y-leon","status":"publish","type":"event_listing","link":"https:\/\/www.fbycc.org\/index.php\/events\/iii-foro-de-bioeconomia-de-castilla-y-leon\/","title":{"rendered":"III Foro de Bioeconom\u00eda de Castilla y Le\u00f3n"},"content":{"rendered":"<p><img loading=\"lazy\" decoding=\"async\" class=\"alignnone size-full wp-image-6077\" src=\"https:\/\/www.fbycc.org\/wp-content\/uploads\/2025\/09\/Captura-de-pantalla-2025-09-16-115353.png\" alt=\"\" width=\"1303\" height=\"403\" srcset=\"https:\/\/www.fbycc.org\/wp-content\/uploads\/2025\/09\/Captura-de-pantalla-2025-09-16-115353.png 1303w, https:\/\/www.fbycc.org\/wp-content\/uploads\/2025\/09\/Captura-de-pantalla-2025-09-16-115353-300x93.png 300w, https:\/\/www.fbycc.org\/wp-content\/uploads\/2025\/09\/Captura-de-pantalla-2025-09-16-115353-1024x317.png 1024w, https:\/\/www.fbycc.org\/wp-content\/uploads\/2025\/09\/Captura-de-pantalla-2025-09-16-115353-768x238.png 768w\" sizes=\"auto, (max-width: 1303px) 100vw, 1303px\" \/><\/p>\n<p style=\"text-align: justify;\">El pr\u00f3ximo <strong>9 y 10 de octubre<\/strong>, la ciudad de <strong>Soria<\/strong> (Castilla y Le\u00f3n) acoger\u00e1 el <strong>III Foro de Bioeconom\u00eda de Castilla y Le\u00f3n<\/strong>, que se plantea como un espacio estrat\u00e9gico de encuentro, reflexi\u00f3n y acci\u00f3n en torno a uno de los pilares de la RIS3 2021-2027: la Iniciativa Emblem\u00e1tica de Bioeconom\u00eda, coordinada por\u00a0Cesefor\u00a0con el apoyo del\u00a0Comisionado de Ciencia y Tecnolog\u00eda de Castilla y Le\u00f3n.<\/p>\n<p style=\"text-align: justify;\">El objetivo de este evento \u00a0es consolidar a Castilla y Le\u00f3n como referente nacional e internacional, acelerando la transformaci\u00f3n sostenible del modelo econ\u00f3mico regional mediante el aprovechamiento innovador y eficiente de los recursos biol\u00f3gicos renovables.<\/p>\n<p>Puedes descubrir el programa completo e inscribirte en:<\/p>\n<p style=\"text-align: center;\"><a class=\"tx-button\" href=\"https:\/\/forodebioeconomia.es\/#Programa\" target=\"_blank\" style=\"color: #ffffff; background-color: #8aaa62\">M\u00c1S INFORMACI\u00d3N<\/a> <a class=\"tx-button\" href=\"https:\/\/2e02l8.share-eu1.hsforms.com\/2OQUZc5F5R9-BDnQPXXl4Ag\" target=\"_blank\" style=\"color: #ffffff; background-color: #8aaa62\">INSCRIPCI\u00d3N<\/a>\n","protected":false},"excerpt":{"rendered":"<p>El pr\u00f3ximo 9 y 10 de octubre, la ciudad de Soria (Castilla y Le\u00f3n) acoger\u00e1 el III Foro de Bioeconom\u00eda de Castilla y Le\u00f3n, que se plantea como un espacio estrat\u00e9gico de<a class=\"moretag\" href=\"https:\/\/www.fbycc.org\/index.php\/events\/iii-foro-de-bioeconomia-de-castilla-y-leon\/\">Leer m\u00e1s&#8230;<\/a><\/p>\n","protected":false},"author":5,"featured_media":0,"parent":0,"menu_order":0,"comment_status":"closed","ping_status":"closed","template":"","event_listing_category":[73],"class_list":["post-6076","event_listing","type-event_listing","status-publish","hentry"],"_links":{"self":[{"href":"https:\/\/www.fbycc.org\/index.php\/wp-json\/wp\/v2\/event_listing\/6076","targetHints":{"allow":["GET"]}}],"collection":[{"href":"https:\/\/www.fbycc.org\/index.php\/wp-json\/wp\/v2\/event_listing"}],"about":[{"href":"https:\/\/www.fbycc.org\/index.php\/wp-json\/wp\/v2\/types\/event_listing"}],"author":[{"embeddable":true,"href":"https:\/\/www.fbycc.org\/index.php\/wp-json\/wp\/v2\/users\/5"}],"replies":[{"embeddable":true,"href":"https:\/\/www.fbycc.org\/index.php\/wp-json\/wp\/v2\/comments?post=6076"}],"wp:attachment":[{"href":"https:\/\/www.fbycc.org\/index.php\/wp-json\/wp\/v2\/media?parent=6076"}],"wp:term":[{"taxonomy":"event_listing_category","embeddable":true,"href":"https:\/\/www.fbycc.org\/index.php\/wp-json\/wp\/v2\/event_listing_category?post=6076"}],"curies":[{"name":"wp","href":"https:\/\/api.w.org\/{rel}","templated":true}]}}

III Foro de Bioeconomía de Castilla y León

<p><img loading="lazy" decoding="async" class="alignnone size-full wp-image-6077" src="https://www.fbycc.org/wp-content/uploads/2025/09/Captura-de-pantalla-2025-09-16-115353.png" alt="" width="1303" height="403" srcset="https://www.fbycc.org/wp-content/uploads/2025/09/Captura-de-pantalla-2025-09-16-115353.png 1303w, https://www.fbycc.org/wp-content/uploads/2025/09/Captura-de-pantalla-2025-09-16-115353-300x93.png 300w, https://www.fbycc.org/wp-content/uploads/2025/09/Captura-de-pantalla-2025-09-16-115353-1024x317.png 1024w, https://www.fbycc.org/wp-content/uploads/2025/09/Captura-de-pantalla-2025-09-16-115353-768x238.png 768w" sizes="auto, (max-width: 1303px) 100vw, 1303px" /></p>
<p style="text-align: justify;">El próximo <strong>9 y 10 de octubre</strong>, la ciudad de <strong>Soria</strong> (Castilla y León) acogerá el <strong>III Foro de Bioeconomía de Castilla y León</strong>, que se plantea como un espacio estratégico de encuentro, reflexión y acción en torno a uno de los pilares de la RIS3 2021-2027: la Iniciativa Emblemática de Bioeconomía, coordinada por Cesefor con el apoyo del Comisionado de Ciencia y Tecnología de Castilla y León.</p>
<p style="text-align: justify;">El objetivo de este evento  es consolidar a Castilla y León como referente nacional e internacional, acelerando la transformación sostenible del modelo económico regional mediante el aprovechamiento innovador y eficiente de los recursos biológicos renovables.</p>
<p>Puedes descubrir el programa completo e inscribirte en:</p>
<p style="text-align: center;"><a class="tx-button" href="https://forodebioeconomia.es/#Programa" target="_blank" style="color: #ffffff; background-color: #8aaa62">MÁS INFORMACIÓN</a> <a class="tx-button" href="https://2e02l8.share-eu1.hsforms.com/2OQUZc5F5R9-BDnQPXXl4Ag" target="_blank" style="color: #ffffff; background-color: #8aaa62">INSCRIPCIÓN</a>

<p>El próximo 9 y 10 de octubre, la ciudad de Soria (Castilla y León) acogerá el III Foro de Bioeconomía de Castilla y León, que se plantea como un espacio estratégico de<a class="moretag" href="https://www.fbycc.org/index.php/events/iii-foro-de-bioeconomia-de-castilla-y-leon/">Leer más&#8230;</a></p>
