{"id":6027,"date":"2025-09-11T12:43:33","date_gmt":"2025-09-11T12:43:33","guid":{"rendered":"https:\/\/www.fbycc.org\/?post_type=event_listing&#038;p=6027"},"modified":"2025-09-11T12:43:33","modified_gmt":"2025-09-11T12:43:33","slug":"webinar-pefc-tu-aliado-para-el-cumplimiento-del-eudr","status":"publish","type":"event_listing","link":"https:\/\/www.fbycc.org\/index.php\/events\/webinar-pefc-tu-aliado-para-el-cumplimiento-del-eudr\/","title":{"rendered":"WEBINAR:  PEFC, tu aliado para el cumplimiento del EUDR"},"content":{"rendered":"<p><img loading=\"lazy\" decoding=\"async\" class=\"alignnone size-full wp-image-6028\" src=\"https:\/\/www.fbycc.org\/wp-content\/uploads\/2025\/09\/dc96da02-0621-5eaa-b459-83cdeadcc71d-1.webp\" alt=\"\" width=\"800\" height=\"418\" srcset=\"https:\/\/www.fbycc.org\/wp-content\/uploads\/2025\/09\/dc96da02-0621-5eaa-b459-83cdeadcc71d-1.webp 800w, https:\/\/www.fbycc.org\/wp-content\/uploads\/2025\/09\/dc96da02-0621-5eaa-b459-83cdeadcc71d-1-300x157.webp 300w, https:\/\/www.fbycc.org\/wp-content\/uploads\/2025\/09\/dc96da02-0621-5eaa-b459-83cdeadcc71d-1-768x401.webp 768w\" sizes=\"auto, (max-width: 800px) 100vw, 800px\" \/><\/p>\n<p>PEFC celebrar\u00e1 el 18 de septiembre de 2025 el webinar <strong>\u00abPEFC, tu aliado para el cumplimiento del EUDR\u00bb.\u00a0<\/strong><\/p>\n<p>Este seminario online de car\u00e1cter t\u00e9cnico, que se llevar\u00e1 a cabo desde las 10:00 a las 14:00 h, analizar\u00e1 los retos y oportunidades que plantea el nuevo Reglamento EUDR, cuya entrada en vigor supone un cambio significativo para el sector forestal y de productos derivados.<\/p>\n<p>Con la participaci\u00f3n de representantes del\u00a0Ministerio para la Transici\u00f3n Ecol\u00f3gica y el Reto Demogr\u00e1fico,\u00a0ASPAPEL,\u00a0Ence\u00a0y el equipo t\u00e9cnico de PEFC Espa\u00f1a, se abordar\u00e1:<\/p>\n<ul>\n<li>El marco normativo del EUDR<\/li>\n<li>El modelo de Diligencia Debida de PEFC<\/li>\n<li>Su aplicaci\u00f3n pr\u00e1ctica en empresas del sector<\/li>\n<\/ul>\n<p>El webinar est\u00e1 dirigido a gestores forestales, empresas de la cadena de valor forestal y entidades interesadas en aplicar correctamente el reglamento.<\/p>\n<p style=\"text-align: center;\"><a class=\"tx-button\" href=\"https:\/\/www.pefc.es\/eventos\/webinar-pefc-tu-aliado-para-el-cumplimiento-del-eudr\" target=\"_blank\" style=\"color: #ffffff; background-color: #8aaa62\">M\u00c1S INFORMACI\u00d3N<\/a> <a class=\"tx-button\" href=\"https:\/\/docs.google.com\/forms\/d\/e\/1FAIpQLSfU3oysTWAhFMOzI95AjhW-ENc393eLkwoo1O66X_gOkFRjcA\/viewform\" target=\"_blank\" style=\"color: #ffffff; background-color: #8aaa62\">INSCRIPCI\u00d3N<\/a>\n","protected":false},"excerpt":{"rendered":"<p>PEFC celebrar\u00e1 el 18 de septiembre de 2025 el webinar \u00abPEFC, tu aliado para el cumplimiento del EUDR\u00bb.\u00a0 Este seminario online de car\u00e1cter t\u00e9cnico, que se llevar\u00e1 a cabo desde las 10:00<a class=\"moretag\" href=\"https:\/\/www.fbycc.org\/index.php\/events\/webinar-pefc-tu-aliado-para-el-cumplimiento-del-eudr\/\">Leer m\u00e1s&#8230;<\/a><\/p>\n","protected":false},"author":5,"featured_media":0,"parent":0,"menu_order":0,"comment_status":"closed","ping_status":"closed","template":"","event_listing_category":[246],"class_list":["post-6027","event_listing","type-event_listing","status-publish","hentry"],"_links":{"self":[{"href":"https:\/\/www.fbycc.org\/index.php\/wp-json\/wp\/v2\/event_listing\/6027","targetHints":{"allow":["GET"]}}],"collection":[{"href":"https:\/\/www.fbycc.org\/index.php\/wp-json\/wp\/v2\/event_listing"}],"about":[{"href":"https:\/\/www.fbycc.org\/index.php\/wp-json\/wp\/v2\/types\/event_listing"}],"author":[{"embeddable":true,"href":"https:\/\/www.fbycc.org\/index.php\/wp-json\/wp\/v2\/users\/5"}],"replies":[{"embeddable":true,"href":"https:\/\/www.fbycc.org\/index.php\/wp-json\/wp\/v2\/comments?post=6027"}],"wp:attachment":[{"href":"https:\/\/www.fbycc.org\/index.php\/wp-json\/wp\/v2\/media?parent=6027"}],"wp:term":[{"taxonomy":"event_listing_category","embeddable":true,"href":"https:\/\/www.fbycc.org\/index.php\/wp-json\/wp\/v2\/event_listing_category?post=6027"}],"curies":[{"name":"wp","href":"https:\/\/api.w.org\/{rel}","templated":true}]}}

<p><img loading="lazy" decoding="async" class="alignnone size-full wp-image-6028" src="https://www.fbycc.org/wp-content/uploads/2025/09/dc96da02-0621-5eaa-b459-83cdeadcc71d-1.webp" alt="" width="800" height="418" srcset="https://www.fbycc.org/wp-content/uploads/2025/09/dc96da02-0621-5eaa-b459-83cdeadcc71d-1.webp 800w, https://www.fbycc.org/wp-content/uploads/2025/09/dc96da02-0621-5eaa-b459-83cdeadcc71d-1-300x157.webp 300w, https://www.fbycc.org/wp-content/uploads/2025/09/dc96da02-0621-5eaa-b459-83cdeadcc71d-1-768x401.webp 768w" sizes="auto, (max-width: 800px) 100vw, 800px" /></p>
<p>PEFC celebrará el 18 de septiembre de 2025 el webinar <strong>«PEFC, tu aliado para el cumplimiento del EUDR». </strong></p>
<p>Este seminario online de carácter técnico, que se llevará a cabo desde las 10:00 a las 14:00 h, analizará los retos y oportunidades que plantea el nuevo Reglamento EUDR, cuya entrada en vigor supone un cambio significativo para el sector forestal y de productos derivados.</p>
<p>Con la participación de representantes del Ministerio para la Transición Ecológica y el Reto Demográfico, ASPAPEL, Ence y el equipo técnico de PEFC España, se abordará:</p>
<ul>
<li>El marco normativo del EUDR</li>
<li>El modelo de Diligencia Debida de PEFC</li>
<li>Su aplicación práctica en empresas del sector</li>
</ul>
<p>El webinar está dirigido a gestores forestales, empresas de la cadena de valor forestal y entidades interesadas en aplicar correctamente el reglamento.</p>
<p style="text-align: center;"><a class="tx-button" href="https://www.pefc.es/eventos/webinar-pefc-tu-aliado-para-el-cumplimiento-del-eudr" target="_blank" style="color: #ffffff; background-color: #8aaa62">MÁS INFORMACIÓN</a> <a class="tx-button" href="https://docs.google.com/forms/d/e/1FAIpQLSfU3oysTWAhFMOzI95AjhW-ENc393eLkwoo1O66X_gOkFRjcA/viewform" target="_blank" style="color: #ffffff; background-color: #8aaa62">INSCRIPCIÓN</a>

<p>PEFC celebrará el 18 de septiembre de 2025 el webinar «PEFC, tu aliado para el cumplimiento del EUDR».  Este seminario online de carácter técnico, que se llevará a cabo desde las 10:00<a class="moretag" href="https://www.fbycc.org/index.php/events/webinar-pefc-tu-aliado-para-el-cumplimiento-del-eudr/">Leer más&#8230;</a></p>
