{"id":6023,"date":"2025-09-11T12:18:45","date_gmt":"2025-09-11T12:18:45","guid":{"rendered":"https:\/\/www.fbycc.org\/?post_type=event_listing&#038;p=6023"},"modified":"2025-09-11T12:20:16","modified_gmt":"2025-09-11T12:20:16","slug":"esg-spain-2025-corporate-sustainability-forum","status":"publish","type":"event_listing","link":"https:\/\/www.fbycc.org\/index.php\/events\/esg-spain-2025-corporate-sustainability-forum\/","title":{"rendered":"ESG Spain 2025 \u2013 Corporate Sustainability Forum"},"content":{"rendered":"<p style=\"text-align: justify;\" data-start=\"273\" data-end=\"420\"><img loading=\"lazy\" decoding=\"async\" class=\"alignnone size-full wp-image-6024\" src=\"https:\/\/www.fbycc.org\/wp-content\/uploads\/2025\/09\/Captura-de-pantalla-2025-09-11-140839.png\" alt=\"\" width=\"1347\" height=\"588\" \/>El pr\u00f3ximo <strong>16 de septiembre<\/strong>, For\u00e9tica organiza <strong data-start=\"341\" data-end=\"359\">ESG Spain 2025<\/strong>, el mayor foro empresarial sobre sostenibilidad en Espa\u00f1a que organiza este a\u00f1o su decimotercera edici\u00f3n.<\/p>\n<p style=\"text-align: justify;\" data-start=\"273\" data-end=\"420\">Una cita para directivos y expertos en sostenibilidad en la que <strong>l\u00edderes de opini\u00f3n nacionales e internacionales<\/strong> analizar\u00e1n las tendencias del presente y futuro de la Sostenibilidad, alineadas con los Objetivos de Desarrollo Sostenible (ODS).<\/p>\n<p style=\"text-align: justify;\" data-start=\"636\" data-end=\"740\">M\u00e1s informaci\u00f3n, programa e inscripciones en su web: <a class=\"decorated-link\" href=\"https:\/\/foretica.org\/esgspain\/\" target=\"_new\" rel=\"noopener\" data-start=\"690\" data-end=\"738\">ESG Spain 2025<\/a><\/p>\n","protected":false},"excerpt":{"rendered":"<p>El pr\u00f3ximo 16 de septiembre, For\u00e9tica organiza ESG Spain 2025, el mayor foro empresarial sobre sostenibilidad en Espa\u00f1a que organiza este a\u00f1o su decimotercera edici\u00f3n. Una cita para directivos y expertos en<a class=\"moretag\" href=\"https:\/\/www.fbycc.org\/index.php\/events\/esg-spain-2025-corporate-sustainability-forum\/\">Leer m\u00e1s&#8230;<\/a><\/p>\n","protected":false},"author":5,"featured_media":0,"parent":0,"menu_order":0,"comment_status":"closed","ping_status":"closed","template":"","event_listing_category":[52],"class_list":["post-6023","event_listing","type-event_listing","status-publish","hentry"],"_links":{"self":[{"href":"https:\/\/www.fbycc.org\/index.php\/wp-json\/wp\/v2\/event_listing\/6023","targetHints":{"allow":["GET"]}}],"collection":[{"href":"https:\/\/www.fbycc.org\/index.php\/wp-json\/wp\/v2\/event_listing"}],"about":[{"href":"https:\/\/www.fbycc.org\/index.php\/wp-json\/wp\/v2\/types\/event_listing"}],"author":[{"embeddable":true,"href":"https:\/\/www.fbycc.org\/index.php\/wp-json\/wp\/v2\/users\/5"}],"replies":[{"embeddable":true,"href":"https:\/\/www.fbycc.org\/index.php\/wp-json\/wp\/v2\/comments?post=6023"}],"wp:attachment":[{"href":"https:\/\/www.fbycc.org\/index.php\/wp-json\/wp\/v2\/media?parent=6023"}],"wp:term":[{"taxonomy":"event_listing_category","embeddable":true,"href":"https:\/\/www.fbycc.org\/index.php\/wp-json\/wp\/v2\/event_listing_category?post=6023"}],"curies":[{"name":"wp","href":"https:\/\/api.w.org\/{rel}","templated":true}]}}

<p style="text-align: justify;" data-start="273" data-end="420"><img loading="lazy" decoding="async" class="alignnone size-full wp-image-6024" src="https://www.fbycc.org/wp-content/uploads/2025/09/Captura-de-pantalla-2025-09-11-140839.png" alt="" width="1347" height="588" />El próximo <strong>16 de septiembre</strong>, Forética organiza <strong data-start="341" data-end="359">ESG Spain 2025</strong>, el mayor foro empresarial sobre sostenibilidad en España que organiza este año su decimotercera edición.</p>
<p style="text-align: justify;" data-start="273" data-end="420">Una cita para directivos y expertos en sostenibilidad en la que <strong>líderes de opinión nacionales e internacionales</strong> analizarán las tendencias del presente y futuro de la Sostenibilidad, alineadas con los Objetivos de Desarrollo Sostenible (ODS).</p>
<p style="text-align: justify;" data-start="636" data-end="740">Más información, programa e inscripciones en su web: <a class="decorated-link" href="https://foretica.org/esgspain/" target="_new" rel="noopener" data-start="690" data-end="738">ESG Spain 2025</a></p>

<p>El próximo 16 de septiembre, Forética organiza ESG Spain 2025, el mayor foro empresarial sobre sostenibilidad en España que organiza este año su decimotercera edición. Una cita para directivos y expertos en<a class="moretag" href="https://www.fbycc.org/index.php/events/esg-spain-2025-corporate-sustainability-forum/">Leer más&#8230;</a></p>
