{"id":6016,"date":"2025-09-10T10:09:48","date_gmt":"2025-09-10T10:09:48","guid":{"rendered":"https:\/\/www.fbycc.org\/?post_type=event_listing&#038;p=6016"},"modified":"2025-09-10T10:19:49","modified_gmt":"2025-09-10T10:19:49","slug":"jornada-climate-action-that-works-for-you","status":"publish","type":"event_listing","link":"https:\/\/www.fbycc.org\/index.php\/events\/jornada-climate-action-that-works-for-you\/","title":{"rendered":"Jornada &#8211; Climate action that works for you"},"content":{"rendered":"<p><img loading=\"lazy\" decoding=\"async\" class=\"alignnone size-full wp-image-6017\" src=\"https:\/\/www.fbycc.org\/wp-content\/uploads\/2025\/09\/event_20250930.jpg\" alt=\"\" width=\"2216\" height=\"1178\" srcset=\"https:\/\/www.fbycc.org\/wp-content\/uploads\/2025\/09\/event_20250930.jpg 2216w, https:\/\/www.fbycc.org\/wp-content\/uploads\/2025\/09\/event_20250930-300x159.jpg 300w, https:\/\/www.fbycc.org\/wp-content\/uploads\/2025\/09\/event_20250930-1024x544.jpg 1024w, https:\/\/www.fbycc.org\/wp-content\/uploads\/2025\/09\/event_20250930-768x408.jpg 768w, https:\/\/www.fbycc.org\/wp-content\/uploads\/2025\/09\/event_20250930-1536x817.jpg 1536w, https:\/\/www.fbycc.org\/wp-content\/uploads\/2025\/09\/event_20250930-2048x1089.jpg 2048w\" sizes=\"auto, (max-width: 2216px) 100vw, 2216px\" \/><\/p>\n<p>Diez a\u00f1os despu\u00e9s del Acuerdo de Par\u00eds, seis a\u00f1os despu\u00e9s del Pacto Verde Europeo y casi un a\u00f1o despu\u00e9s del inicio del nuevo mandato de la Comisi\u00f3n Europea, es hora de hacer balance y mirar hacia el futuro en esta jornada que tendr\u00e1 lugar el <strong>30 de septiembre<\/strong> de 2025, de <strong>8:30 a 19:00<\/strong>.<\/p>\n<p>La Direcci\u00f3n General de Acci\u00f3n por el Clima (DG CLIMA) de la Comisi\u00f3n Europea invita a las partes interesadas de todos los sectores a un evento h\u00edbrido de alto nivel que\u00a0se celebrar\u00e1 en <strong>Bruselas<\/strong> y podr\u00e1 seguirse por <strong>streaming<\/strong>.<\/p>\n<p>Inscr\u00edbete antes del 15 de septiembre:<\/p>\n<a class=\"tx-button\" href=\"https:\/\/register.event-works.europa.eu\/dgscic\/catwfy25\/e\/lk\/k\/\" target=\"_blank\" style=\"color: #ffffff; background-color: #8aaa62\">REGISTRO<\/a> <a class=\"tx-button\" href=\"https:\/\/climate.ec.europa.eu\/citizens-stakeholders\/events\/climate-action-works-you-agenda-competitiveness-prosperity-and-resilience-2025-09-30_en\" target=\"_blank\" style=\"color: #ffffff; background-color: #8aaa62\">M\u00c1S INFORMACI\u00d3N<\/a>\n","protected":false},"excerpt":{"rendered":"<p>Diez a\u00f1os despu\u00e9s del Acuerdo de Par\u00eds, seis a\u00f1os despu\u00e9s del Pacto Verde Europeo y casi un a\u00f1o despu\u00e9s del inicio del nuevo mandato de la Comisi\u00f3n Europea, es hora de hacer<a class=\"moretag\" href=\"https:\/\/www.fbycc.org\/index.php\/events\/jornada-climate-action-that-works-for-you\/\">Leer m\u00e1s&#8230;<\/a><\/p>\n","protected":false},"author":5,"featured_media":0,"parent":0,"menu_order":0,"comment_status":"closed","ping_status":"closed","template":"","event_listing_category":[52],"class_list":["post-6016","event_listing","type-event_listing","status-publish","hentry"],"_links":{"self":[{"href":"https:\/\/www.fbycc.org\/index.php\/wp-json\/wp\/v2\/event_listing\/6016","targetHints":{"allow":["GET"]}}],"collection":[{"href":"https:\/\/www.fbycc.org\/index.php\/wp-json\/wp\/v2\/event_listing"}],"about":[{"href":"https:\/\/www.fbycc.org\/index.php\/wp-json\/wp\/v2\/types\/event_listing"}],"author":[{"embeddable":true,"href":"https:\/\/www.fbycc.org\/index.php\/wp-json\/wp\/v2\/users\/5"}],"replies":[{"embeddable":true,"href":"https:\/\/www.fbycc.org\/index.php\/wp-json\/wp\/v2\/comments?post=6016"}],"wp:attachment":[{"href":"https:\/\/www.fbycc.org\/index.php\/wp-json\/wp\/v2\/media?parent=6016"}],"wp:term":[{"taxonomy":"event_listing_category","embeddable":true,"href":"https:\/\/www.fbycc.org\/index.php\/wp-json\/wp\/v2\/event_listing_category?post=6016"}],"curies":[{"name":"wp","href":"https:\/\/api.w.org\/{rel}","templated":true}]}}

<p><img loading="lazy" decoding="async" class="alignnone size-full wp-image-6017" src="https://www.fbycc.org/wp-content/uploads/2025/09/event_20250930.jpg" alt="" width="2216" height="1178" srcset="https://www.fbycc.org/wp-content/uploads/2025/09/event_20250930.jpg 2216w, https://www.fbycc.org/wp-content/uploads/2025/09/event_20250930-300x159.jpg 300w, https://www.fbycc.org/wp-content/uploads/2025/09/event_20250930-1024x544.jpg 1024w, https://www.fbycc.org/wp-content/uploads/2025/09/event_20250930-768x408.jpg 768w, https://www.fbycc.org/wp-content/uploads/2025/09/event_20250930-1536x817.jpg 1536w, https://www.fbycc.org/wp-content/uploads/2025/09/event_20250930-2048x1089.jpg 2048w" sizes="auto, (max-width: 2216px) 100vw, 2216px" /></p>
<p>Diez años después del Acuerdo de París, seis años después del Pacto Verde Europeo y casi un año después del inicio del nuevo mandato de la Comisión Europea, es hora de hacer balance y mirar hacia el futuro en esta jornada que tendrá lugar el <strong>30 de septiembre</strong> de 2025, de <strong>8:30 a 19:00</strong>.</p>
<p>La Dirección General de Acción por el Clima (DG CLIMA) de la Comisión Europea invita a las partes interesadas de todos los sectores a un evento híbrido de alto nivel que se celebrará en <strong>Bruselas</strong> y podrá seguirse por <strong>streaming</strong>.</p>
<p>Inscríbete antes del 15 de septiembre:</p>
<a class="tx-button" href="https://register.event-works.europa.eu/dgscic/catwfy25/e/lk/k/" target="_blank" style="color: #ffffff; background-color: #8aaa62">REGISTRO</a> <a class="tx-button" href="https://climate.ec.europa.eu/citizens-stakeholders/events/climate-action-works-you-agenda-competitiveness-prosperity-and-resilience-2025-09-30_en" target="_blank" style="color: #ffffff; background-color: #8aaa62">MÁS INFORMACIÓN</a>

<p>Diez años después del Acuerdo de París, seis años después del Pacto Verde Europeo y casi un año después del inicio del nuevo mandato de la Comisión Europea, es hora de hacer<a class="moretag" href="https://www.fbycc.org/index.php/events/jornada-climate-action-that-works-for-you/">Leer más&#8230;</a></p>
