{"id":5920,"date":"2025-08-29T17:15:02","date_gmt":"2025-08-29T17:15:02","guid":{"rendered":"https:\/\/www.fbycc.org\/?post_type=event_listing&#038;p=5920"},"modified":"2025-08-29T17:15:02","modified_gmt":"2025-08-29T17:15:02","slug":"growing-together-women-forests-and-a-sustainable-future","status":"publish","type":"event_listing","link":"https:\/\/www.fbycc.org\/index.php\/events\/growing-together-women-forests-and-a-sustainable-future\/","title":{"rendered":"Growing Together: Women, Forests, and a Sustainable Future"},"content":{"rendered":"<p><img loading=\"lazy\" decoding=\"async\" class=\"alignnone size-full wp-image-5921\" src=\"https:\/\/www.fbycc.org\/wp-content\/uploads\/2025\/08\/1755898621953.png\" alt=\"\" width=\"1280\" height=\"720\" srcset=\"https:\/\/www.fbycc.org\/wp-content\/uploads\/2025\/08\/1755898621953.png 1280w, https:\/\/www.fbycc.org\/wp-content\/uploads\/2025\/08\/1755898621953-300x169.png 300w, https:\/\/www.fbycc.org\/wp-content\/uploads\/2025\/08\/1755898621953-1024x576.png 1024w, https:\/\/www.fbycc.org\/wp-content\/uploads\/2025\/08\/1755898621953-768x432.png 768w\" sizes=\"auto, (max-width: 1280px) 100vw, 1280px\" \/><\/p>\n<p style=\"text-align: justify;\">Este encuentro reunir\u00e1 a ponentes de Islandia, Austria, Polonia, Alemania, Eslovenia, Estados Unidos, Espa\u00f1a y Mongolia para destacar el papel de la mujer en la silvicultura. Se har\u00e1 hincapi\u00e9 en la necesidad de transformar los sistemas educativos y debatir\u00e1n el papel de la mujer en el cambiante mundo del cambio clim\u00e1tico. El segundo d\u00eda, los asistentes podr\u00e1n conocer Islandia y su belleza natural.<\/p>\n<p style=\"text-align: justify;\">La cuota de inscripci\u00f3n a la conferencia es de 100 \u20ac. La cuota cubre los gastos de la conferencia y la visita de estudio.\u00a0Los participantes deben gestionar sus reservas y cubrir los gastos de viaje y alojamiento.<\/p>\n<p style=\"text-align: center;\"><a class=\"tx-button\" href=\"https:\/\/www.linkedin.com\/events\/growingtogether-women-forests-a7364772618253590529\/\" target=\"_blank\" style=\"color: #ffffff; background-color: #8aaa62\">M\u00c1S INFORMACI\u00d3N<\/a> <a class=\"tx-button\" href=\"https:\/\/docs.google.com\/forms\/d\/e\/1FAIpQLSfRavIZKdKKXMwJ8ufM_0qvVat4fUyQ834zUjUBf4EBkdPYvQ\/viewform\" target=\"_blank\" style=\"color: #ffffff; background-color: #8aaa62\">INSCRIPCI\u00d3N<\/a>\n<p>&nbsp;<\/p>\n","protected":false},"excerpt":{"rendered":"<p>Este encuentro reunir\u00e1 a ponentes de Islandia, Austria, Polonia, Alemania, Eslovenia, Estados Unidos, Espa\u00f1a y Mongolia para destacar el papel de la mujer en la silvicultura. Se har\u00e1 hincapi\u00e9 en la necesidad<a class=\"moretag\" href=\"https:\/\/www.fbycc.org\/index.php\/events\/growing-together-women-forests-and-a-sustainable-future\/\">Leer m\u00e1s&#8230;<\/a><\/p>\n","protected":false},"author":5,"featured_media":0,"parent":0,"menu_order":0,"comment_status":"closed","ping_status":"closed","template":"","event_listing_category":[73],"class_list":["post-5920","event_listing","type-event_listing","status-publish","hentry"],"_links":{"self":[{"href":"https:\/\/www.fbycc.org\/index.php\/wp-json\/wp\/v2\/event_listing\/5920","targetHints":{"allow":["GET"]}}],"collection":[{"href":"https:\/\/www.fbycc.org\/index.php\/wp-json\/wp\/v2\/event_listing"}],"about":[{"href":"https:\/\/www.fbycc.org\/index.php\/wp-json\/wp\/v2\/types\/event_listing"}],"author":[{"embeddable":true,"href":"https:\/\/www.fbycc.org\/index.php\/wp-json\/wp\/v2\/users\/5"}],"replies":[{"embeddable":true,"href":"https:\/\/www.fbycc.org\/index.php\/wp-json\/wp\/v2\/comments?post=5920"}],"wp:attachment":[{"href":"https:\/\/www.fbycc.org\/index.php\/wp-json\/wp\/v2\/media?parent=5920"}],"wp:term":[{"taxonomy":"event_listing_category","embeddable":true,"href":"https:\/\/www.fbycc.org\/index.php\/wp-json\/wp\/v2\/event_listing_category?post=5920"}],"curies":[{"name":"wp","href":"https:\/\/api.w.org\/{rel}","templated":true}]}}

<p><img loading="lazy" decoding="async" class="alignnone size-full wp-image-5921" src="https://www.fbycc.org/wp-content/uploads/2025/08/1755898621953.png" alt="" width="1280" height="720" srcset="https://www.fbycc.org/wp-content/uploads/2025/08/1755898621953.png 1280w, https://www.fbycc.org/wp-content/uploads/2025/08/1755898621953-300x169.png 300w, https://www.fbycc.org/wp-content/uploads/2025/08/1755898621953-1024x576.png 1024w, https://www.fbycc.org/wp-content/uploads/2025/08/1755898621953-768x432.png 768w" sizes="auto, (max-width: 1280px) 100vw, 1280px" /></p>
<p style="text-align: justify;">Este encuentro reunirá a ponentes de Islandia, Austria, Polonia, Alemania, Eslovenia, Estados Unidos, España y Mongolia para destacar el papel de la mujer en la silvicultura. Se hará hincapié en la necesidad de transformar los sistemas educativos y debatirán el papel de la mujer en el cambiante mundo del cambio climático. El segundo día, los asistentes podrán conocer Islandia y su belleza natural.</p>
<p style="text-align: justify;">La cuota de inscripción a la conferencia es de 100 €. La cuota cubre los gastos de la conferencia y la visita de estudio. Los participantes deben gestionar sus reservas y cubrir los gastos de viaje y alojamiento.</p>
<p style="text-align: center;"><a class="tx-button" href="https://www.linkedin.com/events/growingtogether-women-forests-a7364772618253590529/" target="_blank" style="color: #ffffff; background-color: #8aaa62">MÁS INFORMACIÓN</a> <a class="tx-button" href="https://docs.google.com/forms/d/e/1FAIpQLSfRavIZKdKKXMwJ8ufM_0qvVat4fUyQ834zUjUBf4EBkdPYvQ/viewform" target="_blank" style="color: #ffffff; background-color: #8aaa62">INSCRIPCIÓN</a>
<p>&nbsp;</p>

<p>Este encuentro reunirá a ponentes de Islandia, Austria, Polonia, Alemania, Eslovenia, Estados Unidos, España y Mongolia para destacar el papel de la mujer en la silvicultura. Se hará hincapié en la necesidad<a class="moretag" href="https://www.fbycc.org/index.php/events/growing-together-women-forests-and-a-sustainable-future/">Leer más&#8230;</a></p>
