{"id":5774,"date":"2025-08-19T15:23:54","date_gmt":"2025-08-19T15:23:54","guid":{"rendered":"https:\/\/www.fbycc.org\/?post_type=event_listing&#038;p=5774"},"modified":"2025-09-22T09:21:39","modified_gmt":"2025-09-22T09:21:39","slug":"evento-nature-positive","status":"publish","type":"event_listing","link":"https:\/\/www.fbycc.org\/index.php\/events\/evento-nature-positive\/","title":{"rendered":"El valor del bosque: soluciones naturales para una nueva econom\u00eda del carbono"},"content":{"rendered":"<p><img loading=\"lazy\" decoding=\"async\" class=\"alignnone size-full wp-image-6020\" src=\"https:\/\/www.fbycc.org\/wp-content\/uploads\/2025\/08\/Poster-actualizado.png\" alt=\"\" width=\"1583\" height=\"2000\" srcset=\"https:\/\/www.fbycc.org\/wp-content\/uploads\/2025\/08\/Poster-actualizado.png 1583w, https:\/\/www.fbycc.org\/wp-content\/uploads\/2025\/08\/Poster-actualizado-237x300.png 237w, https:\/\/www.fbycc.org\/wp-content\/uploads\/2025\/08\/Poster-actualizado-810x1024.png 810w, https:\/\/www.fbycc.org\/wp-content\/uploads\/2025\/08\/Poster-actualizado-768x970.png 768w, https:\/\/www.fbycc.org\/wp-content\/uploads\/2025\/08\/Poster-actualizado-1216x1536.png 1216w\" sizes=\"auto, (max-width: 1583px) 100vw, 1583px\" \/><\/p>\n<p style=\"text-align: justify;\">El pr\u00f3ximo <strong>25 de septiembre<\/strong> tendr\u00e1 lugar el evento \u00ab<strong>el<\/strong> <strong>valor del bosque: soluciones naturales para una nueva econom\u00eda del carbono\u00bb. <\/strong>El evento est\u00e1 organizado por <a href=\"https:\/\/www.airco2.earth\/\">AirCO2<\/a> en colaboraci\u00f3n con ENCE, Ontime, el Foro de Bosques y Cambio Clim\u00e1tico, Corresponsables y la Universidad Polit\u00e9cnica de Madrid.<\/p>\n<p style=\"text-align: justify;\">La <a href=\"https:\/\/share.google\/UGdOX8srtNSn6GnrZ\">Escuela T\u00e9cnica Superior de Ingenieros de Montes (Madrid)<\/a>, acoger\u00e1 una jornada \u00fanica que reunir\u00e1 a referentes del \u00e1mbito acad\u00e9mico, empresarial e institucional para reflexionar sobre el papel estrat\u00e9gico de nuestros bosques y presentar el est\u00e1ndar Nature Positive+, desarrollado por airCO2, como un veh\u00edculo para canalizar inversiones y estimular la gesti\u00f3n forestal sostenible que hoy resulta m\u00e1s necesaria que nunca.<\/p>\n<p>El programa del evento, que se celebrar\u00e1 de 10:00 a 12:30 el 25 de septiembre:<\/p>\n<ul>\n<li>Bienvenida institucional &#8211; ETSI Montes UPM<\/li>\n<li>El bosque como activo estrat\u00e9gico con Susana Posada (DIRSE), Juan Picos (UVigo) y Luis Diaz-Balteiro (UPM).<\/li>\n<li>Gest\u00f3n forestal y carbono con Luis Javier S\u00e1nchez Hernando (ENCE), Rafael Permuy Mart\u00ednez (Bosquia), Miguel \u00c1ngel Duralde (Foro de Bosques y Cambio Clim\u00e1tico) y Salvador Roig-Coll.<\/li>\n<li>La voz de la empresa con Juan Manuel Valverde Izquierdo (Ontime), Mateo Salazar Rodr\u00edguez (KPMG), Antonio Almodovar (Grupo Atlante), Jos\u00e9 Antonio Zamora Sanz y Fundaci\u00f3n Repsol<\/li>\n<li>Presentaci\u00f3n del est\u00e1ndar Nature Positive+ con M\u00e1ximo S\u00e1nchez (AirCO2)<\/li>\n<li>Cierre a cargo de Marcos Gonzalez Morales (Corresponsables)<\/li>\n<\/ul>\n<p>El evento culminar\u00e1 con un espacio de networking y una visita al arboreto de la Escuela.<\/p>\n<p>Plazas limitadas, ap\u00fantate aqu\u00ed:<\/p>\n<p style=\"text-align: center;\"><a class=\"tx-button\" href=\"https:\/\/form.typeform.com\/to\/TBLqIB28?typeform-source=www.linkedin.com\" target=\"_blank\" style=\"color: #ffffff; background-color: #8aaa62\">INSCRIPCI\u00d3N<\/a>\n","protected":false},"excerpt":{"rendered":"<p>El pr\u00f3ximo 25 de septiembre tendr\u00e1 lugar el evento \u00abel valor del bosque: soluciones naturales para una nueva econom\u00eda del carbono\u00bb. El evento est\u00e1 organizado por AirCO2 en colaboraci\u00f3n con ENCE, Ontime,<a class=\"moretag\" href=\"https:\/\/www.fbycc.org\/index.php\/events\/evento-nature-positive\/\">Leer m\u00e1s&#8230;<\/a><\/p>\n","protected":false},"author":5,"featured_media":0,"parent":0,"menu_order":0,"comment_status":"closed","ping_status":"closed","template":"","event_listing_category":[52],"class_list":["post-5774","event_listing","type-event_listing","status-publish","hentry"],"_links":{"self":[{"href":"https:\/\/www.fbycc.org\/index.php\/wp-json\/wp\/v2\/event_listing\/5774","targetHints":{"allow":["GET"]}}],"collection":[{"href":"https:\/\/www.fbycc.org\/index.php\/wp-json\/wp\/v2\/event_listing"}],"about":[{"href":"https:\/\/www.fbycc.org\/index.php\/wp-json\/wp\/v2\/types\/event_listing"}],"author":[{"embeddable":true,"href":"https:\/\/www.fbycc.org\/index.php\/wp-json\/wp\/v2\/users\/5"}],"replies":[{"embeddable":true,"href":"https:\/\/www.fbycc.org\/index.php\/wp-json\/wp\/v2\/comments?post=5774"}],"wp:attachment":[{"href":"https:\/\/www.fbycc.org\/index.php\/wp-json\/wp\/v2\/media?parent=5774"}],"wp:term":[{"taxonomy":"event_listing_category","embeddable":true,"href":"https:\/\/www.fbycc.org\/index.php\/wp-json\/wp\/v2\/event_listing_category?post=5774"}],"curies":[{"name":"wp","href":"https:\/\/api.w.org\/{rel}","templated":true}]}}

El valor del bosque: soluciones naturales para una nueva economía del carbono

<p><img loading="lazy" decoding="async" class="alignnone size-full wp-image-6020" src="https://www.fbycc.org/wp-content/uploads/2025/08/Poster-actualizado.png" alt="" width="1583" height="2000" srcset="https://www.fbycc.org/wp-content/uploads/2025/08/Poster-actualizado.png 1583w, https://www.fbycc.org/wp-content/uploads/2025/08/Poster-actualizado-237x300.png 237w, https://www.fbycc.org/wp-content/uploads/2025/08/Poster-actualizado-810x1024.png 810w, https://www.fbycc.org/wp-content/uploads/2025/08/Poster-actualizado-768x970.png 768w, https://www.fbycc.org/wp-content/uploads/2025/08/Poster-actualizado-1216x1536.png 1216w" sizes="auto, (max-width: 1583px) 100vw, 1583px" /></p>
<p style="text-align: justify;">El próximo <strong>25 de septiembre</strong> tendrá lugar el evento «<strong>el</strong> <strong>valor del bosque: soluciones naturales para una nueva economía del carbono». </strong>El evento está organizado por <a href="https://www.airco2.earth/">AirCO2</a> en colaboración con ENCE, Ontime, el Foro de Bosques y Cambio Climático, Corresponsables y la Universidad Politécnica de Madrid.</p>
<p style="text-align: justify;">La <a href="https://share.google/UGdOX8srtNSn6GnrZ">Escuela Técnica Superior de Ingenieros de Montes (Madrid)</a>, acogerá una jornada única que reunirá a referentes del ámbito académico, empresarial e institucional para reflexionar sobre el papel estratégico de nuestros bosques y presentar el estándar Nature Positive+, desarrollado por airCO2, como un vehículo para canalizar inversiones y estimular la gestión forestal sostenible que hoy resulta más necesaria que nunca.</p>
<p>El programa del evento, que se celebrará de 10:00 a 12:30 el 25 de septiembre:</p>
<ul>
<li>Bienvenida institucional &#8211; ETSI Montes UPM</li>
<li>El bosque como activo estratégico con Susana Posada (DIRSE), Juan Picos (UVigo) y Luis Diaz-Balteiro (UPM).</li>
<li>Gestón forestal y carbono con Luis Javier Sánchez Hernando (ENCE), Rafael Permuy Martínez (Bosquia), Miguel Ángel Duralde (Foro de Bosques y Cambio Climático) y Salvador Roig-Coll.</li>
<li>La voz de la empresa con Juan Manuel Valverde Izquierdo (Ontime), Mateo Salazar Rodríguez (KPMG), Antonio Almodovar (Grupo Atlante), José Antonio Zamora Sanz y Fundación Repsol</li>
<li>Presentación del estándar Nature Positive+ con Máximo Sánchez (AirCO2)</li>
<li>Cierre a cargo de Marcos Gonzalez Morales (Corresponsables)</li>
</ul>
<p>El evento culminará con un espacio de networking y una visita al arboreto de la Escuela.</p>
<p>Plazas limitadas, apúntate aquí:</p>
<p style="text-align: center;"><a class="tx-button" href="https://form.typeform.com/to/TBLqIB28?typeform-source=www.linkedin.com" target="_blank" style="color: #ffffff; background-color: #8aaa62">INSCRIPCIÓN</a>

<p>El próximo 25 de septiembre tendrá lugar el evento «el valor del bosque: soluciones naturales para una nueva economía del carbono». El evento está organizado por AirCO2 en colaboración con ENCE, Ontime,<a class="moretag" href="https://www.fbycc.org/index.php/events/evento-nature-positive/">Leer más&#8230;</a></p>
