{"id":5771,"date":"2025-08-19T15:09:13","date_gmt":"2025-08-19T15:09:13","guid":{"rendered":"https:\/\/www.fbycc.org\/?post_type=event_listing&#038;p=5771"},"modified":"2025-08-19T16:07:22","modified_gmt":"2025-08-19T16:07:22","slug":"webinar-laurus-network","status":"publish","type":"event_listing","link":"https:\/\/www.fbycc.org\/index.php\/events\/webinar-laurus-network\/","title":{"rendered":"Webinar \u00abThe voluntary Carbon Market and land use carbon markets in Europe\u00bb"},"content":{"rendered":"<p><img loading=\"lazy\" decoding=\"async\" class=\"alignnone size-full wp-image-5773\" src=\"https:\/\/www.fbycc.org\/wp-content\/uploads\/2025\/08\/1753608365966.jpg\" alt=\"\" width=\"800\" height=\"1000\" srcset=\"https:\/\/www.fbycc.org\/wp-content\/uploads\/2025\/08\/1753608365966.jpg 800w, https:\/\/www.fbycc.org\/wp-content\/uploads\/2025\/08\/1753608365966-240x300.jpg 240w, https:\/\/www.fbycc.org\/wp-content\/uploads\/2025\/08\/1753608365966-768x960.jpg 768w\" sizes=\"auto, (max-width: 800px) 100vw, 800px\" \/><\/p>\n<p style=\"text-align: justify;\">El pr\u00f3ximo 17 de septiembre tendr\u00e1 lugar el<strong> webinar \u201cThe Voluntary Carbon Market and Land Use Carbon Projects in Europe\u201d<\/strong> de 11:00 a 13:00 CET (en Espa\u00f1a de 12:00 a 14:00).<\/p>\n<p style=\"text-align: justify;\">Este seminario abordar\u00e1 cuestiones muy relevantes para nuestro sector, como las posibilidades que tienen los propietarios y gestores forestales de beneficiarse de los mercados voluntarios de carbono, los requisitos principales para desarrollar proyectos en este \u00e1mbito, as\u00ed como el potencial de ingresos, los riesgos y ejemplos pr\u00e1cticos de iniciativas que ya se est\u00e1n llevando a cabo en Europa.<\/p>\n<p>La participaci\u00f3n es gratuita, pero requiere inscripci\u00f3n previa en:<\/p>\n<p style=\"text-align: center;\"><a class=\"tx-button\" href=\"https:\/\/www.laurusnetwork.eu\/registration\/\" target=\"_blank\" style=\"color: #ffffff; background-color: #8aaa62\">INSCRIPCI\u00d3N<\/a>\n","protected":false},"excerpt":{"rendered":"<p>El pr\u00f3ximo 17 de septiembre tendr\u00e1 lugar el webinar \u201cThe Voluntary Carbon Market and Land Use Carbon Projects in Europe\u201d de 11:00 a 13:00 CET (en Espa\u00f1a de 12:00 a 14:00). Este<a class=\"moretag\" href=\"https:\/\/www.fbycc.org\/index.php\/events\/webinar-laurus-network\/\">Leer m\u00e1s&#8230;<\/a><\/p>\n","protected":false},"author":5,"featured_media":0,"parent":0,"menu_order":0,"comment_status":"closed","ping_status":"closed","template":"","event_listing_category":[246],"class_list":["post-5771","event_listing","type-event_listing","status-publish","hentry"],"_links":{"self":[{"href":"https:\/\/www.fbycc.org\/index.php\/wp-json\/wp\/v2\/event_listing\/5771","targetHints":{"allow":["GET"]}}],"collection":[{"href":"https:\/\/www.fbycc.org\/index.php\/wp-json\/wp\/v2\/event_listing"}],"about":[{"href":"https:\/\/www.fbycc.org\/index.php\/wp-json\/wp\/v2\/types\/event_listing"}],"author":[{"embeddable":true,"href":"https:\/\/www.fbycc.org\/index.php\/wp-json\/wp\/v2\/users\/5"}],"replies":[{"embeddable":true,"href":"https:\/\/www.fbycc.org\/index.php\/wp-json\/wp\/v2\/comments?post=5771"}],"wp:attachment":[{"href":"https:\/\/www.fbycc.org\/index.php\/wp-json\/wp\/v2\/media?parent=5771"}],"wp:term":[{"taxonomy":"event_listing_category","embeddable":true,"href":"https:\/\/www.fbycc.org\/index.php\/wp-json\/wp\/v2\/event_listing_category?post=5771"}],"curies":[{"name":"wp","href":"https:\/\/api.w.org\/{rel}","templated":true}]}}

<p><img loading="lazy" decoding="async" class="alignnone size-full wp-image-5773" src="https://www.fbycc.org/wp-content/uploads/2025/08/1753608365966.jpg" alt="" width="800" height="1000" srcset="https://www.fbycc.org/wp-content/uploads/2025/08/1753608365966.jpg 800w, https://www.fbycc.org/wp-content/uploads/2025/08/1753608365966-240x300.jpg 240w, https://www.fbycc.org/wp-content/uploads/2025/08/1753608365966-768x960.jpg 768w" sizes="auto, (max-width: 800px) 100vw, 800px" /></p>
<p style="text-align: justify;">El próximo 17 de septiembre tendrá lugar el<strong> webinar “The Voluntary Carbon Market and Land Use Carbon Projects in Europe”</strong> de 11:00 a 13:00 CET (en España de 12:00 a 14:00).</p>
<p style="text-align: justify;">Este seminario abordará cuestiones muy relevantes para nuestro sector, como las posibilidades que tienen los propietarios y gestores forestales de beneficiarse de los mercados voluntarios de carbono, los requisitos principales para desarrollar proyectos en este ámbito, así como el potencial de ingresos, los riesgos y ejemplos prácticos de iniciativas que ya se están llevando a cabo en Europa.</p>
<p>La participación es gratuita, pero requiere inscripción previa en:</p>
<p style="text-align: center;"><a class="tx-button" href="https://www.laurusnetwork.eu/registration/" target="_blank" style="color: #ffffff; background-color: #8aaa62">INSCRIPCIÓN</a>

<p>El próximo 17 de septiembre tendrá lugar el webinar “The Voluntary Carbon Market and Land Use Carbon Projects in Europe” de 11:00 a 13:00 CET (en España de 12:00 a 14:00). Este<a class="moretag" href="https://www.fbycc.org/index.php/events/webinar-laurus-network/">Leer más&#8230;</a></p>
