{"id":5649,"date":"2025-05-12T09:41:19","date_gmt":"2025-05-12T09:41:19","guid":{"rendered":"https:\/\/www.fbycc.org\/?post_type=event_listing&#038;p=5649"},"modified":"2025-05-12T09:41:19","modified_gmt":"2025-05-12T09:41:19","slug":"jornada-de-transferencia-investigacion-aplicada-en-el-sector-forestal","status":"publish","type":"event_listing","link":"https:\/\/www.fbycc.org\/index.php\/events\/jornada-de-transferencia-investigacion-aplicada-en-el-sector-forestal\/","title":{"rendered":"JORNADA DE TRANSFERENCIA: Investigaci\u00f3n aplicada en el sector forestal"},"content":{"rendered":"<p><img loading=\"lazy\" decoding=\"async\" class=\"alignnone size-full wp-image-5651\" src=\"https:\/\/www.fbycc.org\/wp-content\/uploads\/2025\/05\/Captura-de-pantalla-2025-05-12-113857-1.png\" alt=\"\" width=\"1167\" height=\"602\" srcset=\"https:\/\/www.fbycc.org\/wp-content\/uploads\/2025\/05\/Captura-de-pantalla-2025-05-12-113857-1.png 1167w, https:\/\/www.fbycc.org\/wp-content\/uploads\/2025\/05\/Captura-de-pantalla-2025-05-12-113857-1-300x155.png 300w, https:\/\/www.fbycc.org\/wp-content\/uploads\/2025\/05\/Captura-de-pantalla-2025-05-12-113857-1-1024x528.png 1024w, https:\/\/www.fbycc.org\/wp-content\/uploads\/2025\/05\/Captura-de-pantalla-2025-05-12-113857-1-768x396.png 768w\" sizes=\"auto, (max-width: 1167px) 100vw, 1167px\" \/><\/p>\n<p>&nbsp;<\/p>\n<p>El pr\u00f3ximo <strong>21 de mayo, de 16:00 a 18:00 horas,<\/strong> se celebrar\u00e1 <strong>online<\/strong> la jornada de transferencia <b><i>\u201cInvestigaci\u00f3n aplicada en el sector forestal: di\u00e1logo entre ciencia y gesti\u00f3n\u201d. <\/i><\/b>Esta jornada organizada por la\u00a0<b>Unidad Asociada Gesti\u00f3n Forestal Sostenible (iuFOR\u2013ICIFOR\u2013MNCN, UVA\/CSIC)<\/b>,<b>\u00a0<\/b>tiene el objetivo de fomentar el intercambio de conocimiento y experiencias entre investigadores e instituciones del sector forestal, para fortalecer la colaboraci\u00f3n entre ciencia y gesti\u00f3n forestal sostenible.<\/p>\n<p><span style=\"text-decoration: underline;\">Dirigido a<\/span>: T\u00e9cnicos y gestores forestales, empresas,asociaciones, universidades, centros de investigaci\u00f3nnacionales e internacionales.<\/p>\n<p><span style=\"text-decoration: underline;\">Jornada<\/span>: incluir\u00e1 comunicaciones breves\u00a0y una\u00a0mesa redonda para fomentar el intercambio entre ciencia y pr\u00e1ctica.<\/p>\n<p><strong>INCRIPCI\u00d3N GRATUITA<\/strong><\/p>\n<p style=\"text-align: center;\"><a class=\"tx-button\" href=\"https:\/\/www.dropbox.com\/scl\/fi\/k81didp5gqj5hh03rdrok\/Diptico_informativo_jornada-UA-Gestion-Forestal-Sostenible-iuFOR-ICIFOR-MNCN.pdf?rlkey=j9gtotfdtc1hqfxc1tvmv65a7&#038;st=79ho2cmt&#038;dl=0\" target=\"_blank\" style=\"color: #ffffff; background-color: #8aaa62\">PROGRAMA<\/a>\n<p style=\"text-align: center;\"><a class=\"tx-button\" href=\"https:\/\/eventos.uva.es\/135403\/tickets.html\" target=\"_blank\" style=\"color: #ffffff; background-color: #62aa81\">INSCRIPCIONES<\/a>\n<p style=\"text-align: center;\"><a class=\"tx-button\" href=\"https:\/\/eventos.uva.es\/135403\/detail\/jornada-de-transferencia-de-la-unidad-asociada-gestion-forestal-sostenible-iufor-n-csic.html\" target=\"_blank\" style=\"color: #ffffff; background-color: #6298aa\">M\u00c1S INFORMACI\u00d3N<\/a>\n","protected":false},"excerpt":{"rendered":"<p>&nbsp; El pr\u00f3ximo 21 de mayo, de 16:00 a 18:00 horas, se celebrar\u00e1 online la jornada de transferencia \u201cInvestigaci\u00f3n aplicada en el sector forestal: di\u00e1logo entre ciencia y gesti\u00f3n\u201d. Esta jornada organizada<a class=\"moretag\" href=\"https:\/\/www.fbycc.org\/index.php\/events\/jornada-de-transferencia-investigacion-aplicada-en-el-sector-forestal\/\">Leer m\u00e1s&#8230;<\/a><\/p>\n","protected":false},"author":5,"featured_media":0,"parent":0,"menu_order":0,"comment_status":"closed","ping_status":"closed","template":"","event_listing_category":[265],"class_list":["post-5649","event_listing","type-event_listing","status-publish","hentry"],"_links":{"self":[{"href":"https:\/\/www.fbycc.org\/index.php\/wp-json\/wp\/v2\/event_listing\/5649","targetHints":{"allow":["GET"]}}],"collection":[{"href":"https:\/\/www.fbycc.org\/index.php\/wp-json\/wp\/v2\/event_listing"}],"about":[{"href":"https:\/\/www.fbycc.org\/index.php\/wp-json\/wp\/v2\/types\/event_listing"}],"author":[{"embeddable":true,"href":"https:\/\/www.fbycc.org\/index.php\/wp-json\/wp\/v2\/users\/5"}],"replies":[{"embeddable":true,"href":"https:\/\/www.fbycc.org\/index.php\/wp-json\/wp\/v2\/comments?post=5649"}],"wp:attachment":[{"href":"https:\/\/www.fbycc.org\/index.php\/wp-json\/wp\/v2\/media?parent=5649"}],"wp:term":[{"taxonomy":"event_listing_category","embeddable":true,"href":"https:\/\/www.fbycc.org\/index.php\/wp-json\/wp\/v2\/event_listing_category?post=5649"}],"curies":[{"name":"wp","href":"https:\/\/api.w.org\/{rel}","templated":true}]}}

JORNADA DE TRANSFERENCIA: Investigación aplicada en el sector forestal

<p><img loading="lazy" decoding="async" class="alignnone size-full wp-image-5651" src="https://www.fbycc.org/wp-content/uploads/2025/05/Captura-de-pantalla-2025-05-12-113857-1.png" alt="" width="1167" height="602" srcset="https://www.fbycc.org/wp-content/uploads/2025/05/Captura-de-pantalla-2025-05-12-113857-1.png 1167w, https://www.fbycc.org/wp-content/uploads/2025/05/Captura-de-pantalla-2025-05-12-113857-1-300x155.png 300w, https://www.fbycc.org/wp-content/uploads/2025/05/Captura-de-pantalla-2025-05-12-113857-1-1024x528.png 1024w, https://www.fbycc.org/wp-content/uploads/2025/05/Captura-de-pantalla-2025-05-12-113857-1-768x396.png 768w" sizes="auto, (max-width: 1167px) 100vw, 1167px" /></p>
<p>&nbsp;</p>
<p>El próximo <strong>21 de mayo, de 16:00 a 18:00 horas,</strong> se celebrará <strong>online</strong> la jornada de transferencia <b><i>“Investigación aplicada en el sector forestal: diálogo entre ciencia y gestión”. </i></b>Esta jornada organizada por la <b>Unidad Asociada Gestión Forestal Sostenible (iuFOR–ICIFOR–MNCN, UVA/CSIC)</b>,<b> </b>tiene el objetivo de fomentar el intercambio de conocimiento y experiencias entre investigadores e instituciones del sector forestal, para fortalecer la colaboración entre ciencia y gestión forestal sostenible.</p>
<p><span style="text-decoration: underline;">Dirigido a</span>: Técnicos y gestores forestales, empresas,asociaciones, universidades, centros de investigaciónnacionales e internacionales.</p>
<p><span style="text-decoration: underline;">Jornada</span>: incluirá comunicaciones breves y una mesa redonda para fomentar el intercambio entre ciencia y práctica.</p>
<p><strong>INCRIPCIÓN GRATUITA</strong></p>
<p style="text-align: center;"><a class="tx-button" href="https://www.dropbox.com/scl/fi/k81didp5gqj5hh03rdrok/Diptico_informativo_jornada-UA-Gestion-Forestal-Sostenible-iuFOR-ICIFOR-MNCN.pdf?rlkey=j9gtotfdtc1hqfxc1tvmv65a7&#038;st=79ho2cmt&#038;dl=0" target="_blank" style="color: #ffffff; background-color: #8aaa62">PROGRAMA</a>
<p style="text-align: center;"><a class="tx-button" href="https://eventos.uva.es/135403/tickets.html" target="_blank" style="color: #ffffff; background-color: #62aa81">INSCRIPCIONES</a>
<p style="text-align: center;"><a class="tx-button" href="https://eventos.uva.es/135403/detail/jornada-de-transferencia-de-la-unidad-asociada-gestion-forestal-sostenible-iufor-n-csic.html" target="_blank" style="color: #ffffff; background-color: #6298aa">MÁS INFORMACIÓN</a>

<p>&nbsp; El próximo 21 de mayo, de 16:00 a 18:00 horas, se celebrará online la jornada de transferencia “Investigación aplicada en el sector forestal: diálogo entre ciencia y gestión”. Esta jornada organizada<a class="moretag" href="https://www.fbycc.org/index.php/events/jornada-de-transferencia-investigacion-aplicada-en-el-sector-forestal/">Leer más&#8230;</a></p>
