{"id":5632,"date":"2025-04-22T15:30:37","date_gmt":"2025-04-22T15:30:37","guid":{"rendered":"https:\/\/www.fbycc.org\/?post_type=event_listing&#038;p=5632"},"modified":"2025-04-22T15:30:37","modified_gmt":"2025-04-22T15:30:37","slug":"webinar-real-decreto-de-huella-de-carbono","status":"publish","type":"event_listing","link":"https:\/\/www.fbycc.org\/index.php\/events\/webinar-real-decreto-de-huella-de-carbono\/","title":{"rendered":"WEBINAR: REAL DECRETO DE HUELLA DE CARBONO"},"content":{"rendered":"<p style=\"text-align: center;\"><strong>WEBINAR:<\/strong><br \/>\n<strong>REAL DECRETO QUE CREA EL REGISTRO DE LA HUELLA DE CARBONO, COMPENSACI\u00d3N Y PROYECTOS DE ABSORCI\u00d3N DE DI\u00d3XIDO DE CARBONO<\/strong><\/p>\n<p><img loading=\"lazy\" decoding=\"async\" class=\"aligncenter\" src=\"https:\/\/mcusercontent.com\/044b17841d19a553fbe3a0cca\/images\/84639c8a-0524-f4c8-8d5c-5a98870bfe3a.png\" width=\"437\" height=\"437\" \/><\/p>\n<p style=\"text-align: justify;\">Desde la Fundaci\u00f3n Empresa y Clima han organizado una jornada informativa sobre el\u00a0<strong>Real Decreto que crea el registro de huella de carbono, compensaci\u00f3n y proyectos de absorci\u00f3n de di\u00f3xido de carbono<\/strong>, que se desarrollar\u00e1 online el pr\u00f3ximo <strong><u>jueves<\/u><\/strong>\u00a0<strong><u>24 de abril<\/u><\/strong>, de 16.30 h a 17.30 h.<\/p>\n<p>Enviar un email a <a href=\"mailto:info@empresaclima.org\">info@empresaclima.org<\/a>\u00a0para entrar en la lista de espera.<\/p>\n<div><strong><span data-olk-copy-source=\"MessageBody\">Precios:<\/span><\/strong><\/div>\n<ul>\n<li style=\"text-align: justify;\">Los miembros de la Fundaci\u00f3n Empresa y Clima con categor\u00eda de\u00a0Patrono, Platinium, Gold\u00a0y Silver\u00a0pueden asistir gratuitamente.<\/li>\n<li style=\"text-align: justify;\">Para los miembros\u00a0Base\u00a0de la Fundaci\u00f3n Empresa y Clima,\u00a0tiene un coste de 60 euros m\u00e1s IVA, con un descuento del 50%.<\/li>\n<li style=\"text-align: justify;\">Para las empresas que\u00a0no son miembros\u00a0de la Fundaci\u00f3n Empresa y Clima, tiene un coste de 60 euros m\u00e1s IVA.<\/li>\n<\/ul>\n","protected":false},"excerpt":{"rendered":"<p>WEBINAR: REAL DECRETO QUE CREA EL REGISTRO DE LA HUELLA DE CARBONO, COMPENSACI\u00d3N Y PROYECTOS DE ABSORCI\u00d3N DE DI\u00d3XIDO DE CARBONO Desde la Fundaci\u00f3n Empresa y Clima han organizado una jornada informativa<a class=\"moretag\" href=\"https:\/\/www.fbycc.org\/index.php\/events\/webinar-real-decreto-de-huella-de-carbono\/\">Leer m\u00e1s&#8230;<\/a><\/p>\n","protected":false},"author":5,"featured_media":0,"parent":0,"menu_order":0,"comment_status":"closed","ping_status":"closed","template":"","event_listing_category":[],"class_list":["post-5632","event_listing","type-event_listing","status-publish","hentry"],"_links":{"self":[{"href":"https:\/\/www.fbycc.org\/index.php\/wp-json\/wp\/v2\/event_listing\/5632","targetHints":{"allow":["GET"]}}],"collection":[{"href":"https:\/\/www.fbycc.org\/index.php\/wp-json\/wp\/v2\/event_listing"}],"about":[{"href":"https:\/\/www.fbycc.org\/index.php\/wp-json\/wp\/v2\/types\/event_listing"}],"author":[{"embeddable":true,"href":"https:\/\/www.fbycc.org\/index.php\/wp-json\/wp\/v2\/users\/5"}],"replies":[{"embeddable":true,"href":"https:\/\/www.fbycc.org\/index.php\/wp-json\/wp\/v2\/comments?post=5632"}],"wp:attachment":[{"href":"https:\/\/www.fbycc.org\/index.php\/wp-json\/wp\/v2\/media?parent=5632"}],"wp:term":[{"taxonomy":"event_listing_category","embeddable":true,"href":"https:\/\/www.fbycc.org\/index.php\/wp-json\/wp\/v2\/event_listing_category?post=5632"}],"curies":[{"name":"wp","href":"https:\/\/api.w.org\/{rel}","templated":true}]}}

<p style="text-align: center;"><strong>WEBINAR:</strong><br />
<strong>REAL DECRETO QUE CREA EL REGISTRO DE LA HUELLA DE CARBONO, COMPENSACIÓN Y PROYECTOS DE ABSORCIÓN DE DIÓXIDO DE CARBONO</strong></p>
<p><img loading="lazy" decoding="async" class="aligncenter" src="https://mcusercontent.com/044b17841d19a553fbe3a0cca/images/84639c8a-0524-f4c8-8d5c-5a98870bfe3a.png" width="437" height="437" /></p>
<p style="text-align: justify;">Desde la Fundación Empresa y Clima han organizado una jornada informativa sobre el <strong>Real Decreto que crea el registro de huella de carbono, compensación y proyectos de absorción de dióxido de carbono</strong>, que se desarrollará online el próximo <strong><u>jueves</u></strong> <strong><u>24 de abril</u></strong>, de 16.30 h a 17.30 h.</p>
<p>Enviar un email a <a href="mailto:info@empresaclima.org">info@empresaclima.org</a> para entrar en la lista de espera.</p>
<div><strong><span data-olk-copy-source="MessageBody">Precios:</span></strong></div>
<ul>
<li style="text-align: justify;">Los miembros de la Fundación Empresa y Clima con categoría de Patrono, Platinium, Gold y Silver pueden asistir gratuitamente.</li>
<li style="text-align: justify;">Para los miembros Base de la Fundación Empresa y Clima, tiene un coste de 60 euros más IVA, con un descuento del 50%.</li>
<li style="text-align: justify;">Para las empresas que no son miembros de la Fundación Empresa y Clima, tiene un coste de 60 euros más IVA.</li>
</ul>

<p>WEBINAR: REAL DECRETO QUE CREA EL REGISTRO DE LA HUELLA DE CARBONO, COMPENSACIÓN Y PROYECTOS DE ABSORCIÓN DE DIÓXIDO DE CARBONO Desde la Fundación Empresa y Clima han organizado una jornada informativa<a class="moretag" href="https://www.fbycc.org/index.php/events/webinar-real-decreto-de-huella-de-carbono/">Leer más&#8230;</a></p>
