{"id":5629,"date":"2025-04-22T13:48:33","date_gmt":"2025-04-22T13:48:33","guid":{"rendered":"https:\/\/www.fbycc.org\/?post_type=event_listing&#038;p=5629"},"modified":"2025-04-22T13:48:33","modified_gmt":"2025-04-22T13:48:33","slug":"conferencia-eustafor","status":"publish","type":"event_listing","link":"https:\/\/www.fbycc.org\/index.php\/events\/conferencia-eustafor\/","title":{"rendered":"Conferencia Eustafor"},"content":{"rendered":"<div id=\"fws_67f5122020bc9\" class=\"wpb_row vc_row-fluid vc_row inner_row\" data-midnight=\"\" data-column-margin=\"default\">\n<div class=\"row_col_wrap_12_inner col span_12  left\">\n<div class=\"vc_col-sm-12 wpb_column column_container vc_column_container col child_column no-extra-padding force-desktop-text-align-center inherit_tablet inherit_phone \" data-padding-pos=\"all\" data-has-bg-color=\"false\" data-bg-color=\"\" data-bg-opacity=\"1\" data-animation=\"\" data-delay=\"0\">\n<div class=\"vc_column-inner\">\n<div class=\"wpb_wrapper\">\n<div class=\"nectar-split-heading markup-generated animated-in\" data-align=\"default\" data-m-align=\"inherit\" data-text-effect=\"twist-bottom\" data-animation-type=\"line-reveal-by-space\" data-animation-delay=\"0\" data-animation-offset=\"\" data-m-rm-animation=\"\" data-stagger=\"\" data-custom-font-size=\"false\">\n<h2 aria-label=\"Una defensa de la gesti\u00f3n de los montes de utilidad p\u00fablica en Castilla y Le\u00f3n \"><img decoding=\"async\" class=\"aligncenter\" src=\"https:\/\/sfc2025.eu\/wp-content\/uploads\/2025\/03\/LOGO-Eustafor-Castilla-y-Leon-2025.png\" alt=\"EUSTAFOR 2025 \u2013 European State Forest Conference\" \/><\/h2>\n<p>&nbsp;<\/p>\n<p style=\"text-align: justify;\">Del <strong>3 al 6 Junio<\/strong> se celebrar\u00e1 en <strong>Segovia, Castilla y Le\u00f3n (Espa\u00f1a)<\/strong> la conferencia EUSTAFOR. El tema principal de la conferencia ser\u00e1\u00a0<strong>la necesidad de gestionar<\/strong>\u00a0los bosques, sean cuales sean nuestros objetivos a corto, medio y largo plazo.<\/p>\n<p style=\"text-align: justify;\">Hablaremos de productos madereros y no madereros, integraremos la lucha contra los incendios, el control de las enfermedades, la restauraci\u00f3n de la naturaleza, la mejora de la biodiversidad, los sistemas ganaderos, la gesti\u00f3n planificada a largo plazo, las nuevas oportunidades del sector y la creaci\u00f3n de empleo \u00a0frente a la p\u00e9rdida demogr\u00e1fica.<\/p>\n<p><strong>Una\u00a0defensa\u00a0de\u00a0la\u00a0gesti\u00f3n\u00a0de\u00a0los\u00a0montes\u00a0de\u00a0utilidad\u00a0p\u00fablica\u00a0en\u00a0Castilla\u00a0y\u00a0Le\u00f3n<\/strong><\/p>\n<ul>\n<li>Conoce una muestra representativa de los principales h\u00e1bitats forestales en Segovia, destacando su gesti\u00f3n y conservaci\u00f3n.<\/li>\n<li>Comparte experiencias con colegas europeos y ampl\u00eda tus conocimientos sobre c\u00f3mo se realiza la gesti\u00f3n forestal en Castilla y Le\u00f3n.<\/li>\n<li>Ampl\u00eda tu perspectiva a la casu\u00edstica mediterr\u00e1nea: incendios forestales, gesti\u00f3n agroforestal, gesti\u00f3n de bosques de roble melojo.<\/li>\n<li>Disfruta de la rica historia, las tradiciones y la gastronom\u00eda de esta regi\u00f3n espa\u00f1ola..<\/li>\n<\/ul>\n<\/div>\n<\/div>\n<\/div>\n<\/div>\n<\/div>\n<\/div>\n<div id=\"fws_67f512202126b\" class=\"wpb_row vc_row-fluid vc_row inner_row  top_padding_phone_20px\" data-midnight=\"\" data-column-margin=\"default\">\n<div class=\"row_col_wrap_12_inner col span_12  left\">\n<div class=\"vc_col-sm-12 wpb_column column_container vc_column_container col child_column has-animation no-extra-padding inherit_tablet inherit_phone triggered-animation animated-in\" data-padding-pos=\"all\" data-has-bg-color=\"false\" data-bg-color=\"\" data-bg-opacity=\"1\" data-animation=\"fade-in-from-bottom\" data-delay=\"0\">\n<div class=\"vc_column-inner\">\n<div class=\"wpb_wrapper\">\n<div class=\"nectar-fancy-ul font_size_desktop_28px font_size_tablet_24px font_size_phone_18px font_line_height_1-5 animated-in\" data-list-icon=\"fa fa-circle-o\" data-animation=\"true\" data-animation-delay=\"0\" data-color=\"accent-color\" data-spacing=\"default\" data-alignment=\"left\">\n<a class=\"tx-button\" href=\"https:\/\/sfc2025.eu\/es\/inscripciones\/\" target=\"_blank\" style=\"color: #ffffff; background-color: #8aaa62\">INSCRIPCI\u00d3N<\/a> <a class=\"tx-button\" href=\"https:\/\/sfc2025.eu\/es\/inicio\/\" target=\"_blank\" style=\"color: #ffffff; background-color: #8aaa62\">M\u00c1S INFORMACI\u00d3N<\/a>\n<\/div>\n<\/div>\n<\/div>\n<\/div>\n<\/div>\n<\/div>\n","protected":false},"excerpt":{"rendered":"<p>&nbsp; Del 3 al 6 Junio se celebrar\u00e1 en Segovia, Castilla y Le\u00f3n (Espa\u00f1a) la conferencia EUSTAFOR. El tema principal de la conferencia ser\u00e1\u00a0la necesidad de gestionar\u00a0los bosques, sean cuales sean nuestros<a class=\"moretag\" href=\"https:\/\/www.fbycc.org\/index.php\/events\/conferencia-eustafor\/\">Leer m\u00e1s&#8230;<\/a><\/p>\n","protected":false},"author":5,"featured_media":0,"parent":0,"menu_order":0,"comment_status":"closed","ping_status":"closed","template":"","event_listing_category":[],"class_list":["post-5629","event_listing","type-event_listing","status-publish","hentry"],"_links":{"self":[{"href":"https:\/\/www.fbycc.org\/index.php\/wp-json\/wp\/v2\/event_listing\/5629","targetHints":{"allow":["GET"]}}],"collection":[{"href":"https:\/\/www.fbycc.org\/index.php\/wp-json\/wp\/v2\/event_listing"}],"about":[{"href":"https:\/\/www.fbycc.org\/index.php\/wp-json\/wp\/v2\/types\/event_listing"}],"author":[{"embeddable":true,"href":"https:\/\/www.fbycc.org\/index.php\/wp-json\/wp\/v2\/users\/5"}],"replies":[{"embeddable":true,"href":"https:\/\/www.fbycc.org\/index.php\/wp-json\/wp\/v2\/comments?post=5629"}],"wp:attachment":[{"href":"https:\/\/www.fbycc.org\/index.php\/wp-json\/wp\/v2\/media?parent=5629"}],"wp:term":[{"taxonomy":"event_listing_category","embeddable":true,"href":"https:\/\/www.fbycc.org\/index.php\/wp-json\/wp\/v2\/event_listing_category?post=5629"}],"curies":[{"name":"wp","href":"https:\/\/api.w.org\/{rel}","templated":true}]}}

<div id="fws_67f5122020bc9" class="wpb_row vc_row-fluid vc_row inner_row" data-midnight="" data-column-margin="default">
<div class="row_col_wrap_12_inner col span_12  left">
<div class="vc_col-sm-12 wpb_column column_container vc_column_container col child_column no-extra-padding force-desktop-text-align-center inherit_tablet inherit_phone " data-padding-pos="all" data-has-bg-color="false" data-bg-color="" data-bg-opacity="1" data-animation="" data-delay="0">
<div class="vc_column-inner">
<div class="wpb_wrapper">
<div class="nectar-split-heading markup-generated animated-in" data-align="default" data-m-align="inherit" data-text-effect="twist-bottom" data-animation-type="line-reveal-by-space" data-animation-delay="0" data-animation-offset="" data-m-rm-animation="" data-stagger="" data-custom-font-size="false">
<h2 aria-label="Una defensa de la gestión de los montes de utilidad pública en Castilla y León "><img decoding="async" class="aligncenter" src="https://sfc2025.eu/wp-content/uploads/2025/03/LOGO-Eustafor-Castilla-y-Leon-2025.png" alt="EUSTAFOR 2025 – European State Forest Conference" /></h2>
<p>&nbsp;</p>
<p style="text-align: justify;">Del <strong>3 al 6 Junio</strong> se celebrará en <strong>Segovia, Castilla y León (España)</strong> la conferencia EUSTAFOR. El tema principal de la conferencia será <strong>la necesidad de gestionar</strong> los bosques, sean cuales sean nuestros objetivos a corto, medio y largo plazo.</p>
<p style="text-align: justify;">Hablaremos de productos madereros y no madereros, integraremos la lucha contra los incendios, el control de las enfermedades, la restauración de la naturaleza, la mejora de la biodiversidad, los sistemas ganaderos, la gestión planificada a largo plazo, las nuevas oportunidades del sector y la creación de empleo  frente a la pérdida demográfica.</p>
<p><strong>Una defensa de la gestión de los montes de utilidad pública en Castilla y León</strong></p>
<ul>
<li>Conoce una muestra representativa de los principales hábitats forestales en Segovia, destacando su gestión y conservación.</li>
<li>Comparte experiencias con colegas europeos y amplía tus conocimientos sobre cómo se realiza la gestión forestal en Castilla y León.</li>
<li>Amplía tu perspectiva a la casuística mediterránea: incendios forestales, gestión agroforestal, gestión de bosques de roble melojo.</li>
<li>Disfruta de la rica historia, las tradiciones y la gastronomía de esta región española..</li>
</ul>
</div>
</div>
</div>
</div>
</div>
</div>
<div id="fws_67f512202126b" class="wpb_row vc_row-fluid vc_row inner_row  top_padding_phone_20px" data-midnight="" data-column-margin="default">
<div class="row_col_wrap_12_inner col span_12  left">
<div class="vc_col-sm-12 wpb_column column_container vc_column_container col child_column has-animation no-extra-padding inherit_tablet inherit_phone triggered-animation animated-in" data-padding-pos="all" data-has-bg-color="false" data-bg-color="" data-bg-opacity="1" data-animation="fade-in-from-bottom" data-delay="0">
<div class="vc_column-inner">
<div class="wpb_wrapper">
<div class="nectar-fancy-ul font_size_desktop_28px font_size_tablet_24px font_size_phone_18px font_line_height_1-5 animated-in" data-list-icon="fa fa-circle-o" data-animation="true" data-animation-delay="0" data-color="accent-color" data-spacing="default" data-alignment="left">
<a class="tx-button" href="https://sfc2025.eu/es/inscripciones/" target="_blank" style="color: #ffffff; background-color: #8aaa62">INSCRIPCIÓN</a> <a class="tx-button" href="https://sfc2025.eu/es/inicio/" target="_blank" style="color: #ffffff; background-color: #8aaa62">MÁS INFORMACIÓN</a>
</div>
</div>
</div>
</div>
</div>
</div>

<p>&nbsp; Del 3 al 6 Junio se celebrará en Segovia, Castilla y León (España) la conferencia EUSTAFOR. El tema principal de la conferencia será la necesidad de gestionar los bosques, sean cuales sean nuestros<a class="moretag" href="https://www.fbycc.org/index.php/events/conferencia-eustafor/">Leer más&#8230;</a></p>
