{"id":5602,"date":"2025-03-26T23:09:07","date_gmt":"2025-03-26T23:09:07","guid":{"rendered":"https:\/\/www.fbycc.org\/?post_type=event_listing&#038;p=5602"},"modified":"2025-04-22T13:38:26","modified_gmt":"2025-04-22T13:38:26","slug":"5602-2","status":"publish","type":"event_listing","link":"https:\/\/www.fbycc.org\/index.php\/events\/5602-2\/","title":{"rendered":"RECURSOS FORESTALES EN LA PROVINCIA DE M\u00c1LAGA"},"content":{"rendered":"<p><span style=\"font-size: 24pt;\"><strong>Jornada divulgativa on-line 6\/8 &#8211; Bio+A M\u00e1laga \u201cRECURSOS FORESTALES EN LA PROVINCIA DE M\u00c1LAGA\u201d\u00a0<\/strong><\/span><\/p>\n<div class=\"col-12\">\n<h3><span id=\"MainContent_lblTitulo\">martes 1 de abril de 17:00 a 19:00 h<\/span><\/h3>\n<p>El pr\u00f3ximo martes 1 de abril, de 17:00 a 19:00 h se celebrar\u00e1 online la jornada divulgativa sobre \u00abRecursos Forestales en la provincia de M\u00e1laga\u00bb . Pod\u00e9is inscribiros a esta jornada hasta el 1 de abril a las 9:00 a trav\u00e9s del siguiente <strong><a href=\"https:\/\/coim.e-gestion.es\/inscripcion-evento\/20250015\">link<\/a><\/strong><\/p>\n<\/div>\n<div><\/div>\n<div><img loading=\"lazy\" decoding=\"async\" class=\"alignnone wp-image-5603\" src=\"https:\/\/www.fbycc.org\/wp-content\/uploads\/2025\/03\/COIM_CURSOS_20250015_20250325024427753.png\" alt=\"\" width=\"560\" height=\"420\" srcset=\"https:\/\/www.fbycc.org\/wp-content\/uploads\/2025\/03\/COIM_CURSOS_20250015_20250325024427753.png 320w, https:\/\/www.fbycc.org\/wp-content\/uploads\/2025\/03\/COIM_CURSOS_20250015_20250325024427753-300x225.png 300w\" sizes=\"auto, (max-width: 560px) 100vw, 560px\" \/><div class=\"tx-spacer clearfix\" style=\"height: 20px\"><\/div><\/div>\n<p>La provincia de M\u00e1laga destaca por su rica diversidad forestal, albergando aproximadamente el 60% de su superficie total como terreno forestal, seg\u00fan el Plan Forestal Andaluz. Esto incluye no solo bosques, que ocupan unas 156.000 hect\u00e1reas (cerca del 35% del \u00e1rea forestal), sino tambi\u00e9n matorrales, pastizales y tierras agr\u00edcolas marginales. Entre las formaciones boscosas predominan los pinares, encinares, alcornoques,\u00a0quejigares y los singulares pinsapares, exclusivos de la regi\u00f3n. Espacios como el Parque Natural Montes de M\u00e1laga, la Sierra de las Nieves y las Sierras de Tejeda, Almijara y Alhama son ejemplos clave de esta riqueza natural.<\/p>\n<p><strong>Moderadora<\/strong>:\u00a0<strong>Eva Mar\u00eda Ruiz S\u00e1nchez<\/strong>, Ingeniera T\u00e9cnica Forestal, profesora de FP del ciclo formativo forestal del IES Hozgarganta y miembro de la Asociaci\u00f3n Forestal Andaluza.<\/p>\n<p><strong>Ponentes<\/strong>:<\/p>\n<ul>\n<li><strong>Antonio Pulido Pastor<\/strong>, Ingeniero t\u00e9cnico forestal, ingeniero de Montes y M\u00e1ster en Cambio Global, Recursos Naturales y Sostenibilidad por la Universidad de C\u00f3rdoba y\u00a0Doctor en Diversidad biol\u00f3gica y Medio Ambiente\u00a0por la Universidad de M\u00e1laga. Jefe del Departamento de Gesti\u00f3n de Espacios Naturales de la Junta de Andaluc\u00eda en M\u00e1laga, y responsable de la gesti\u00f3n en los montes de esta zona, en particular en Sierra Bermeja y Sierra Crestellina.). Nos hablar\u00e1 de los Aprovechamientos en general en la provincia de M\u00e1laga y caso concreto de aprovechamiento de la madera quemada de S\u00aa Bermeja<\/li>\n<li><strong>Crist\u00f3bal Becerra L\u00f3pez<\/strong>, Coordinador Actuaciones Forestales\/Ambientales del Grupo TRAGSA.\u00a0Ponencia:\u00a0<i>\u201cInstalaci\u00f3n de calefacci\u00f3n con biomasa forestal mediante redes de calor\u00a0en edificios de gesti\u00f3n municipal, vinculaci\u00f3n con la ordenaci\u00f3n y explotaci\u00f3n de los montes p\u00fablicos\u201d.<\/i>\u00a0Expondr\u00e1 la experiencia que est\u00e1n llevando a cabo de implementaci\u00f3n de calderas de biomasa para redes de calor en edificios p\u00fablicos y su conexi\u00f3n con los Planes de Ordenaci\u00f3n de los montes p\u00fablicos del entorno del PN Sierra de las Nieves.<\/li>\n<\/ul>\n","protected":false},"excerpt":{"rendered":"<p>Jornada divulgativa on-line 6\/8 &#8211; Bio+A M\u00e1laga \u201cRECURSOS FORESTALES EN LA PROVINCIA DE M\u00c1LAGA\u201d\u00a0 martes 1 de abril de 17:00 a 19:00 h El pr\u00f3ximo martes 1 de abril, de 17:00 a<a class=\"moretag\" href=\"https:\/\/www.fbycc.org\/index.php\/events\/5602-2\/\">Leer m\u00e1s&#8230;<\/a><\/p>\n","protected":false},"author":5,"featured_media":0,"parent":0,"menu_order":0,"comment_status":"closed","ping_status":"closed","template":"","event_listing_category":[265],"class_list":["post-5602","event_listing","type-event_listing","status-publish","hentry"],"_links":{"self":[{"href":"https:\/\/www.fbycc.org\/index.php\/wp-json\/wp\/v2\/event_listing\/5602","targetHints":{"allow":["GET"]}}],"collection":[{"href":"https:\/\/www.fbycc.org\/index.php\/wp-json\/wp\/v2\/event_listing"}],"about":[{"href":"https:\/\/www.fbycc.org\/index.php\/wp-json\/wp\/v2\/types\/event_listing"}],"author":[{"embeddable":true,"href":"https:\/\/www.fbycc.org\/index.php\/wp-json\/wp\/v2\/users\/5"}],"replies":[{"embeddable":true,"href":"https:\/\/www.fbycc.org\/index.php\/wp-json\/wp\/v2\/comments?post=5602"}],"wp:attachment":[{"href":"https:\/\/www.fbycc.org\/index.php\/wp-json\/wp\/v2\/media?parent=5602"}],"wp:term":[{"taxonomy":"event_listing_category","embeddable":true,"href":"https:\/\/www.fbycc.org\/index.php\/wp-json\/wp\/v2\/event_listing_category?post=5602"}],"curies":[{"name":"wp","href":"https:\/\/api.w.org\/{rel}","templated":true}]}}

RECURSOS FORESTALES EN LA PROVINCIA DE MÁLAGA

<p><span style="font-size: 24pt;"><strong>Jornada divulgativa on-line 6/8 &#8211; Bio+A Málaga “RECURSOS FORESTALES EN LA PROVINCIA DE MÁLAGA” </strong></span></p>
<div class="col-12">
<h3><span id="MainContent_lblTitulo">martes 1 de abril de 17:00 a 19:00 h</span></h3>
<p>El próximo martes 1 de abril, de 17:00 a 19:00 h se celebrará online la jornada divulgativa sobre «Recursos Forestales en la provincia de Málaga» . Podéis inscribiros a esta jornada hasta el 1 de abril a las 9:00 a través del siguiente <strong><a href="https://coim.e-gestion.es/inscripcion-evento/20250015">link</a></strong></p>
</div>
<div></div>
<div><img loading="lazy" decoding="async" class="alignnone wp-image-5603" src="https://www.fbycc.org/wp-content/uploads/2025/03/COIM_CURSOS_20250015_20250325024427753.png" alt="" width="560" height="420" srcset="https://www.fbycc.org/wp-content/uploads/2025/03/COIM_CURSOS_20250015_20250325024427753.png 320w, https://www.fbycc.org/wp-content/uploads/2025/03/COIM_CURSOS_20250015_20250325024427753-300x225.png 300w" sizes="auto, (max-width: 560px) 100vw, 560px" /><div class="tx-spacer clearfix" style="height: 20px"></div></div>
<p>La provincia de Málaga destaca por su rica diversidad forestal, albergando aproximadamente el 60% de su superficie total como terreno forestal, según el Plan Forestal Andaluz. Esto incluye no solo bosques, que ocupan unas 156.000 hectáreas (cerca del 35% del área forestal), sino también matorrales, pastizales y tierras agrícolas marginales. Entre las formaciones boscosas predominan los pinares, encinares, alcornoques, quejigares y los singulares pinsapares, exclusivos de la región. Espacios como el Parque Natural Montes de Málaga, la Sierra de las Nieves y las Sierras de Tejeda, Almijara y Alhama son ejemplos clave de esta riqueza natural.</p>
<p><strong>Moderadora</strong>: <strong>Eva María Ruiz Sánchez</strong>, Ingeniera Técnica Forestal, profesora de FP del ciclo formativo forestal del IES Hozgarganta y miembro de la Asociación Forestal Andaluza.</p>
<p><strong>Ponentes</strong>:</p>
<ul>
<li><strong>Antonio Pulido Pastor</strong>, Ingeniero técnico forestal, ingeniero de Montes y Máster en Cambio Global, Recursos Naturales y Sostenibilidad por la Universidad de Córdoba y Doctor en Diversidad biológica y Medio Ambiente por la Universidad de Málaga. Jefe del Departamento de Gestión de Espacios Naturales de la Junta de Andalucía en Málaga, y responsable de la gestión en los montes de esta zona, en particular en Sierra Bermeja y Sierra Crestellina.). Nos hablará de los Aprovechamientos en general en la provincia de Málaga y caso concreto de aprovechamiento de la madera quemada de Sª Bermeja</li>
<li><strong>Cristóbal Becerra López</strong>, Coordinador Actuaciones Forestales/Ambientales del Grupo TRAGSA. Ponencia: <i>“Instalación de calefacción con biomasa forestal mediante redes de calor en edificios de gestión municipal, vinculación con la ordenación y explotación de los montes públicos”.</i> Expondrá la experiencia que están llevando a cabo de implementación de calderas de biomasa para redes de calor en edificios públicos y su conexión con los Planes de Ordenación de los montes públicos del entorno del PN Sierra de las Nieves.</li>
</ul>

<p>Jornada divulgativa on-line 6/8 &#8211; Bio+A Málaga “RECURSOS FORESTALES EN LA PROVINCIA DE MÁLAGA”  martes 1 de abril de 17:00 a 19:00 h El próximo martes 1 de abril, de 17:00 a<a class="moretag" href="https://www.fbycc.org/index.php/events/5602-2/">Leer más&#8230;</a></p>
