{"id":5543,"date":"2025-02-28T17:10:28","date_gmt":"2025-02-28T17:10:28","guid":{"rendered":"https:\/\/www.fbycc.org\/?post_type=event_listing&#038;p=5543"},"modified":"2025-02-28T17:10:28","modified_gmt":"2025-02-28T17:10:28","slug":"fec-talks-mercados-de-carbono","status":"publish","type":"event_listing","link":"https:\/\/www.fbycc.org\/index.php\/events\/fec-talks-mercados-de-carbono\/","title":{"rendered":"FEC TALKS: MERCADOS DE CARBONO"},"content":{"rendered":"<p><img loading=\"lazy\" decoding=\"async\" class=\"alignnone size-full wp-image-5544\" src=\"https:\/\/www.fbycc.org\/wp-content\/uploads\/2025\/02\/Banner-1440x650-2-1024x462-1.png\" alt=\"\" width=\"1024\" height=\"462\" srcset=\"https:\/\/www.fbycc.org\/wp-content\/uploads\/2025\/02\/Banner-1440x650-2-1024x462-1.png 1024w, https:\/\/www.fbycc.org\/wp-content\/uploads\/2025\/02\/Banner-1440x650-2-1024x462-1-300x135.png 300w, https:\/\/www.fbycc.org\/wp-content\/uploads\/2025\/02\/Banner-1440x650-2-1024x462-1-768x347.png 768w\" sizes=\"auto, (max-width: 1024px) 100vw, 1024px\" \/><\/p>\n<div style=\"text-align: justify;\" data-olk-copy-source=\"MailCompose\">La Fundaci\u00f3n Empresa &amp; Clima celebra la primera edici\u00f3n de FEC TALKS el 25 de marzo de 2025 en la que abordar\u00e1n los <b>mercados de carbono<\/b>\u00a0en una charla con\u00a0<b>Josep Garriga<\/b>\u00a0y\u00a0<b>Elvira Carles<\/b>. En esta FEC TALK se hablar\u00e1 sobre\u00a0<b>el Art\u00edculo 6 del Acuerdo de Par\u00eds y sus implicaciones empresariales, desglosando los aspectos m\u00e1s t\u00e9cnicos<\/b>\u00a0de este marco legal y traduci\u00e9ndolos en estrategias concretas que las empresas pueden implementar para aprovechar las oportunidades de los mercados de carbono voluntarios.<\/div>\n<div data-olk-copy-source=\"MailCompose\"><div class=\"tx-spacer clearfix\" style=\"height: 20px\"><\/div><\/div>\n<div style=\"text-align: justify;\"><\/div>\n<div style=\"text-align: justify;\">Asiste a este evento si quieres:<\/div>\n<ul style=\"text-align: justify;\" data-editing-info=\"{&quot;applyListStyleFromLevel&quot;:true}\">\n<li>\n<div>Obtener claridad\u00a0sobre el impacto del Art\u00edculo 6 en el mundo empresarial.<\/div>\n<\/li>\n<li>\n<div>Descubrir opciones reales\u00a0para participar en mercados de carbono voluntarios y cumplir objetivos clim\u00e1ticos.<\/div>\n<\/li>\n<li>\n<div>Conectar con expertos\u00a0en cambio clim\u00e1tico y sostenibilidad empresarial.<\/div>\n<\/li>\n<\/ul>\n<div class=\"tx-spacer clearfix\" style=\"height: 20px\"><\/div>\n<div style=\"text-align: justify;\">La\u00a0<u>asistencia<\/u><u>\u00a0<\/u><u>es gratuita<\/u> previa inscripci\u00f3n y las plazas son limitadas.<\/div>\n<div style=\"text-align: center;\"><a class=\"tx-button\" href=\"https:\/\/docs.google.com\/forms\/d\/e\/1FAIpQLSe1W23YsnNL07i24XvQMx3c_D6v8bDZ5NZePUr_w9F-NYRC8w\/viewform?usp=sharing\" target=\"_blank\" style=\"color: #ffffff; background-color: #8aaa62\">REG\u00cdSTRATE AQU\u00cd<\/a><\/div>\n<div><div class=\"tx-spacer clearfix\" style=\"height: 20px\"><\/div><\/div>\n<div><\/div>\n<div>Consulta toda la informaci\u00f3n en:<\/div>\n<p style=\"text-align: center;\"><a class=\"tx-button\" href=\"https:\/\/empresaclima.org\/evento\/fec-talks-mercados-de-carbono-una-oportunidad-para-las-empresas-en-el-marco-del-acuerdo-de-paris\/\" target=\"_blank\" style=\"color: #ffffff; background-color: #8aaa62\">FEC TALKS<\/a>\n","protected":false},"excerpt":{"rendered":"<p>La Fundaci\u00f3n Empresa &amp; Clima celebra la primera edici\u00f3n de FEC TALKS el 25 de marzo de 2025 en la que abordar\u00e1n los mercados de carbono\u00a0en una charla con\u00a0Josep Garriga\u00a0y\u00a0Elvira Carles. En<a class=\"moretag\" href=\"https:\/\/www.fbycc.org\/index.php\/events\/fec-talks-mercados-de-carbono\/\">Leer m\u00e1s&#8230;<\/a><\/p>\n","protected":false},"author":5,"featured_media":0,"parent":0,"menu_order":0,"comment_status":"closed","ping_status":"closed","template":"","event_listing_category":[52],"class_list":["post-5543","event_listing","type-event_listing","status-publish","hentry"],"_links":{"self":[{"href":"https:\/\/www.fbycc.org\/index.php\/wp-json\/wp\/v2\/event_listing\/5543","targetHints":{"allow":["GET"]}}],"collection":[{"href":"https:\/\/www.fbycc.org\/index.php\/wp-json\/wp\/v2\/event_listing"}],"about":[{"href":"https:\/\/www.fbycc.org\/index.php\/wp-json\/wp\/v2\/types\/event_listing"}],"author":[{"embeddable":true,"href":"https:\/\/www.fbycc.org\/index.php\/wp-json\/wp\/v2\/users\/5"}],"replies":[{"embeddable":true,"href":"https:\/\/www.fbycc.org\/index.php\/wp-json\/wp\/v2\/comments?post=5543"}],"wp:attachment":[{"href":"https:\/\/www.fbycc.org\/index.php\/wp-json\/wp\/v2\/media?parent=5543"}],"wp:term":[{"taxonomy":"event_listing_category","embeddable":true,"href":"https:\/\/www.fbycc.org\/index.php\/wp-json\/wp\/v2\/event_listing_category?post=5543"}],"curies":[{"name":"wp","href":"https:\/\/api.w.org\/{rel}","templated":true}]}}

<p><img loading="lazy" decoding="async" class="alignnone size-full wp-image-5544" src="https://www.fbycc.org/wp-content/uploads/2025/02/Banner-1440x650-2-1024x462-1.png" alt="" width="1024" height="462" srcset="https://www.fbycc.org/wp-content/uploads/2025/02/Banner-1440x650-2-1024x462-1.png 1024w, https://www.fbycc.org/wp-content/uploads/2025/02/Banner-1440x650-2-1024x462-1-300x135.png 300w, https://www.fbycc.org/wp-content/uploads/2025/02/Banner-1440x650-2-1024x462-1-768x347.png 768w" sizes="auto, (max-width: 1024px) 100vw, 1024px" /></p>
<div style="text-align: justify;" data-olk-copy-source="MailCompose">La Fundación Empresa &amp; Clima celebra la primera edición de FEC TALKS el 25 de marzo de 2025 en la que abordarán los <b>mercados de carbono</b> en una charla con <b>Josep Garriga</b> y <b>Elvira Carles</b>. En esta FEC TALK se hablará sobre <b>el Artículo 6 del Acuerdo de París y sus implicaciones empresariales, desglosando los aspectos más técnicos</b> de este marco legal y traduciéndolos en estrategias concretas que las empresas pueden implementar para aprovechar las oportunidades de los mercados de carbono voluntarios.</div>
<div data-olk-copy-source="MailCompose"><div class="tx-spacer clearfix" style="height: 20px"></div></div>
<div style="text-align: justify;"></div>
<div style="text-align: justify;">Asiste a este evento si quieres:</div>
<ul style="text-align: justify;" data-editing-info="{&quot;applyListStyleFromLevel&quot;:true}">
<li>
<div>Obtener claridad sobre el impacto del Artículo 6 en el mundo empresarial.</div>
</li>
<li>
<div>Descubrir opciones reales para participar en mercados de carbono voluntarios y cumplir objetivos climáticos.</div>
</li>
<li>
<div>Conectar con expertos en cambio climático y sostenibilidad empresarial.</div>
</li>
</ul>
<div class="tx-spacer clearfix" style="height: 20px"></div>
<div style="text-align: justify;">La <u>asistencia</u><u> </u><u>es gratuita</u> previa inscripción y las plazas son limitadas.</div>
<div style="text-align: center;"><a class="tx-button" href="https://docs.google.com/forms/d/e/1FAIpQLSe1W23YsnNL07i24XvQMx3c_D6v8bDZ5NZePUr_w9F-NYRC8w/viewform?usp=sharing" target="_blank" style="color: #ffffff; background-color: #8aaa62">REGÍSTRATE AQUÍ</a></div>
<div><div class="tx-spacer clearfix" style="height: 20px"></div></div>
<div></div>
<div>Consulta toda la información en:</div>
<p style="text-align: center;"><a class="tx-button" href="https://empresaclima.org/evento/fec-talks-mercados-de-carbono-una-oportunidad-para-las-empresas-en-el-marco-del-acuerdo-de-paris/" target="_blank" style="color: #ffffff; background-color: #8aaa62">FEC TALKS</a>

<p>La Fundación Empresa &amp; Clima celebra la primera edición de FEC TALKS el 25 de marzo de 2025 en la que abordarán los mercados de carbono en una charla con Josep Garriga y Elvira Carles. En<a class="moretag" href="https://www.fbycc.org/index.php/events/fec-talks-mercados-de-carbono/">Leer más&#8230;</a></p>
