{"id":5541,"date":"2025-02-28T16:28:21","date_gmt":"2025-02-28T16:28:21","guid":{"rendered":"https:\/\/www.fbycc.org\/?post_type=event_listing&#038;p=5541"},"modified":"2025-02-28T16:28:21","modified_gmt":"2025-02-28T16:28:21","slug":"gestion-forestal-para-la-adaptacion-al-cc-de-los-pinales-de-pino-carrasco","status":"publish","type":"event_listing","link":"https:\/\/www.fbycc.org\/index.php\/events\/gestion-forestal-para-la-adaptacion-al-cc-de-los-pinales-de-pino-carrasco\/","title":{"rendered":"Gesti\u00f3n forestal para la adaptaci\u00f3n al CC de los pinales de pino carrasco"},"content":{"rendered":"<p><img loading=\"lazy\" decoding=\"async\" class=\"alignnone size-full wp-image-5542\" src=\"https:\/\/www.fbycc.org\/wp-content\/uploads\/2025\/02\/cartel_jornada_propietarios_jpg.jpg\" alt=\"\" width=\"1276\" height=\"1280\" srcset=\"https:\/\/www.fbycc.org\/wp-content\/uploads\/2025\/02\/cartel_jornada_propietarios_jpg.jpg 1276w, https:\/\/www.fbycc.org\/wp-content\/uploads\/2025\/02\/cartel_jornada_propietarios_jpg-300x300.jpg 300w, https:\/\/www.fbycc.org\/wp-content\/uploads\/2025\/02\/cartel_jornada_propietarios_jpg-1021x1024.jpg 1021w, https:\/\/www.fbycc.org\/wp-content\/uploads\/2025\/02\/cartel_jornada_propietarios_jpg-150x150.jpg 150w, https:\/\/www.fbycc.org\/wp-content\/uploads\/2025\/02\/cartel_jornada_propietarios_jpg-768x770.jpg 768w, https:\/\/www.fbycc.org\/wp-content\/uploads\/2025\/02\/cartel_jornada_propietarios_jpg-50x50.jpg 50w, https:\/\/www.fbycc.org\/wp-content\/uploads\/2025\/02\/cartel_jornada_propietarios_jpg-250x250.jpg 250w\" sizes=\"auto, (max-width: 1276px) 100vw, 1276px\" \/><\/p>\n<p style=\"text-align: justify;\">El 10 de marzo se celebrar\u00e1 esta jornada que podr\u00e1 seguirse online a trav\u00e9s de zoom.\u00a0El objetivo de este webinar es dar \u00a0a conocer a los propietarios privados la <strong>importancia de la adaptaci\u00f3n de las masas forestales al cambio clim\u00e1tico<\/strong>. Cinco ponentes ser\u00e1n los encargados de hablar de la \u00abGesti\u00f3n Forestal para la Adaptaci\u00f3n al Cambio Clim\u00e1tico de los Pinares de Pino Carrasco: Los Propietarios Forestales Privados Como Pieza Fundamental del Futuro de Nuestros Bosques\u201d.<\/p>\n<p>&nbsp;<\/p>\n<p style=\"text-align: center;\"><span style=\"color: #008000;\"><strong>La jornada ser\u00e1 gratuita previa inscripci\u00f3n<\/strong><\/span><\/p>\n<p>&nbsp;<\/p>\n<p style=\"text-align: center;\"><a class=\"tx-button\" href=\"https:\/\/www.forestales.net\/contenidos\/jornada-gratuita-gestion-forestal-para-la-adaptacion-al-cambio-climatico-de-los-pinares-de-pino-carrasco#!\" target=\"_blank\" style=\"color: #ffffff; background-color: #8aaa62\">M\u00c1S INFORMACI\u00d3N<\/a>\u00a0 \u00a0 \u00a0 <a class=\"tx-button\" href=\"https:\/\/www.forestales.net\/formularios\/inscripcion-jornada-gratuita-gestion-forestal-para-propietarios-forestales-privados\" target=\"_blank\" style=\"color: #ffffff; background-color: #8aaa62\">INSCRIPCI\u00d3N<\/a>\n<p>&nbsp;<\/p>\n","protected":false},"excerpt":{"rendered":"<p>El 10 de marzo se celebrar\u00e1 esta jornada que podr\u00e1 seguirse online a trav\u00e9s de zoom.\u00a0El objetivo de este webinar es dar \u00a0a conocer a los propietarios privados la importancia de la<a class=\"moretag\" href=\"https:\/\/www.fbycc.org\/index.php\/events\/gestion-forestal-para-la-adaptacion-al-cc-de-los-pinales-de-pino-carrasco\/\">Leer m\u00e1s&#8230;<\/a><\/p>\n","protected":false},"author":5,"featured_media":0,"parent":0,"menu_order":0,"comment_status":"closed","ping_status":"closed","template":"","event_listing_category":[246],"class_list":["post-5541","event_listing","type-event_listing","status-publish","hentry"],"_links":{"self":[{"href":"https:\/\/www.fbycc.org\/index.php\/wp-json\/wp\/v2\/event_listing\/5541","targetHints":{"allow":["GET"]}}],"collection":[{"href":"https:\/\/www.fbycc.org\/index.php\/wp-json\/wp\/v2\/event_listing"}],"about":[{"href":"https:\/\/www.fbycc.org\/index.php\/wp-json\/wp\/v2\/types\/event_listing"}],"author":[{"embeddable":true,"href":"https:\/\/www.fbycc.org\/index.php\/wp-json\/wp\/v2\/users\/5"}],"replies":[{"embeddable":true,"href":"https:\/\/www.fbycc.org\/index.php\/wp-json\/wp\/v2\/comments?post=5541"}],"wp:attachment":[{"href":"https:\/\/www.fbycc.org\/index.php\/wp-json\/wp\/v2\/media?parent=5541"}],"wp:term":[{"taxonomy":"event_listing_category","embeddable":true,"href":"https:\/\/www.fbycc.org\/index.php\/wp-json\/wp\/v2\/event_listing_category?post=5541"}],"curies":[{"name":"wp","href":"https:\/\/api.w.org\/{rel}","templated":true}]}}

Gestión forestal para la adaptación al CC de los pinales de pino carrasco

<p><img loading="lazy" decoding="async" class="alignnone size-full wp-image-5542" src="https://www.fbycc.org/wp-content/uploads/2025/02/cartel_jornada_propietarios_jpg.jpg" alt="" width="1276" height="1280" srcset="https://www.fbycc.org/wp-content/uploads/2025/02/cartel_jornada_propietarios_jpg.jpg 1276w, https://www.fbycc.org/wp-content/uploads/2025/02/cartel_jornada_propietarios_jpg-300x300.jpg 300w, https://www.fbycc.org/wp-content/uploads/2025/02/cartel_jornada_propietarios_jpg-1021x1024.jpg 1021w, https://www.fbycc.org/wp-content/uploads/2025/02/cartel_jornada_propietarios_jpg-150x150.jpg 150w, https://www.fbycc.org/wp-content/uploads/2025/02/cartel_jornada_propietarios_jpg-768x770.jpg 768w, https://www.fbycc.org/wp-content/uploads/2025/02/cartel_jornada_propietarios_jpg-50x50.jpg 50w, https://www.fbycc.org/wp-content/uploads/2025/02/cartel_jornada_propietarios_jpg-250x250.jpg 250w" sizes="auto, (max-width: 1276px) 100vw, 1276px" /></p>
<p style="text-align: justify;">El 10 de marzo se celebrará esta jornada que podrá seguirse online a través de zoom. El objetivo de este webinar es dar  a conocer a los propietarios privados la <strong>importancia de la adaptación de las masas forestales al cambio climático</strong>. Cinco ponentes serán los encargados de hablar de la «Gestión Forestal para la Adaptación al Cambio Climático de los Pinares de Pino Carrasco: Los Propietarios Forestales Privados Como Pieza Fundamental del Futuro de Nuestros Bosques”.</p>
<p>&nbsp;</p>
<p style="text-align: center;"><span style="color: #008000;"><strong>La jornada será gratuita previa inscripción</strong></span></p>
<p>&nbsp;</p>
<p style="text-align: center;"><a class="tx-button" href="https://www.forestales.net/contenidos/jornada-gratuita-gestion-forestal-para-la-adaptacion-al-cambio-climatico-de-los-pinares-de-pino-carrasco#!" target="_blank" style="color: #ffffff; background-color: #8aaa62">MÁS INFORMACIÓN</a>      <a class="tx-button" href="https://www.forestales.net/formularios/inscripcion-jornada-gratuita-gestion-forestal-para-propietarios-forestales-privados" target="_blank" style="color: #ffffff; background-color: #8aaa62">INSCRIPCIÓN</a>
<p>&nbsp;</p>

<p>El 10 de marzo se celebrará esta jornada que podrá seguirse online a través de zoom. El objetivo de este webinar es dar  a conocer a los propietarios privados la importancia de la<a class="moretag" href="https://www.fbycc.org/index.php/events/gestion-forestal-para-la-adaptacion-al-cc-de-los-pinales-de-pino-carrasco/">Leer más&#8230;</a></p>
