{"id":5540,"date":"2025-03-26T08:11:37","date_gmt":"2025-03-26T08:11:37","guid":{"rendered":"https:\/\/www.fbycc.org\/?post_type=event_listing&#038;p=5540"},"modified":"2025-03-26T08:12:32","modified_gmt":"2025-03-26T08:12:32","slug":"reunion-del-grupo-de-expertos-en-eliminaciones-de-carbono","status":"publish","type":"event_listing","link":"https:\/\/www.fbycc.org\/index.php\/events\/reunion-del-grupo-de-expertos-en-eliminaciones-de-carbono\/","title":{"rendered":"Reuni\u00f3n del Grupo de Expertos en Eliminaciones de Carbono"},"content":{"rendered":"<p><strong><span style=\"font-size: 24pt;\">EU Carbon Removals Expert Group meeting on permanent removals and carbon storage in buildings<\/span><\/strong><\/p>\n<p>En marzo se celebrar\u00e1 en l\u00ednea la pr\u00f3xima reuni\u00f3n del <span class=\"relative -mx-px my-[-0.2rem] rounded px-px py-[0.2rem]\"><strong data-start=\"54\" data-end=\"123\">Grupo de Expertos en Eliminaciones de Carbono de la Uni\u00f3n Europea<\/strong>.<\/span> <span class=\"relative -mx-px my-[-0.2rem] rounded px-px py-[0.2rem]\">Este encuentro, programado para el <strong data-start=\"35\" data-end=\"58\">26 de marzo de 2025<\/strong>, se llevar\u00e1 a cabo de forma virtual y abordar\u00e1 los siguientes temas clave:<\/span><\/p>\n<ul>\n<li>BioCCS<\/li>\n<li>DACCS<\/li>\n<li>Biocarb\u00f3n<\/li>\n<li>Almacenamiento de carbono en edificios<\/li>\n<\/ul>\n<p><span class=\"relative -mx-px my-[-0.2rem] rounded px-px py-[0.2rem]\">Estos temas son fundamentales en el contexto de las estrategias de la UE para alcanzar la neutralidad clim\u00e1tica, enfoc\u00e1ndose en tecnolog\u00edas y pr\u00e1cticas que permitan la eliminaci\u00f3n y el almacenamiento permanente de carbono.<\/span> <span class=\"relative -mx-px my-[-0.2rem] rounded px-px py-[0.2rem]\">El evento estar\u00e1 disponible en <strong data-start=\"31\" data-end=\"54\">transmisi\u00f3n en vivo<\/strong> a partir de las 09:30 CET <\/span><\/p>\n<p>Consulta el<strong> <a href=\"https:\/\/climate.ec.europa.eu\/document\/download\/95056fca-944f-4f89-85f3-774cabd1afaa_en?filename=event_20250326_agenda_en.pdf\">programa de la reuni\u00f3n<\/a><\/strong><\/p>\n<p><strong><a href=\"https:\/\/climate.ec.europa.eu\/news-your-voice\/events\/eu-carbon-removals-expert-group-meeting-permanent-removals-and-carbon-storage-buildings-2025-03-26_en?s=08\">M\u00e1s informaci\u00f3n<\/a><\/strong><\/p>\n","protected":false},"excerpt":{"rendered":"<p>EU Carbon Removals Expert Group meeting on permanent removals and carbon storage in buildings En marzo se celebrar\u00e1 en l\u00ednea la pr\u00f3xima reuni\u00f3n del Grupo de Expertos en Eliminaciones de Carbono de<a class=\"moretag\" href=\"https:\/\/www.fbycc.org\/index.php\/events\/reunion-del-grupo-de-expertos-en-eliminaciones-de-carbono\/\">Leer m\u00e1s&#8230;<\/a><\/p>\n","protected":false},"author":5,"featured_media":0,"parent":0,"menu_order":0,"comment_status":"closed","ping_status":"closed","template":"","event_listing_category":[264],"class_list":["post-5540","event_listing","type-event_listing","status-publish","hentry"],"_links":{"self":[{"href":"https:\/\/www.fbycc.org\/index.php\/wp-json\/wp\/v2\/event_listing\/5540","targetHints":{"allow":["GET"]}}],"collection":[{"href":"https:\/\/www.fbycc.org\/index.php\/wp-json\/wp\/v2\/event_listing"}],"about":[{"href":"https:\/\/www.fbycc.org\/index.php\/wp-json\/wp\/v2\/types\/event_listing"}],"author":[{"embeddable":true,"href":"https:\/\/www.fbycc.org\/index.php\/wp-json\/wp\/v2\/users\/5"}],"replies":[{"embeddable":true,"href":"https:\/\/www.fbycc.org\/index.php\/wp-json\/wp\/v2\/comments?post=5540"}],"wp:attachment":[{"href":"https:\/\/www.fbycc.org\/index.php\/wp-json\/wp\/v2\/media?parent=5540"}],"wp:term":[{"taxonomy":"event_listing_category","embeddable":true,"href":"https:\/\/www.fbycc.org\/index.php\/wp-json\/wp\/v2\/event_listing_category?post=5540"}],"curies":[{"name":"wp","href":"https:\/\/api.w.org\/{rel}","templated":true}]}}

Reunión del Grupo de Expertos en Eliminaciones de Carbono

<p><strong><span style="font-size: 24pt;">EU Carbon Removals Expert Group meeting on permanent removals and carbon storage in buildings</span></strong></p>
<p>En marzo se celebrará en línea la próxima reunión del <span class="relative -mx-px my-[-0.2rem] rounded px-px py-[0.2rem]"><strong data-start="54" data-end="123">Grupo de Expertos en Eliminaciones de Carbono de la Unión Europea</strong>.</span> <span class="relative -mx-px my-[-0.2rem] rounded px-px py-[0.2rem]">Este encuentro, programado para el <strong data-start="35" data-end="58">26 de marzo de 2025</strong>, se llevará a cabo de forma virtual y abordará los siguientes temas clave:</span></p>
<ul>
<li>BioCCS</li>
<li>DACCS</li>
<li>Biocarbón</li>
<li>Almacenamiento de carbono en edificios</li>
</ul>
<p><span class="relative -mx-px my-[-0.2rem] rounded px-px py-[0.2rem]">Estos temas son fundamentales en el contexto de las estrategias de la UE para alcanzar la neutralidad climática, enfocándose en tecnologías y prácticas que permitan la eliminación y el almacenamiento permanente de carbono.</span> <span class="relative -mx-px my-[-0.2rem] rounded px-px py-[0.2rem]">El evento estará disponible en <strong data-start="31" data-end="54">transmisión en vivo</strong> a partir de las 09:30 CET </span></p>
<p>Consulta el<strong> <a href="https://climate.ec.europa.eu/document/download/95056fca-944f-4f89-85f3-774cabd1afaa_en?filename=event_20250326_agenda_en.pdf">programa de la reunión</a></strong></p>
<p><strong><a href="https://climate.ec.europa.eu/news-your-voice/events/eu-carbon-removals-expert-group-meeting-permanent-removals-and-carbon-storage-buildings-2025-03-26_en?s=08">Más información</a></strong></p>

<p>EU Carbon Removals Expert Group meeting on permanent removals and carbon storage in buildings En marzo se celebrará en línea la próxima reunión del Grupo de Expertos en Eliminaciones de Carbono de<a class="moretag" href="https://www.fbycc.org/index.php/events/reunion-del-grupo-de-expertos-en-eliminaciones-de-carbono/">Leer más&#8230;</a></p>
