{"id":5518,"date":"2025-02-24T13:01:54","date_gmt":"2025-02-24T13:01:54","guid":{"rendered":"https:\/\/www.fbycc.org\/?post_type=event_listing&#038;p=5518"},"modified":"2025-02-24T13:01:54","modified_gmt":"2025-02-24T13:01:54","slug":"cuarto-congreso-internacional-de-accion-climatica","status":"publish","type":"event_listing","link":"https:\/\/www.fbycc.org\/index.php\/events\/cuarto-congreso-internacional-de-accion-climatica\/","title":{"rendered":"Cuarto Congreso Internacional de Acci\u00f3n Clim\u00e1tica"},"content":{"rendered":"<p><a href=\"https:\/\/congresociacc.org\/\"><img loading=\"lazy\" decoding=\"async\" class=\"alignnone size-full wp-image-5519\" src=\"https:\/\/www.fbycc.org\/wp-content\/uploads\/2025\/02\/1738582851492.jpg\" alt=\"\" width=\"800\" height=\"800\" srcset=\"https:\/\/www.fbycc.org\/wp-content\/uploads\/2025\/02\/1738582851492.jpg 800w, https:\/\/www.fbycc.org\/wp-content\/uploads\/2025\/02\/1738582851492-300x300.jpg 300w, https:\/\/www.fbycc.org\/wp-content\/uploads\/2025\/02\/1738582851492-150x150.jpg 150w, https:\/\/www.fbycc.org\/wp-content\/uploads\/2025\/02\/1738582851492-768x768.jpg 768w, https:\/\/www.fbycc.org\/wp-content\/uploads\/2025\/02\/1738582851492-50x50.jpg 50w, https:\/\/www.fbycc.org\/wp-content\/uploads\/2025\/02\/1738582851492-250x250.jpg 250w, https:\/\/www.fbycc.org\/wp-content\/uploads\/2025\/02\/1738582851492-500x500.jpg 500w\" sizes=\"auto, (max-width: 800px) 100vw, 800px\" \/><\/a><\/p>\n<p>La Fundaci\u00f3n Privada Empresa &amp; Clima, la Fundaci\u00f3n Universitaria Iberoamericana y la Universidad Europea del Atl\u00e1ntico organizar\u00e1 el Cuarto Congreso Internacional de Acci\u00f3n Clim\u00e1tica (CIACC) durante los d\u00edas 1, 2 y 3 de julio.<\/p>\n<p>Los temas del CIACC 2025:<\/p>\n<ul>\n<li>1\u00aa sesi\u00f3n: Restauraci\u00f3n de la naturaleza y biodiversidad<\/li>\n<li>2\u00aa sesi\u00f3n: La matriz de doble materialidad y su aplicaci\u00f3n en los informes de sostenibilidad<\/li>\n<li>3\u00aa sesi\u00f3n: \u00bfC\u00f3mo afecta el cambio clim\u00e1tico a la salud de las personas?<\/li>\n<li>4\u00aa sesi\u00f3n: Soluciones basadas en la naturaleza y sus aplicaciones industriales<\/li>\n<li>5\u00aa sesi\u00f3n: El hidr\u00f3geno y sus aplicaciones en la industria<\/li>\n<li>6\u00aa sesi\u00f3n: Eficiencia energ\u00e9tica y construcci\u00f3n sostenible<\/li>\n<\/ul>\n<p>Consulta toda la informaci\u00f3n en <strong><a href=\"https:\/\/congresociacc.org\/\">www.congresociacc.org<\/a><\/strong><\/p>\n","protected":false},"excerpt":{"rendered":"<p>La Fundaci\u00f3n Privada Empresa &amp; Clima, la Fundaci\u00f3n Universitaria Iberoamericana y la Universidad Europea del Atl\u00e1ntico organizar\u00e1 el Cuarto Congreso Internacional de Acci\u00f3n Clim\u00e1tica (CIACC) durante los d\u00edas 1, 2 y 3<a class=\"moretag\" href=\"https:\/\/www.fbycc.org\/index.php\/events\/cuarto-congreso-internacional-de-accion-climatica\/\">Leer m\u00e1s&#8230;<\/a><\/p>\n","protected":false},"author":5,"featured_media":0,"parent":0,"menu_order":0,"comment_status":"closed","ping_status":"closed","template":"","event_listing_category":[76],"class_list":["post-5518","event_listing","type-event_listing","status-publish","hentry"],"_links":{"self":[{"href":"https:\/\/www.fbycc.org\/index.php\/wp-json\/wp\/v2\/event_listing\/5518","targetHints":{"allow":["GET"]}}],"collection":[{"href":"https:\/\/www.fbycc.org\/index.php\/wp-json\/wp\/v2\/event_listing"}],"about":[{"href":"https:\/\/www.fbycc.org\/index.php\/wp-json\/wp\/v2\/types\/event_listing"}],"author":[{"embeddable":true,"href":"https:\/\/www.fbycc.org\/index.php\/wp-json\/wp\/v2\/users\/5"}],"replies":[{"embeddable":true,"href":"https:\/\/www.fbycc.org\/index.php\/wp-json\/wp\/v2\/comments?post=5518"}],"wp:attachment":[{"href":"https:\/\/www.fbycc.org\/index.php\/wp-json\/wp\/v2\/media?parent=5518"}],"wp:term":[{"taxonomy":"event_listing_category","embeddable":true,"href":"https:\/\/www.fbycc.org\/index.php\/wp-json\/wp\/v2\/event_listing_category?post=5518"}],"curies":[{"name":"wp","href":"https:\/\/api.w.org\/{rel}","templated":true}]}}

Cuarto Congreso Internacional de Acción Climática

<p><a href="https://congresociacc.org/"><img loading="lazy" decoding="async" class="alignnone size-full wp-image-5519" src="https://www.fbycc.org/wp-content/uploads/2025/02/1738582851492.jpg" alt="" width="800" height="800" srcset="https://www.fbycc.org/wp-content/uploads/2025/02/1738582851492.jpg 800w, https://www.fbycc.org/wp-content/uploads/2025/02/1738582851492-300x300.jpg 300w, https://www.fbycc.org/wp-content/uploads/2025/02/1738582851492-150x150.jpg 150w, https://www.fbycc.org/wp-content/uploads/2025/02/1738582851492-768x768.jpg 768w, https://www.fbycc.org/wp-content/uploads/2025/02/1738582851492-50x50.jpg 50w, https://www.fbycc.org/wp-content/uploads/2025/02/1738582851492-250x250.jpg 250w, https://www.fbycc.org/wp-content/uploads/2025/02/1738582851492-500x500.jpg 500w" sizes="auto, (max-width: 800px) 100vw, 800px" /></a></p>
<p>La Fundación Privada Empresa &amp; Clima, la Fundación Universitaria Iberoamericana y la Universidad Europea del Atlántico organizará el Cuarto Congreso Internacional de Acción Climática (CIACC) durante los días 1, 2 y 3 de julio.</p>
<p>Los temas del CIACC 2025:</p>
<ul>
<li>1ª sesión: Restauración de la naturaleza y biodiversidad</li>
<li>2ª sesión: La matriz de doble materialidad y su aplicación en los informes de sostenibilidad</li>
<li>3ª sesión: ¿Cómo afecta el cambio climático a la salud de las personas?</li>
<li>4ª sesión: Soluciones basadas en la naturaleza y sus aplicaciones industriales</li>
<li>5ª sesión: El hidrógeno y sus aplicaciones en la industria</li>
<li>6ª sesión: Eficiencia energética y construcción sostenible</li>
</ul>
<p>Consulta toda la información en <strong><a href="https://congresociacc.org/">www.congresociacc.org</a></strong></p>

<p>La Fundación Privada Empresa &amp; Clima, la Fundación Universitaria Iberoamericana y la Universidad Europea del Atlántico organizará el Cuarto Congreso Internacional de Acción Climática (CIACC) durante los días 1, 2 y 3<a class="moretag" href="https://www.fbycc.org/index.php/events/cuarto-congreso-internacional-de-accion-climatica/">Leer más&#8230;</a></p>
