{"id":5516,"date":"2025-02-17T15:39:44","date_gmt":"2025-02-17T15:39:44","guid":{"rendered":"https:\/\/www.fbycc.org\/?post_type=event_listing&#038;p=5516"},"modified":"2025-02-17T15:39:44","modified_gmt":"2025-02-17T15:39:44","slug":"conferencia-carbono-renovable-y-economia-circular","status":"publish","type":"event_listing","link":"https:\/\/www.fbycc.org\/index.php\/events\/conferencia-carbono-renovable-y-economia-circular\/","title":{"rendered":"Conferencia &#8211; Carbono renovable y econom\u00eda circular"},"content":{"rendered":"<p><img loading=\"lazy\" decoding=\"async\" class=\"alignnone size-full wp-image-5517\" src=\"https:\/\/www.fbycc.org\/wp-content\/uploads\/2025\/02\/BOLETIN-Eventos-1.png\" alt=\"\" width=\"724\" height=\"400\" srcset=\"https:\/\/www.fbycc.org\/wp-content\/uploads\/2025\/02\/BOLETIN-Eventos-1.png 724w, https:\/\/www.fbycc.org\/wp-content\/uploads\/2025\/02\/BOLETIN-Eventos-1-300x166.png 300w\" sizes=\"auto, (max-width: 724px) 100vw, 724px\" \/><\/p>\n<p>La conferencia <strong>h\u00edbrida<\/strong> sobre carbono renovable y econom\u00eda circular: desbloquear el papel de las cadenas de valor basadas en la madera, se celebrar\u00e1 el <strong>18 de marzo de 2025<\/strong>.<\/p>\n<p>Una jornada en la que se debatir\u00e1 el papel de las cadenas de valor basadas en la madera y el carbono renovable en la consecuci\u00f3n de una econom\u00eda m\u00e1s circular en Europa. Entre las cuestiones que se debatir\u00e1n se incluyen:<\/p>\n<ul>\n<li>\u00bfQu\u00e9 papel desempe\u00f1an actualmente las cadenas de valor basadas en la madera en la econom\u00eda circular de la UE? \u00bfCu\u00e1l es su potencial?<\/li>\n<li>\u00bfC\u00f3mo puede la UE promover la utilizaci\u00f3n de la madera en la construcci\u00f3n h\u00edbrida?<\/li>\n<li>Cu\u00e1les son los beneficios medioambientales del uso del carbono renovable como recurso?<\/li>\n<li>\u00bfQu\u00e9 medidas pol\u00edticas son necesarias para beneficiarse del carbono renovable y de la base de madera?<\/li>\n<\/ul>\n<p>Puedes asistir a esta conferencia de manera <strong>presencial<\/strong> en Bruselas (Bd Charlemagne 1, 1041) o asistir <strong>online<\/strong>.<\/p>\n<p style=\"text-align: center;\"><a class=\"tx-button\" href=\"https:\/\/www.eventleaf.com\/Attendee\/Attendee\/EventPage?eId=AZnjrlrzQW5lg7omRph%2B7g%3D%3D\" target=\"_blank\" style=\"color: #ffffff; background-color: #8aaa62\">INSCRIPCIONES<\/a> <a class=\"tx-button\" href=\"https:\/\/events.euractiv.com\/event\/info\/renewable-carbon-and-the-circular-economy-unlocking-the-role-of-woodbased-value-chains\" target=\"_blank\" style=\"color: #ffffff; background-color: #8aaa62\">M\u00c1S INFORMACI\u00d3N<\/a>\n","protected":false},"excerpt":{"rendered":"<p>La conferencia h\u00edbrida sobre carbono renovable y econom\u00eda circular: desbloquear el papel de las cadenas de valor basadas en la madera, se celebrar\u00e1 el 18 de marzo de 2025. Una jornada en<a class=\"moretag\" href=\"https:\/\/www.fbycc.org\/index.php\/events\/conferencia-carbono-renovable-y-economia-circular\/\">Leer m\u00e1s&#8230;<\/a><\/p>\n","protected":false},"author":5,"featured_media":0,"parent":0,"menu_order":0,"comment_status":"closed","ping_status":"closed","template":"","event_listing_category":[73],"class_list":["post-5516","event_listing","type-event_listing","status-publish","hentry"],"_links":{"self":[{"href":"https:\/\/www.fbycc.org\/index.php\/wp-json\/wp\/v2\/event_listing\/5516","targetHints":{"allow":["GET"]}}],"collection":[{"href":"https:\/\/www.fbycc.org\/index.php\/wp-json\/wp\/v2\/event_listing"}],"about":[{"href":"https:\/\/www.fbycc.org\/index.php\/wp-json\/wp\/v2\/types\/event_listing"}],"author":[{"embeddable":true,"href":"https:\/\/www.fbycc.org\/index.php\/wp-json\/wp\/v2\/users\/5"}],"replies":[{"embeddable":true,"href":"https:\/\/www.fbycc.org\/index.php\/wp-json\/wp\/v2\/comments?post=5516"}],"wp:attachment":[{"href":"https:\/\/www.fbycc.org\/index.php\/wp-json\/wp\/v2\/media?parent=5516"}],"wp:term":[{"taxonomy":"event_listing_category","embeddable":true,"href":"https:\/\/www.fbycc.org\/index.php\/wp-json\/wp\/v2\/event_listing_category?post=5516"}],"curies":[{"name":"wp","href":"https:\/\/api.w.org\/{rel}","templated":true}]}}

Conferencia &#8211; Carbono renovable y economía circular

<p><img loading="lazy" decoding="async" class="alignnone size-full wp-image-5517" src="https://www.fbycc.org/wp-content/uploads/2025/02/BOLETIN-Eventos-1.png" alt="" width="724" height="400" srcset="https://www.fbycc.org/wp-content/uploads/2025/02/BOLETIN-Eventos-1.png 724w, https://www.fbycc.org/wp-content/uploads/2025/02/BOLETIN-Eventos-1-300x166.png 300w" sizes="auto, (max-width: 724px) 100vw, 724px" /></p>
<p>La conferencia <strong>híbrida</strong> sobre carbono renovable y economía circular: desbloquear el papel de las cadenas de valor basadas en la madera, se celebrará el <strong>18 de marzo de 2025</strong>.</p>
<p>Una jornada en la que se debatirá el papel de las cadenas de valor basadas en la madera y el carbono renovable en la consecución de una economía más circular en Europa. Entre las cuestiones que se debatirán se incluyen:</p>
<ul>
<li>¿Qué papel desempeñan actualmente las cadenas de valor basadas en la madera en la economía circular de la UE? ¿Cuál es su potencial?</li>
<li>¿Cómo puede la UE promover la utilización de la madera en la construcción híbrida?</li>
<li>Cuáles son los beneficios medioambientales del uso del carbono renovable como recurso?</li>
<li>¿Qué medidas políticas son necesarias para beneficiarse del carbono renovable y de la base de madera?</li>
</ul>
<p>Puedes asistir a esta conferencia de manera <strong>presencial</strong> en Bruselas (Bd Charlemagne 1, 1041) o asistir <strong>online</strong>.</p>
<p style="text-align: center;"><a class="tx-button" href="https://www.eventleaf.com/Attendee/Attendee/EventPage?eId=AZnjrlrzQW5lg7omRph%2B7g%3D%3D" target="_blank" style="color: #ffffff; background-color: #8aaa62">INSCRIPCIONES</a> <a class="tx-button" href="https://events.euractiv.com/event/info/renewable-carbon-and-the-circular-economy-unlocking-the-role-of-woodbased-value-chains" target="_blank" style="color: #ffffff; background-color: #8aaa62">MÁS INFORMACIÓN</a>

<p>La conferencia híbrida sobre carbono renovable y economía circular: desbloquear el papel de las cadenas de valor basadas en la madera, se celebrará el 18 de marzo de 2025. Una jornada en<a class="moretag" href="https://www.fbycc.org/index.php/events/conferencia-carbono-renovable-y-economia-circular/">Leer más&#8230;</a></p>
