{"id":5456,"date":"2025-02-04T11:30:01","date_gmt":"2025-02-04T11:30:01","guid":{"rendered":"https:\/\/www.fbycc.org\/?post_type=event_listing&#038;p=5456"},"modified":"2025-02-04T11:30:01","modified_gmt":"2025-02-04T11:30:01","slug":"cafe-forestal-proyecto-eco2for","status":"publish","type":"event_listing","link":"https:\/\/www.fbycc.org\/index.php\/events\/cafe-forestal-proyecto-eco2for\/","title":{"rendered":"Caf\u00e9 Forestal: Proyecto eco2for"},"content":{"rendered":"<p><img loading=\"lazy\" decoding=\"async\" class=\"alignnone size-full wp-image-5457\" src=\"https:\/\/www.fbycc.org\/wp-content\/uploads\/2025\/02\/cartel_cf_eco2for_jpg-1.jpg\" alt=\"\" width=\"2480\" height=\"2480\" srcset=\"https:\/\/www.fbycc.org\/wp-content\/uploads\/2025\/02\/cartel_cf_eco2for_jpg-1.jpg 2480w, https:\/\/www.fbycc.org\/wp-content\/uploads\/2025\/02\/cartel_cf_eco2for_jpg-1-300x300.jpg 300w, https:\/\/www.fbycc.org\/wp-content\/uploads\/2025\/02\/cartel_cf_eco2for_jpg-1-1024x1024.jpg 1024w, https:\/\/www.fbycc.org\/wp-content\/uploads\/2025\/02\/cartel_cf_eco2for_jpg-1-150x150.jpg 150w, https:\/\/www.fbycc.org\/wp-content\/uploads\/2025\/02\/cartel_cf_eco2for_jpg-1-768x768.jpg 768w, https:\/\/www.fbycc.org\/wp-content\/uploads\/2025\/02\/cartel_cf_eco2for_jpg-1-50x50.jpg 50w, https:\/\/www.fbycc.org\/wp-content\/uploads\/2025\/02\/cartel_cf_eco2for_jpg-1-250x250.jpg 250w, https:\/\/www.fbycc.org\/wp-content\/uploads\/2025\/02\/cartel_cf_eco2for_jpg-1-500x500.jpg 500w, https:\/\/www.fbycc.org\/wp-content\/uploads\/2025\/02\/cartel_cf_eco2for_jpg-1-1536x1536.jpg 1536w, https:\/\/www.fbycc.org\/wp-content\/uploads\/2025\/02\/cartel_cf_eco2for_jpg-1-2048x2048.jpg 2048w\" sizes=\"auto, (max-width: 2480px) 100vw, 2480px\" \/><\/p>\n<p style=\"text-align: justify;\">El jueves 6 de febrero, el Foro de Bosques y Cambio Clim\u00e1tico participar\u00e1 en el Caf\u00e9 Forestal que realiza el Colegio Oficial de Ingenieros T\u00e9cnicos Forestales semanalmente, junto a nuestros compa\u00f1eros del proyecto eco2for. En este seminario queremos dar a conocer los avances e hitos alcanzados cuando se cumple la mitad del periodo de ejecuci\u00f3n del proyecto.<\/p>\n<p style=\"text-align: justify;\">Este Caf\u00e9 Forestal durar\u00e1 de 16:30 a 18:30 y puedes asistir online gratuitamente mediante inscripci\u00f3n previa. \u00a1No te lo pierdas!<\/p>\n<p style=\"text-align: center;\"><a class=\"tx-button\" href=\"https:\/\/www.forestales.net\/contenidos\/cafe-forestal-proyecto-eco2for:-mejora-de-la-contribucion-del-sector-forestal-a-la-lucha-contra-el-cambio-climatico#!\" target=\"_blank\" style=\"color: #ffffff; background-color: #8aaa62\">M\u00c1S INFORMACI\u00d3N<\/a> <a class=\"tx-button\" href=\"https:\/\/www.forestales.net\/formularios\/inscripcion:-cafe-forestal-proyecto-eco2for:-mejora-de-la-contribucion-del-sector-forestal-a-la-lucha-contra-el-cambio-climatico\" target=\"_blank\" style=\"color: #ffffff; background-color: #8aaa62\">INSCRIPCI\u00d3N<\/a>\n","protected":false},"excerpt":{"rendered":"<p>El jueves 6 de febrero, el Foro de Bosques y Cambio Clim\u00e1tico participar\u00e1 en el Caf\u00e9 Forestal que realiza el Colegio Oficial de Ingenieros T\u00e9cnicos Forestales semanalmente, junto a nuestros compa\u00f1eros del<a class=\"moretag\" href=\"https:\/\/www.fbycc.org\/index.php\/events\/cafe-forestal-proyecto-eco2for\/\">Leer m\u00e1s&#8230;<\/a><\/p>\n","protected":false},"author":5,"featured_media":0,"parent":0,"menu_order":0,"comment_status":"closed","ping_status":"closed","template":"","event_listing_category":[246],"class_list":["post-5456","event_listing","type-event_listing","status-publish","hentry"],"_links":{"self":[{"href":"https:\/\/www.fbycc.org\/index.php\/wp-json\/wp\/v2\/event_listing\/5456","targetHints":{"allow":["GET"]}}],"collection":[{"href":"https:\/\/www.fbycc.org\/index.php\/wp-json\/wp\/v2\/event_listing"}],"about":[{"href":"https:\/\/www.fbycc.org\/index.php\/wp-json\/wp\/v2\/types\/event_listing"}],"author":[{"embeddable":true,"href":"https:\/\/www.fbycc.org\/index.php\/wp-json\/wp\/v2\/users\/5"}],"replies":[{"embeddable":true,"href":"https:\/\/www.fbycc.org\/index.php\/wp-json\/wp\/v2\/comments?post=5456"}],"wp:attachment":[{"href":"https:\/\/www.fbycc.org\/index.php\/wp-json\/wp\/v2\/media?parent=5456"}],"wp:term":[{"taxonomy":"event_listing_category","embeddable":true,"href":"https:\/\/www.fbycc.org\/index.php\/wp-json\/wp\/v2\/event_listing_category?post=5456"}],"curies":[{"name":"wp","href":"https:\/\/api.w.org\/{rel}","templated":true}]}}

Café Forestal: Proyecto eco2for

<p><img loading="lazy" decoding="async" class="alignnone size-full wp-image-5457" src="https://www.fbycc.org/wp-content/uploads/2025/02/cartel_cf_eco2for_jpg-1.jpg" alt="" width="2480" height="2480" srcset="https://www.fbycc.org/wp-content/uploads/2025/02/cartel_cf_eco2for_jpg-1.jpg 2480w, https://www.fbycc.org/wp-content/uploads/2025/02/cartel_cf_eco2for_jpg-1-300x300.jpg 300w, https://www.fbycc.org/wp-content/uploads/2025/02/cartel_cf_eco2for_jpg-1-1024x1024.jpg 1024w, https://www.fbycc.org/wp-content/uploads/2025/02/cartel_cf_eco2for_jpg-1-150x150.jpg 150w, https://www.fbycc.org/wp-content/uploads/2025/02/cartel_cf_eco2for_jpg-1-768x768.jpg 768w, https://www.fbycc.org/wp-content/uploads/2025/02/cartel_cf_eco2for_jpg-1-50x50.jpg 50w, https://www.fbycc.org/wp-content/uploads/2025/02/cartel_cf_eco2for_jpg-1-250x250.jpg 250w, https://www.fbycc.org/wp-content/uploads/2025/02/cartel_cf_eco2for_jpg-1-500x500.jpg 500w, https://www.fbycc.org/wp-content/uploads/2025/02/cartel_cf_eco2for_jpg-1-1536x1536.jpg 1536w, https://www.fbycc.org/wp-content/uploads/2025/02/cartel_cf_eco2for_jpg-1-2048x2048.jpg 2048w" sizes="auto, (max-width: 2480px) 100vw, 2480px" /></p>
<p style="text-align: justify;">El jueves 6 de febrero, el Foro de Bosques y Cambio Climático participará en el Café Forestal que realiza el Colegio Oficial de Ingenieros Técnicos Forestales semanalmente, junto a nuestros compañeros del proyecto eco2for. En este seminario queremos dar a conocer los avances e hitos alcanzados cuando se cumple la mitad del periodo de ejecución del proyecto.</p>
<p style="text-align: justify;">Este Café Forestal durará de 16:30 a 18:30 y puedes asistir online gratuitamente mediante inscripción previa. ¡No te lo pierdas!</p>
<p style="text-align: center;"><a class="tx-button" href="https://www.forestales.net/contenidos/cafe-forestal-proyecto-eco2for:-mejora-de-la-contribucion-del-sector-forestal-a-la-lucha-contra-el-cambio-climatico#!" target="_blank" style="color: #ffffff; background-color: #8aaa62">MÁS INFORMACIÓN</a> <a class="tx-button" href="https://www.forestales.net/formularios/inscripcion:-cafe-forestal-proyecto-eco2for:-mejora-de-la-contribucion-del-sector-forestal-a-la-lucha-contra-el-cambio-climatico" target="_blank" style="color: #ffffff; background-color: #8aaa62">INSCRIPCIÓN</a>

<p>El jueves 6 de febrero, el Foro de Bosques y Cambio Climático participará en el Café Forestal que realiza el Colegio Oficial de Ingenieros Técnicos Forestales semanalmente, junto a nuestros compañeros del<a class="moretag" href="https://www.fbycc.org/index.php/events/cafe-forestal-proyecto-eco2for/">Leer más&#8230;</a></p>
