{"id":5451,"date":"2025-01-29T13:38:00","date_gmt":"2025-01-29T13:38:00","guid":{"rendered":"https:\/\/www.fbycc.org\/?post_type=event_listing&#038;p=5451"},"modified":"2025-01-29T13:39:55","modified_gmt":"2025-01-29T13:39:55","slug":"9o-congreso-forestal-espanol","status":"publish","type":"event_listing","link":"https:\/\/www.fbycc.org\/index.php\/events\/9o-congreso-forestal-espanol\/","title":{"rendered":"9\u00ba Congreso Forestal Espa\u00f1ol"},"content":{"rendered":"<div class=\"column mcb-column mcb-item-t6t9ti5je one laptop-one tablet-one mobile-one column_heading\">\n<div class=\"mcb-column-inner mfn-module-wrapper mcb-column-inner-t6t9ti5je mcb-item-heading-inner\">\n<h4 class=\"title\" style=\"text-align: center;\"><img loading=\"lazy\" decoding=\"async\" class=\"alignnone size-full wp-image-5452\" src=\"https:\/\/www.fbycc.org\/wp-content\/uploads\/2025\/01\/Banner-web-4-2048x965-1.png\" alt=\"\" width=\"2048\" height=\"965\" srcset=\"https:\/\/www.fbycc.org\/wp-content\/uploads\/2025\/01\/Banner-web-4-2048x965-1.png 2048w, https:\/\/www.fbycc.org\/wp-content\/uploads\/2025\/01\/Banner-web-4-2048x965-1-300x141.png 300w, https:\/\/www.fbycc.org\/wp-content\/uploads\/2025\/01\/Banner-web-4-2048x965-1-1024x483.png 1024w, https:\/\/www.fbycc.org\/wp-content\/uploads\/2025\/01\/Banner-web-4-2048x965-1-768x362.png 768w, https:\/\/www.fbycc.org\/wp-content\/uploads\/2025\/01\/Banner-web-4-2048x965-1-1536x724.png 1536w\" sizes=\"auto, (max-width: 2048px) 100vw, 2048px\" \/><\/h4>\n<p style=\"text-align: justify;\"><span style=\"text-align: justify;\">La 9\u00aa edici\u00f3n del Congreso Forestal Espa\u00f1ol se celebrar\u00e1 en <strong>Gij\u00f3n del 16 al 20 de junio de 2025<\/strong>. <\/span><\/p>\n<p style=\"text-align: justify;\"><span style=\"text-align: justify;\">El lema del 9CFE, <\/span><strong style=\"text-align: justify;\"><em>La inteligencia forestal, impulsora de alianzas en los territorios<\/em><\/strong><span style=\"text-align: justify;\">, refleja la capacidad que tiene la comunidad cient\u00edfica forestal para trabajar conjuntamente por encontrar soluciones innovadoras a los desaf\u00edos que afrontan nuestros bosques y territorios y, en especial, las personas que en ellos y de ellos viven.<\/span><\/p>\n<\/div>\n<\/div>\n<div class=\"column mcb-column mcb-item-9f6494948 one laptop-one tablet-one mobile-one column_column\">\n<div class=\"mcb-column-inner mfn-module-wrapper mcb-column-inner-9f6494948 mcb-item-column-inner\">\n<div class=\"column_attr mfn-inline-editor clearfix\">\n<p>Consulta toda la informaci\u00f3n, avances del congreso y c\u00f3mo registrarte aqu\u00ed:<\/p>\n<p style=\"text-align: center;\"><a class=\"tx-button\" href=\"https:\/\/9cfe.congresoforestal.es\/\" target=\"_blank\" style=\"color: #ffffff; background-color: #8aaa62\">9\u00ba CONGRESO FORESTAL ESPA\u00d1OL<\/a>\n<\/div>\n<\/div>\n<\/div>\n","protected":false},"excerpt":{"rendered":"<p>La 9\u00aa edici\u00f3n del Congreso Forestal Espa\u00f1ol se celebrar\u00e1 en Gij\u00f3n del 16 al 20 de junio de 2025. El lema del 9CFE, La inteligencia forestal, impulsora de alianzas en los territorios,<a class=\"moretag\" href=\"https:\/\/www.fbycc.org\/index.php\/events\/9o-congreso-forestal-espanol\/\">Leer m\u00e1s&#8230;<\/a><\/p>\n","protected":false},"author":5,"featured_media":0,"parent":0,"menu_order":0,"comment_status":"closed","ping_status":"closed","template":"","event_listing_category":[76],"class_list":["post-5451","event_listing","type-event_listing","status-publish","hentry"],"_links":{"self":[{"href":"https:\/\/www.fbycc.org\/index.php\/wp-json\/wp\/v2\/event_listing\/5451","targetHints":{"allow":["GET"]}}],"collection":[{"href":"https:\/\/www.fbycc.org\/index.php\/wp-json\/wp\/v2\/event_listing"}],"about":[{"href":"https:\/\/www.fbycc.org\/index.php\/wp-json\/wp\/v2\/types\/event_listing"}],"author":[{"embeddable":true,"href":"https:\/\/www.fbycc.org\/index.php\/wp-json\/wp\/v2\/users\/5"}],"replies":[{"embeddable":true,"href":"https:\/\/www.fbycc.org\/index.php\/wp-json\/wp\/v2\/comments?post=5451"}],"wp:attachment":[{"href":"https:\/\/www.fbycc.org\/index.php\/wp-json\/wp\/v2\/media?parent=5451"}],"wp:term":[{"taxonomy":"event_listing_category","embeddable":true,"href":"https:\/\/www.fbycc.org\/index.php\/wp-json\/wp\/v2\/event_listing_category?post=5451"}],"curies":[{"name":"wp","href":"https:\/\/api.w.org\/{rel}","templated":true}]}}

9º Congreso Forestal Español

<div class="column mcb-column mcb-item-t6t9ti5je one laptop-one tablet-one mobile-one column_heading">
<div class="mcb-column-inner mfn-module-wrapper mcb-column-inner-t6t9ti5je mcb-item-heading-inner">
<h4 class="title" style="text-align: center;"><img loading="lazy" decoding="async" class="alignnone size-full wp-image-5452" src="https://www.fbycc.org/wp-content/uploads/2025/01/Banner-web-4-2048x965-1.png" alt="" width="2048" height="965" srcset="https://www.fbycc.org/wp-content/uploads/2025/01/Banner-web-4-2048x965-1.png 2048w, https://www.fbycc.org/wp-content/uploads/2025/01/Banner-web-4-2048x965-1-300x141.png 300w, https://www.fbycc.org/wp-content/uploads/2025/01/Banner-web-4-2048x965-1-1024x483.png 1024w, https://www.fbycc.org/wp-content/uploads/2025/01/Banner-web-4-2048x965-1-768x362.png 768w, https://www.fbycc.org/wp-content/uploads/2025/01/Banner-web-4-2048x965-1-1536x724.png 1536w" sizes="auto, (max-width: 2048px) 100vw, 2048px" /></h4>
<p style="text-align: justify;"><span style="text-align: justify;">La 9ª edición del Congreso Forestal Español se celebrará en <strong>Gijón del 16 al 20 de junio de 2025</strong>. </span></p>
<p style="text-align: justify;"><span style="text-align: justify;">El lema del 9CFE, </span><strong style="text-align: justify;"><em>La inteligencia forestal, impulsora de alianzas en los territorios</em></strong><span style="text-align: justify;">, refleja la capacidad que tiene la comunidad científica forestal para trabajar conjuntamente por encontrar soluciones innovadoras a los desafíos que afrontan nuestros bosques y territorios y, en especial, las personas que en ellos y de ellos viven.</span></p>
</div>
</div>
<div class="column mcb-column mcb-item-9f6494948 one laptop-one tablet-one mobile-one column_column">
<div class="mcb-column-inner mfn-module-wrapper mcb-column-inner-9f6494948 mcb-item-column-inner">
<div class="column_attr mfn-inline-editor clearfix">
<p>Consulta toda la información, avances del congreso y cómo registrarte aquí:</p>
<p style="text-align: center;"><a class="tx-button" href="https://9cfe.congresoforestal.es/" target="_blank" style="color: #ffffff; background-color: #8aaa62">9º CONGRESO FORESTAL ESPAÑOL</a>
</div>
</div>
</div>

<p>La 9ª edición del Congreso Forestal Español se celebrará en Gijón del 16 al 20 de junio de 2025. El lema del 9CFE, La inteligencia forestal, impulsora de alianzas en los territorios,<a class="moretag" href="https://www.fbycc.org/index.php/events/9o-congreso-forestal-espanol/">Leer más&#8230;</a></p>
