{"id":5448,"date":"2025-01-29T13:25:14","date_gmt":"2025-01-29T13:25:14","guid":{"rendered":"https:\/\/www.fbycc.org\/?post_type=event_listing&#038;p=5448"},"modified":"2025-01-29T13:26:03","modified_gmt":"2025-01-29T13:26:03","slug":"jornada-juntas-por-los-bosques-la-semilla","status":"publish","type":"event_listing","link":"https:\/\/www.fbycc.org\/index.php\/events\/jornada-juntas-por-los-bosques-la-semilla\/","title":{"rendered":"Jornada \u00abJuntas por los bosques: la semilla\u00bb"},"content":{"rendered":"<p><img loading=\"lazy\" decoding=\"async\" class=\"alignnone size-full wp-image-5449\" src=\"https:\/\/www.fbycc.org\/wp-content\/uploads\/2025\/01\/GiD4maVWIAAjL_y-1-scaled.jpg\" alt=\"\" width=\"2048\" height=\"2560\" srcset=\"https:\/\/www.fbycc.org\/wp-content\/uploads\/2025\/01\/GiD4maVWIAAjL_y-1-scaled.jpg 2048w, https:\/\/www.fbycc.org\/wp-content\/uploads\/2025\/01\/GiD4maVWIAAjL_y-1-240x300.jpg 240w, https:\/\/www.fbycc.org\/wp-content\/uploads\/2025\/01\/GiD4maVWIAAjL_y-1-819x1024.jpg 819w, https:\/\/www.fbycc.org\/wp-content\/uploads\/2025\/01\/GiD4maVWIAAjL_y-1-768x960.jpg 768w, https:\/\/www.fbycc.org\/wp-content\/uploads\/2025\/01\/GiD4maVWIAAjL_y-1-1229x1536.jpg 1229w, https:\/\/www.fbycc.org\/wp-content\/uploads\/2025\/01\/GiD4maVWIAAjL_y-1-1639x2048.jpg 1639w\" sizes=\"auto, (max-width: 2048px) 100vw, 2048px\" \/><\/p>\n<p style=\"text-align: justify;\"><span class=\"css-1jxf684 r-bcqeeo r-1ttztb7 r-qvutc0 r-poiln3\">El evento de <\/span><span class=\"css-1jxf684 r-bcqeeo r-1ttztb7 r-qvutc0 r-poiln3\">\u00a0\u00abJuntas por los bosques: la semilla\u00bb, est\u00e1 organizado por Juntos por los Bosques y La Red de Mujeres Forestales. <\/span><span class=\"css-1jxf684 r-bcqeeo r-1ttztb7 r-qvutc0 r-poiln3\">Se celebrar\u00e1 el s\u00e1bado 22 de febrero <\/span><span class=\"css-1jxf684 r-bcqeeo r-1ttztb7 r-qvutc0 r-poiln3\">de 10:00 a 13:00 <\/span><span class=\"css-1jxf684 r-bcqeeo r-1ttztb7 r-qvutc0 r-poiln3\">en el Ateneo de Madrid.\u00a0<\/span><\/p>\n<p style=\"text-align: justify;\">Este evento ser\u00e1 un encuentro para dar <strong>visibilidad a la labor de las mujeres\u00a0<\/strong>en el \u00e1mbito forestal.<\/p>\n<p style=\"text-align: justify;\">La gesti\u00f3n de nuestros<strong>\u00a0bosques<\/strong>, la\u00a0<strong>despoblaci\u00f3n<\/strong>\u00a0del medio rural, la\u00a0<strong>innovaci\u00f3n profesional<\/strong>, el\u00a0<strong>cambio clim\u00e1tico<\/strong>\u00a0y la importancia de despertar vocaciones en las generaciones futuras ser\u00e1n algunos de los temas que se tratar\u00e1n durante la jornada, que espera contar con la presencia de m\u00e1s\u00a0de 200\u00a0personas.<\/p>\n<p style=\"text-align: justify;\">Consulta aqu\u00ed el programa y las interesant\u00edsimas ponentes a las que podr\u00e1s escuchar durante ese d\u00eda e \u00a1inscr\u00edbete!<\/p>\n<p style=\"text-align: center;\"><a class=\"tx-button\" href=\"https:\/\/www.juntosporlosbosques.es\/juntas-por-los-bosques-la-semilla\/\" target=\"_blank\" style=\"color: #ffffff; background-color: #8aaa62\">M\u00c1S INFORMACI\u00d3N E INSCRIPCIONES<\/a>\n","protected":false},"excerpt":{"rendered":"<p>El evento de \u00a0\u00abJuntas por los bosques: la semilla\u00bb, est\u00e1 organizado por Juntos por los Bosques y La Red de Mujeres Forestales. Se celebrar\u00e1 el s\u00e1bado 22 de febrero de 10:00 a<a class=\"moretag\" href=\"https:\/\/www.fbycc.org\/index.php\/events\/jornada-juntas-por-los-bosques-la-semilla\/\">Leer m\u00e1s&#8230;<\/a><\/p>\n","protected":false},"author":5,"featured_media":0,"parent":0,"menu_order":0,"comment_status":"closed","ping_status":"closed","template":"","event_listing_category":[52],"class_list":["post-5448","event_listing","type-event_listing","status-publish","hentry"],"_links":{"self":[{"href":"https:\/\/www.fbycc.org\/index.php\/wp-json\/wp\/v2\/event_listing\/5448","targetHints":{"allow":["GET"]}}],"collection":[{"href":"https:\/\/www.fbycc.org\/index.php\/wp-json\/wp\/v2\/event_listing"}],"about":[{"href":"https:\/\/www.fbycc.org\/index.php\/wp-json\/wp\/v2\/types\/event_listing"}],"author":[{"embeddable":true,"href":"https:\/\/www.fbycc.org\/index.php\/wp-json\/wp\/v2\/users\/5"}],"replies":[{"embeddable":true,"href":"https:\/\/www.fbycc.org\/index.php\/wp-json\/wp\/v2\/comments?post=5448"}],"wp:attachment":[{"href":"https:\/\/www.fbycc.org\/index.php\/wp-json\/wp\/v2\/media?parent=5448"}],"wp:term":[{"taxonomy":"event_listing_category","embeddable":true,"href":"https:\/\/www.fbycc.org\/index.php\/wp-json\/wp\/v2\/event_listing_category?post=5448"}],"curies":[{"name":"wp","href":"https:\/\/api.w.org\/{rel}","templated":true}]}}

<p><img loading="lazy" decoding="async" class="alignnone size-full wp-image-5449" src="https://www.fbycc.org/wp-content/uploads/2025/01/GiD4maVWIAAjL_y-1-scaled.jpg" alt="" width="2048" height="2560" srcset="https://www.fbycc.org/wp-content/uploads/2025/01/GiD4maVWIAAjL_y-1-scaled.jpg 2048w, https://www.fbycc.org/wp-content/uploads/2025/01/GiD4maVWIAAjL_y-1-240x300.jpg 240w, https://www.fbycc.org/wp-content/uploads/2025/01/GiD4maVWIAAjL_y-1-819x1024.jpg 819w, https://www.fbycc.org/wp-content/uploads/2025/01/GiD4maVWIAAjL_y-1-768x960.jpg 768w, https://www.fbycc.org/wp-content/uploads/2025/01/GiD4maVWIAAjL_y-1-1229x1536.jpg 1229w, https://www.fbycc.org/wp-content/uploads/2025/01/GiD4maVWIAAjL_y-1-1639x2048.jpg 1639w" sizes="auto, (max-width: 2048px) 100vw, 2048px" /></p>
<p style="text-align: justify;"><span class="css-1jxf684 r-bcqeeo r-1ttztb7 r-qvutc0 r-poiln3">El evento de </span><span class="css-1jxf684 r-bcqeeo r-1ttztb7 r-qvutc0 r-poiln3"> «Juntas por los bosques: la semilla», está organizado por Juntos por los Bosques y La Red de Mujeres Forestales. </span><span class="css-1jxf684 r-bcqeeo r-1ttztb7 r-qvutc0 r-poiln3">Se celebrará el sábado 22 de febrero </span><span class="css-1jxf684 r-bcqeeo r-1ttztb7 r-qvutc0 r-poiln3">de 10:00 a 13:00 </span><span class="css-1jxf684 r-bcqeeo r-1ttztb7 r-qvutc0 r-poiln3">en el Ateneo de Madrid. </span></p>
<p style="text-align: justify;">Este evento será un encuentro para dar <strong>visibilidad a la labor de las mujeres </strong>en el ámbito forestal.</p>
<p style="text-align: justify;">La gestión de nuestros<strong> bosques</strong>, la <strong>despoblación</strong> del medio rural, la <strong>innovación profesional</strong>, el <strong>cambio climático</strong> y la importancia de despertar vocaciones en las generaciones futuras serán algunos de los temas que se tratarán durante la jornada, que espera contar con la presencia de más de 200 personas.</p>
<p style="text-align: justify;">Consulta aquí el programa y las interesantísimas ponentes a las que podrás escuchar durante ese día e ¡inscríbete!</p>
<p style="text-align: center;"><a class="tx-button" href="https://www.juntosporlosbosques.es/juntas-por-los-bosques-la-semilla/" target="_blank" style="color: #ffffff; background-color: #8aaa62">MÁS INFORMACIÓN E INSCRIPCIONES</a>

<p>El evento de  «Juntas por los bosques: la semilla», está organizado por Juntos por los Bosques y La Red de Mujeres Forestales. Se celebrará el sábado 22 de febrero de 10:00 a<a class="moretag" href="https://www.fbycc.org/index.php/events/jornada-juntas-por-los-bosques-la-semilla/">Leer más&#8230;</a></p>
