{"id":5446,"date":"2025-01-29T13:05:03","date_gmt":"2025-01-29T13:05:03","guid":{"rendered":"https:\/\/www.fbycc.org\/?post_type=event_listing&#038;p=5446"},"modified":"2025-01-29T13:05:09","modified_gmt":"2025-01-29T13:05:09","slug":"primer-congreso-nacional-sobre-montes-publicos","status":"publish","type":"event_listing","link":"https:\/\/www.fbycc.org\/index.php\/events\/primer-congreso-nacional-sobre-montes-publicos\/","title":{"rendered":"Primer Congreso Nacional sobre Montes P\u00fablicos"},"content":{"rendered":"<p><img loading=\"lazy\" decoding=\"async\" class=\"alignnone size-full wp-image-5447\" src=\"https:\/\/www.fbycc.org\/wp-content\/uploads\/2025\/01\/1erCONGRESO-MONTES-PUBLICOS_950x600.jpg\" alt=\"\" width=\"950\" height=\"600\" srcset=\"https:\/\/www.fbycc.org\/wp-content\/uploads\/2025\/01\/1erCONGRESO-MONTES-PUBLICOS_950x600.jpg 950w, https:\/\/www.fbycc.org\/wp-content\/uploads\/2025\/01\/1erCONGRESO-MONTES-PUBLICOS_950x600-300x189.jpg 300w, https:\/\/www.fbycc.org\/wp-content\/uploads\/2025\/01\/1erCONGRESO-MONTES-PUBLICOS_950x600-768x485.jpg 768w\" sizes=\"auto, (max-width: 950px) 100vw, 950px\" \/><\/p>\n<p style=\"text-align: justify;\">Este<strong> Primer Congreso Nacional sobre Montes P\u00fablicos<\/strong> est\u00e1 organizado por la REMP. <strong>REMP o la Red Nacional de Montes P\u00fablicos<\/strong> es un proyecto financiado por la Fundaci\u00f3n Biodiversidad, respondiendo a la necesidad de constituir ese nodo que aglutina a los equipos responsables de la gesti\u00f3n de los montes p\u00fablicos. Con el prop\u00f3sito de que se perpet\u00fae en el tiempo y desplegar una plataforma sostenible y continua se ha elegido esta forma de <strong>red\u00a0<\/strong>a la que las comunidades aut\u00f3nomas, resto de administraciones y las personas que forman parte de ellas puedan adherirse de forma voluntaria.<\/p>\n<p style=\"text-align: justify;\">Este congreso ser\u00e1 el congreso el de las personas que d\u00eda a d\u00eda trabajan en la gesti\u00f3n de los Montes P\u00fablicos, un espacio de encuentro y un lugar de cooperaci\u00f3n en el que mostrar su experiencia, las Buenas Pr\u00e1cticas de las actuaciones que desarrollan y c\u00f3mo se afrontan las problem\u00e1ticas m\u00e1s comunes. Un lugar para hablar, compartir y conocer lo que une al gestionar de forma sostenible nuestro valioso Patrimonio Natural.<\/p>\n<p style=\"text-align: center;\"><a class=\"tx-button\" href=\"https:\/\/remp.es\/actividades\/campus-formativos\/primer-congreso-nacional-de-montes-publicos?s=08#register\" target=\"_blank\" style=\"color: #ffffff; background-color: #8aaa62\">M\u00c1S INFORMACI\u00d3N Y PROGRAMA<\/a>\n","protected":false},"excerpt":{"rendered":"<p>Este Primer Congreso Nacional sobre Montes P\u00fablicos est\u00e1 organizado por la REMP. REMP o la Red Nacional de Montes P\u00fablicos es un proyecto financiado por la Fundaci\u00f3n Biodiversidad, respondiendo a la necesidad<a class=\"moretag\" href=\"https:\/\/www.fbycc.org\/index.php\/events\/primer-congreso-nacional-sobre-montes-publicos\/\">Leer m\u00e1s&#8230;<\/a><\/p>\n","protected":false},"author":5,"featured_media":0,"parent":0,"menu_order":0,"comment_status":"closed","ping_status":"closed","template":"","event_listing_category":[76],"class_list":["post-5446","event_listing","type-event_listing","status-publish","hentry"],"_links":{"self":[{"href":"https:\/\/www.fbycc.org\/index.php\/wp-json\/wp\/v2\/event_listing\/5446","targetHints":{"allow":["GET"]}}],"collection":[{"href":"https:\/\/www.fbycc.org\/index.php\/wp-json\/wp\/v2\/event_listing"}],"about":[{"href":"https:\/\/www.fbycc.org\/index.php\/wp-json\/wp\/v2\/types\/event_listing"}],"author":[{"embeddable":true,"href":"https:\/\/www.fbycc.org\/index.php\/wp-json\/wp\/v2\/users\/5"}],"replies":[{"embeddable":true,"href":"https:\/\/www.fbycc.org\/index.php\/wp-json\/wp\/v2\/comments?post=5446"}],"wp:attachment":[{"href":"https:\/\/www.fbycc.org\/index.php\/wp-json\/wp\/v2\/media?parent=5446"}],"wp:term":[{"taxonomy":"event_listing_category","embeddable":true,"href":"https:\/\/www.fbycc.org\/index.php\/wp-json\/wp\/v2\/event_listing_category?post=5446"}],"curies":[{"name":"wp","href":"https:\/\/api.w.org\/{rel}","templated":true}]}}

Primer Congreso Nacional sobre Montes Públicos

<p><img loading="lazy" decoding="async" class="alignnone size-full wp-image-5447" src="https://www.fbycc.org/wp-content/uploads/2025/01/1erCONGRESO-MONTES-PUBLICOS_950x600.jpg" alt="" width="950" height="600" srcset="https://www.fbycc.org/wp-content/uploads/2025/01/1erCONGRESO-MONTES-PUBLICOS_950x600.jpg 950w, https://www.fbycc.org/wp-content/uploads/2025/01/1erCONGRESO-MONTES-PUBLICOS_950x600-300x189.jpg 300w, https://www.fbycc.org/wp-content/uploads/2025/01/1erCONGRESO-MONTES-PUBLICOS_950x600-768x485.jpg 768w" sizes="auto, (max-width: 950px) 100vw, 950px" /></p>
<p style="text-align: justify;">Este<strong> Primer Congreso Nacional sobre Montes Públicos</strong> está organizado por la REMP. <strong>REMP o la Red Nacional de Montes Públicos</strong> es un proyecto financiado por la Fundación Biodiversidad, respondiendo a la necesidad de constituir ese nodo que aglutina a los equipos responsables de la gestión de los montes públicos. Con el propósito de que se perpetúe en el tiempo y desplegar una plataforma sostenible y continua se ha elegido esta forma de <strong>red </strong>a la que las comunidades autónomas, resto de administraciones y las personas que forman parte de ellas puedan adherirse de forma voluntaria.</p>
<p style="text-align: justify;">Este congreso será el congreso el de las personas que día a día trabajan en la gestión de los Montes Públicos, un espacio de encuentro y un lugar de cooperación en el que mostrar su experiencia, las Buenas Prácticas de las actuaciones que desarrollan y cómo se afrontan las problemáticas más comunes. Un lugar para hablar, compartir y conocer lo que une al gestionar de forma sostenible nuestro valioso Patrimonio Natural.</p>
<p style="text-align: center;"><a class="tx-button" href="https://remp.es/actividades/campus-formativos/primer-congreso-nacional-de-montes-publicos?s=08#register" target="_blank" style="color: #ffffff; background-color: #8aaa62">MÁS INFORMACIÓN Y PROGRAMA</a>

<p>Este Primer Congreso Nacional sobre Montes Públicos está organizado por la REMP. REMP o la Red Nacional de Montes Públicos es un proyecto financiado por la Fundación Biodiversidad, respondiendo a la necesidad<a class="moretag" href="https://www.fbycc.org/index.php/events/primer-congreso-nacional-sobre-montes-publicos/">Leer más&#8230;</a></p>
