{"id":5427,"date":"2024-12-23T11:57:58","date_gmt":"2024-12-23T11:57:58","guid":{"rendered":"https:\/\/www.fbycc.org\/?post_type=event_listing&#038;p=5427"},"modified":"2024-12-23T11:57:58","modified_gmt":"2024-12-23T11:57:58","slug":"redbosques_clima-webinar","status":"publish","type":"event_listing","link":"https:\/\/www.fbycc.org\/index.php\/events\/redbosques_clima-webinar\/","title":{"rendered":"RedBosques_Clima webinar"},"content":{"rendered":"<p><img loading=\"lazy\" decoding=\"async\" class=\"size-full wp-image-5429 aligncenter\" src=\"https:\/\/www.fbycc.org\/wp-content\/uploads\/2024\/12\/0bf2dc49-df95-40b8-9dfb-fc391846aec3.png\" alt=\"\" width=\"2754\" height=\"2333\" srcset=\"https:\/\/www.fbycc.org\/wp-content\/uploads\/2024\/12\/0bf2dc49-df95-40b8-9dfb-fc391846aec3.png 2754w, https:\/\/www.fbycc.org\/wp-content\/uploads\/2024\/12\/0bf2dc49-df95-40b8-9dfb-fc391846aec3-300x254.png 300w, https:\/\/www.fbycc.org\/wp-content\/uploads\/2024\/12\/0bf2dc49-df95-40b8-9dfb-fc391846aec3-1024x867.png 1024w, https:\/\/www.fbycc.org\/wp-content\/uploads\/2024\/12\/0bf2dc49-df95-40b8-9dfb-fc391846aec3-768x651.png 768w, https:\/\/www.fbycc.org\/wp-content\/uploads\/2024\/12\/0bf2dc49-df95-40b8-9dfb-fc391846aec3-1536x1301.png 1536w, https:\/\/www.fbycc.org\/wp-content\/uploads\/2024\/12\/0bf2dc49-df95-40b8-9dfb-fc391846aec3-2048x1735.png 2048w\" sizes=\"auto, (max-width: 2754px) 100vw, 2754px\" \/><\/p>\n<p style=\"text-align: justify;\">En el contexto europeo, los bosques de la regi\u00f3n mediterr\u00e1nea presentan caracter\u00edsticas \u00fanicas: tienen un gran valor ecol\u00f3gico, aunque presentan una menor productividad primaria y est\u00e1n muy expuestos a perturbaciones como los incendios forestales y otros riesgos asociados al cambio clim\u00e1tico. Las <strong>pol\u00edticas de restauraci\u00f3n forestal de la UE<\/strong> hacen hincapi\u00e9 en la plantaci\u00f3n de nuevos \u00e1rboles, dejando a menudo de lado la <strong>gesti\u00f3n de las masas forestales existentes<\/strong> y la mejora de su heterogeneidad y diversidad, una alternativa que, desde el punto de vista de la adaptaci\u00f3n, ser\u00eda <strong>m\u00e1s adecuada para el contexto mediterr\u00e1neo.<\/strong><\/p>\n<p>Este webinar pretende mostrar los retos a los que se enfrenta la gesti\u00f3n y conservaci\u00f3n de los bosques en el actual escenario de cambio clim\u00e1tico, con especial atenci\u00f3n al sur de Europa.<\/p>\n<p>El webinar se celebrar\u00e1 en ingl\u00e9s, el d\u00eda 18 de febrero de 2025, de 10:00 a 12:30<\/p>\n<p style=\"text-align: center;\"><a class=\"tx-button\" href=\"https:\/\/webinareu.gr8.com\/\" target=\"_blank\" style=\"color: #ffffff; background-color: #669900\">M\u00e1s informaci\u00f3n e inscripci\u00f3n<\/a>\n<p>&nbsp;<\/p>\n<p>&nbsp;<\/p>\n<p>&nbsp;<\/p>\n<p>&nbsp;<\/p>\n<p>&nbsp;<\/p>\n","protected":false},"excerpt":{"rendered":"<p>En el contexto europeo, los bosques de la regi\u00f3n mediterr\u00e1nea presentan caracter\u00edsticas \u00fanicas: tienen un gran valor ecol\u00f3gico, aunque presentan una menor productividad primaria y est\u00e1n muy expuestos a perturbaciones como los<a class=\"moretag\" href=\"https:\/\/www.fbycc.org\/index.php\/events\/redbosques_clima-webinar\/\">Leer m\u00e1s&#8230;<\/a><\/p>\n","protected":false},"author":5,"featured_media":0,"parent":0,"menu_order":0,"comment_status":"closed","ping_status":"closed","template":"","event_listing_category":[246],"class_list":["post-5427","event_listing","type-event_listing","status-publish","hentry"],"_links":{"self":[{"href":"https:\/\/www.fbycc.org\/index.php\/wp-json\/wp\/v2\/event_listing\/5427","targetHints":{"allow":["GET"]}}],"collection":[{"href":"https:\/\/www.fbycc.org\/index.php\/wp-json\/wp\/v2\/event_listing"}],"about":[{"href":"https:\/\/www.fbycc.org\/index.php\/wp-json\/wp\/v2\/types\/event_listing"}],"author":[{"embeddable":true,"href":"https:\/\/www.fbycc.org\/index.php\/wp-json\/wp\/v2\/users\/5"}],"replies":[{"embeddable":true,"href":"https:\/\/www.fbycc.org\/index.php\/wp-json\/wp\/v2\/comments?post=5427"}],"wp:attachment":[{"href":"https:\/\/www.fbycc.org\/index.php\/wp-json\/wp\/v2\/media?parent=5427"}],"wp:term":[{"taxonomy":"event_listing_category","embeddable":true,"href":"https:\/\/www.fbycc.org\/index.php\/wp-json\/wp\/v2\/event_listing_category?post=5427"}],"curies":[{"name":"wp","href":"https:\/\/api.w.org\/{rel}","templated":true}]}}

<p><img loading="lazy" decoding="async" class="size-full wp-image-5429 aligncenter" src="https://www.fbycc.org/wp-content/uploads/2024/12/0bf2dc49-df95-40b8-9dfb-fc391846aec3.png" alt="" width="2754" height="2333" srcset="https://www.fbycc.org/wp-content/uploads/2024/12/0bf2dc49-df95-40b8-9dfb-fc391846aec3.png 2754w, https://www.fbycc.org/wp-content/uploads/2024/12/0bf2dc49-df95-40b8-9dfb-fc391846aec3-300x254.png 300w, https://www.fbycc.org/wp-content/uploads/2024/12/0bf2dc49-df95-40b8-9dfb-fc391846aec3-1024x867.png 1024w, https://www.fbycc.org/wp-content/uploads/2024/12/0bf2dc49-df95-40b8-9dfb-fc391846aec3-768x651.png 768w, https://www.fbycc.org/wp-content/uploads/2024/12/0bf2dc49-df95-40b8-9dfb-fc391846aec3-1536x1301.png 1536w, https://www.fbycc.org/wp-content/uploads/2024/12/0bf2dc49-df95-40b8-9dfb-fc391846aec3-2048x1735.png 2048w" sizes="auto, (max-width: 2754px) 100vw, 2754px" /></p>
<p style="text-align: justify;">En el contexto europeo, los bosques de la región mediterránea presentan características únicas: tienen un gran valor ecológico, aunque presentan una menor productividad primaria y están muy expuestos a perturbaciones como los incendios forestales y otros riesgos asociados al cambio climático. Las <strong>políticas de restauración forestal de la UE</strong> hacen hincapié en la plantación de nuevos árboles, dejando a menudo de lado la <strong>gestión de las masas forestales existentes</strong> y la mejora de su heterogeneidad y diversidad, una alternativa que, desde el punto de vista de la adaptación, sería <strong>más adecuada para el contexto mediterráneo.</strong></p>
<p>Este webinar pretende mostrar los retos a los que se enfrenta la gestión y conservación de los bosques en el actual escenario de cambio climático, con especial atención al sur de Europa.</p>
<p>El webinar se celebrará en inglés, el día 18 de febrero de 2025, de 10:00 a 12:30</p>
<p style="text-align: center;"><a class="tx-button" href="https://webinareu.gr8.com/" target="_blank" style="color: #ffffff; background-color: #669900">Más información e inscripción</a>
<p>&nbsp;</p>
<p>&nbsp;</p>
<p>&nbsp;</p>
<p>&nbsp;</p>
<p>&nbsp;</p>

<p>En el contexto europeo, los bosques de la región mediterránea presentan características únicas: tienen un gran valor ecológico, aunque presentan una menor productividad primaria y están muy expuestos a perturbaciones como los<a class="moretag" href="https://www.fbycc.org/index.php/events/redbosques_clima-webinar/">Leer más&#8230;</a></p>
