{"id":5270,"date":"2024-11-12T13:08:59","date_gmt":"2024-11-12T13:08:59","guid":{"rendered":"https:\/\/www.fbycc.org\/?post_type=event_listing&#038;p=5270"},"modified":"2024-11-12T13:11:13","modified_gmt":"2024-11-12T13:11:13","slug":"jornada-tecnica-euskalarido-28-11-24","status":"publish","type":"event_listing","link":"https:\/\/www.fbycc.org\/index.php\/events\/jornada-tecnica-euskalarido-28-11-24\/","title":{"rendered":"Jornada T\u00e9cnica EUSKALARIDO 28\/11\/24"},"content":{"rendered":"<p style=\"text-align: center;\"><span style=\"font-size: 24pt;\">JORNADA T\u00c9CNICA: \u201cRestauraci\u00f3n\/ rehabilitaci\u00f3n deespacios mineros desde laperspectiva fundacional.\u201d\u201cEl C\u00e1lculo de la huella de carbonoen empresas e industriasproductoras de \u00e1ridos de Euskadi\u201d<\/span><\/p>\n<p style=\"text-align: justify;\">El <strong>28 de noviembre<\/strong> de 2024 tendr\u00e1 lugar, en la Sala YES del Espacio YIMBY, calle Ercilla n\u00ba 24, <strong>Bilbao<\/strong>, la jornada t\u00e9cnica organizada por EUSKAL ARIDO para abordar la tem\u00e1tica \u201cRestauraci\u00f3n\/Rehabilitaci\u00f3n de espacios mineros desde la perspectiva funcional\u201d y la presentaci\u00f3n de la \u201cHerramienta para el C\u00e1lculo de la huella de carbono en las empresas e industrias productoras de \u00e1ridos de Euskadi\u201d.<\/p>\n<p style=\"text-align: justify;\">Esta jornada t\u00e9cnica est\u00e1 dirigida a ingenieros de minas, ge\u00f3logos, bi\u00f3logos, graduados en ciencias ambientales y otros t\u00e9cnicos especialistas en la materia, personal directivo y mandos intermedios, y t\u00e9cnicos delas administraciones p\u00fablicas.<\/p>\n<p>Durante esta jornada:<\/p>\n<ul>\n<li>Se analizar\u00e1n los efectos ambientales negativos, se discutir\u00e1n los m\u00e9todos de restauraci\u00f3n basados en la ciencia y se presentar\u00e1n las tendencias actuales y futuras en restauraci\u00f3n ecol\u00f3gica.<\/li>\n<li>Se compartir\u00e1n experiencias reales y exitosas de restauraci\u00f3n y rehabilitaci\u00f3n en el sector minero<\/li>\n<li>Se presentar\u00e1n dos importantes proyectos: la Herramienta para el C\u00e1lculo de la Huella de Carbono en las empresas de EUSKALARIDO y la Gu\u00eda para el manejo y conservaci\u00f3n del patrimonio natural en las explotaciones mineras activas e inactivas de Euskadi.<\/li>\n<\/ul>\n<p>Consulta el programa e informaci\u00f3n de la jornada aqu\u00ed:\u00a0<a href=\"https:\/\/www.fbycc.org\/wp-content\/uploads\/2024\/11\/JORNADA-TECNICA-28NOV.pdf\">JORNADA T\u00c9CNICA 28NOV<\/a><\/p>\n<p>Inscr\u00edbete escribiendo a <strong>comunicacion@euskalarido.es<\/strong><\/p>\n","protected":false},"excerpt":{"rendered":"<p>JORNADA T\u00c9CNICA: \u201cRestauraci\u00f3n\/ rehabilitaci\u00f3n deespacios mineros desde laperspectiva fundacional.\u201d\u201cEl C\u00e1lculo de la huella de carbonoen empresas e industriasproductoras de \u00e1ridos de Euskadi\u201d El 28 de noviembre de 2024 tendr\u00e1 lugar, en la<a class=\"moretag\" href=\"https:\/\/www.fbycc.org\/index.php\/events\/jornada-tecnica-euskalarido-28-11-24\/\">Leer m\u00e1s&#8230;<\/a><\/p>\n","protected":false},"author":5,"featured_media":0,"parent":0,"menu_order":0,"comment_status":"closed","ping_status":"closed","template":"","event_listing_category":[52],"class_list":["post-5270","event_listing","type-event_listing","status-publish","hentry"],"_links":{"self":[{"href":"https:\/\/www.fbycc.org\/index.php\/wp-json\/wp\/v2\/event_listing\/5270","targetHints":{"allow":["GET"]}}],"collection":[{"href":"https:\/\/www.fbycc.org\/index.php\/wp-json\/wp\/v2\/event_listing"}],"about":[{"href":"https:\/\/www.fbycc.org\/index.php\/wp-json\/wp\/v2\/types\/event_listing"}],"author":[{"embeddable":true,"href":"https:\/\/www.fbycc.org\/index.php\/wp-json\/wp\/v2\/users\/5"}],"replies":[{"embeddable":true,"href":"https:\/\/www.fbycc.org\/index.php\/wp-json\/wp\/v2\/comments?post=5270"}],"wp:attachment":[{"href":"https:\/\/www.fbycc.org\/index.php\/wp-json\/wp\/v2\/media?parent=5270"}],"wp:term":[{"taxonomy":"event_listing_category","embeddable":true,"href":"https:\/\/www.fbycc.org\/index.php\/wp-json\/wp\/v2\/event_listing_category?post=5270"}],"curies":[{"name":"wp","href":"https:\/\/api.w.org\/{rel}","templated":true}]}}

Jornada Técnica EUSKALARIDO 28/11/24

<p style="text-align: center;"><span style="font-size: 24pt;">JORNADA TÉCNICA: “Restauración/ rehabilitación deespacios mineros desde laperspectiva fundacional.”“El Cálculo de la huella de carbonoen empresas e industriasproductoras de áridos de Euskadi”</span></p>
<p style="text-align: justify;">El <strong>28 de noviembre</strong> de 2024 tendrá lugar, en la Sala YES del Espacio YIMBY, calle Ercilla nº 24, <strong>Bilbao</strong>, la jornada técnica organizada por EUSKAL ARIDO para abordar la temática “Restauración/Rehabilitación de espacios mineros desde la perspectiva funcional” y la presentación de la “Herramienta para el Cálculo de la huella de carbono en las empresas e industrias productoras de áridos de Euskadi”.</p>
<p style="text-align: justify;">Esta jornada técnica está dirigida a ingenieros de minas, geólogos, biólogos, graduados en ciencias ambientales y otros técnicos especialistas en la materia, personal directivo y mandos intermedios, y técnicos delas administraciones públicas.</p>
<p>Durante esta jornada:</p>
<ul>
<li>Se analizarán los efectos ambientales negativos, se discutirán los métodos de restauración basados en la ciencia y se presentarán las tendencias actuales y futuras en restauración ecológica.</li>
<li>Se compartirán experiencias reales y exitosas de restauración y rehabilitación en el sector minero</li>
<li>Se presentarán dos importantes proyectos: la Herramienta para el Cálculo de la Huella de Carbono en las empresas de EUSKALARIDO y la Guía para el manejo y conservación del patrimonio natural en las explotaciones mineras activas e inactivas de Euskadi.</li>
</ul>
<p>Consulta el programa e información de la jornada aquí: <a href="https://www.fbycc.org/wp-content/uploads/2024/11/JORNADA-TECNICA-28NOV.pdf">JORNADA TÉCNICA 28NOV</a></p>
<p>Inscríbete escribiendo a <strong>comunicacion@euskalarido.es</strong></p>

<p>JORNADA TÉCNICA: “Restauración/ rehabilitación deespacios mineros desde laperspectiva fundacional.”“El Cálculo de la huella de carbonoen empresas e industriasproductoras de áridos de Euskadi” El 28 de noviembre de 2024 tendrá lugar, en la<a class="moretag" href="https://www.fbycc.org/index.php/events/jornada-tecnica-euskalarido-28-11-24/">Leer más&#8230;</a></p>
