{"id":5203,"date":"2024-11-05T11:01:13","date_gmt":"2024-11-05T11:01:13","guid":{"rendered":"https:\/\/www.fbycc.org\/?post_type=event_listing&#038;p=5203"},"modified":"2024-11-05T11:01:13","modified_gmt":"2024-11-05T11:01:13","slug":"congreso-2nd-european-carbon-farming-summit","status":"publish","type":"event_listing","link":"https:\/\/www.fbycc.org\/index.php\/events\/congreso-2nd-european-carbon-farming-summit\/","title":{"rendered":"Congreso | 2nd European Carbon Farming Summit"},"content":{"rendered":"<p><img loading=\"lazy\" decoding=\"async\" class=\"alignnone size-full wp-image-4810\" src=\"https:\/\/www.fbycc.org\/wp-content\/uploads\/2024\/07\/Captura-de-pantalla-2024-07-05-125349.png\" alt=\"\" width=\"1872\" height=\"742\" srcset=\"https:\/\/www.fbycc.org\/wp-content\/uploads\/2024\/07\/Captura-de-pantalla-2024-07-05-125349.png 1872w, https:\/\/www.fbycc.org\/wp-content\/uploads\/2024\/07\/Captura-de-pantalla-2024-07-05-125349-300x119.png 300w, https:\/\/www.fbycc.org\/wp-content\/uploads\/2024\/07\/Captura-de-pantalla-2024-07-05-125349-1024x406.png 1024w, https:\/\/www.fbycc.org\/wp-content\/uploads\/2024\/07\/Captura-de-pantalla-2024-07-05-125349-768x304.png 768w, https:\/\/www.fbycc.org\/wp-content\/uploads\/2024\/07\/Captura-de-pantalla-2024-07-05-125349-1536x609.png 1536w\" sizes=\"auto, (max-width: 1872px) 100vw, 1872px\" \/><\/p>\n<p style=\"text-align: justify;\">El pr\u00f3ximo <strong>4, 5 y 6 de marzo de 2025<\/strong>, tendr\u00e1 lugar el <strong>2\u207f\u1d48 European Carbon Farming Summit<\/strong> en <strong>Dubl\u00edn, Irlanda<\/strong>. Este evento abordar\u00e1 la creaci\u00f3n de mercados de carbono agr\u00edcolas robustos y pol\u00edticas efectivas. Se discutir\u00e1n pr\u00e1cticas para los suelos europeos, mecanismos de certificaci\u00f3n y est\u00e1ndares, y m\u00e9todos para monitorear los flujos de carbono.<\/p>\n<p>M\u00e1s informaci\u00f3n en:<\/p>\n<a class=\"tx-button\" href=\"https:\/\/www.carbonfarmingsummit.eu\/\" target=\"_blank\" style=\"color: #ffffff; background-color: #8aaa62\">PROGRAMA e INSCRIPCIONES<\/a>\n","protected":false},"excerpt":{"rendered":"<p>El pr\u00f3ximo 4, 5 y 6 de marzo de 2025, tendr\u00e1 lugar el 2\u207f\u1d48 European Carbon Farming Summit en Dubl\u00edn, Irlanda. Este evento abordar\u00e1 la creaci\u00f3n de mercados de carbono agr\u00edcolas robustos<a class=\"moretag\" href=\"https:\/\/www.fbycc.org\/index.php\/events\/congreso-2nd-european-carbon-farming-summit\/\">Leer m\u00e1s&#8230;<\/a><\/p>\n","protected":false},"author":5,"featured_media":0,"parent":0,"menu_order":0,"comment_status":"closed","ping_status":"closed","template":"","event_listing_category":[73,76],"class_list":["post-5203","event_listing","type-event_listing","status-publish","hentry"],"_links":{"self":[{"href":"https:\/\/www.fbycc.org\/index.php\/wp-json\/wp\/v2\/event_listing\/5203","targetHints":{"allow":["GET"]}}],"collection":[{"href":"https:\/\/www.fbycc.org\/index.php\/wp-json\/wp\/v2\/event_listing"}],"about":[{"href":"https:\/\/www.fbycc.org\/index.php\/wp-json\/wp\/v2\/types\/event_listing"}],"author":[{"embeddable":true,"href":"https:\/\/www.fbycc.org\/index.php\/wp-json\/wp\/v2\/users\/5"}],"replies":[{"embeddable":true,"href":"https:\/\/www.fbycc.org\/index.php\/wp-json\/wp\/v2\/comments?post=5203"}],"wp:attachment":[{"href":"https:\/\/www.fbycc.org\/index.php\/wp-json\/wp\/v2\/media?parent=5203"}],"wp:term":[{"taxonomy":"event_listing_category","embeddable":true,"href":"https:\/\/www.fbycc.org\/index.php\/wp-json\/wp\/v2\/event_listing_category?post=5203"}],"curies":[{"name":"wp","href":"https:\/\/api.w.org\/{rel}","templated":true}]}}

<p><img loading="lazy" decoding="async" class="alignnone size-full wp-image-4810" src="https://www.fbycc.org/wp-content/uploads/2024/07/Captura-de-pantalla-2024-07-05-125349.png" alt="" width="1872" height="742" srcset="https://www.fbycc.org/wp-content/uploads/2024/07/Captura-de-pantalla-2024-07-05-125349.png 1872w, https://www.fbycc.org/wp-content/uploads/2024/07/Captura-de-pantalla-2024-07-05-125349-300x119.png 300w, https://www.fbycc.org/wp-content/uploads/2024/07/Captura-de-pantalla-2024-07-05-125349-1024x406.png 1024w, https://www.fbycc.org/wp-content/uploads/2024/07/Captura-de-pantalla-2024-07-05-125349-768x304.png 768w, https://www.fbycc.org/wp-content/uploads/2024/07/Captura-de-pantalla-2024-07-05-125349-1536x609.png 1536w" sizes="auto, (max-width: 1872px) 100vw, 1872px" /></p>
<p style="text-align: justify;">El próximo <strong>4, 5 y 6 de marzo de 2025</strong>, tendrá lugar el <strong>2ⁿᵈ European Carbon Farming Summit</strong> en <strong>Dublín, Irlanda</strong>. Este evento abordará la creación de mercados de carbono agrícolas robustos y políticas efectivas. Se discutirán prácticas para los suelos europeos, mecanismos de certificación y estándares, y métodos para monitorear los flujos de carbono.</p>
<p>Más información en:</p>
<a class="tx-button" href="https://www.carbonfarmingsummit.eu/" target="_blank" style="color: #ffffff; background-color: #8aaa62">PROGRAMA e INSCRIPCIONES</a>

<p>El próximo 4, 5 y 6 de marzo de 2025, tendrá lugar el 2ⁿᵈ European Carbon Farming Summit en Dublín, Irlanda. Este evento abordará la creación de mercados de carbono agrícolas robustos<a class="moretag" href="https://www.fbycc.org/index.php/events/congreso-2nd-european-carbon-farming-summit/">Leer más&#8230;</a></p>
