{"id":5119,"date":"2024-10-25T10:54:25","date_gmt":"2024-10-25T10:54:25","guid":{"rendered":"https:\/\/www.fbycc.org\/?post_type=event_listing&#038;p=5119"},"modified":"2024-10-25T10:54:25","modified_gmt":"2024-10-25T10:54:25","slug":"agora-hub-sg-bosques-y-cambio-climatico","status":"publish","type":"event_listing","link":"https:\/\/www.fbycc.org\/index.php\/events\/agora-hub-sg-bosques-y-cambio-climatico\/","title":{"rendered":"\u00c0gora Hub SG \u00abBosques y cambio clim\u00e1tico\u00bb"},"content":{"rendered":"<p><img loading=\"lazy\" decoding=\"async\" class=\"alignnone size-full wp-image-5120\" src=\"https:\/\/www.fbycc.org\/wp-content\/uploads\/2024\/10\/Post-instagram-quote-frase-1.png\" alt=\"\" width=\"1080\" height=\"1080\" srcset=\"https:\/\/www.fbycc.org\/wp-content\/uploads\/2024\/10\/Post-instagram-quote-frase-1.png 1080w, https:\/\/www.fbycc.org\/wp-content\/uploads\/2024\/10\/Post-instagram-quote-frase-1-300x300.png 300w, https:\/\/www.fbycc.org\/wp-content\/uploads\/2024\/10\/Post-instagram-quote-frase-1-1024x1024.png 1024w, https:\/\/www.fbycc.org\/wp-content\/uploads\/2024\/10\/Post-instagram-quote-frase-1-150x150.png 150w, https:\/\/www.fbycc.org\/wp-content\/uploads\/2024\/10\/Post-instagram-quote-frase-1-768x768.png 768w, https:\/\/www.fbycc.org\/wp-content\/uploads\/2024\/10\/Post-instagram-quote-frase-1-50x50.png 50w, https:\/\/www.fbycc.org\/wp-content\/uploads\/2024\/10\/Post-instagram-quote-frase-1-250x250.png 250w, https:\/\/www.fbycc.org\/wp-content\/uploads\/2024\/10\/Post-instagram-quote-frase-1-500x500.png 500w\" sizes=\"auto, (max-width: 1080px) 100vw, 1080px\" \/><\/p>\n<p style=\"text-align: justify;\">El pr\u00f3ximo d\u00eda 30 de octubre se celebra una sesi\u00f3n cient\u00edfica y una mesa redonda sobre bosques y cambio clim\u00e1tico. Esta jornada comenzar\u00e1 a las 10:00 de la ma\u00f1ana y durar\u00e1 hasta las 13:00. Durante la ma\u00f1ana se suceder\u00e1n una serie de ponentes que tratar\u00e1n distintos temas de inter\u00e9s:<\/p>\n<ul style=\"text-align: justify;\">\n<li>Respuestas de las plantas a los cambios ambientales<\/li>\n<li>Bosques mediterr\u00e1neos y sequ\u00eda<\/li>\n<li>Incendios forestales<\/li>\n<li>Servicios ecosist\u00e9micos forestales<\/li>\n<\/ul>\n<p style=\"text-align: justify;\">Y la sesi\u00f3n finalizar\u00e1 con un coloquio. El acto se llevar\u00e1 a cabo en ingl\u00e9s y lo puedes seguir en directo en You Tube aqu\u00ed:<\/p>\n<p style=\"text-align: center;\"><a class=\"tx-button\" href=\"https:\/\/www.youtube.com\/live\/jQODCQxuEhU\" target=\"_blank\" style=\"color: #ffffff; background-color: #8aaa62\">SEGUIR ONLINE<\/a>\n<p>Toda la informaci\u00f3n de este evento aqu\u00ed:<\/p>\n<p style=\"text-align: center;\"><a class=\"tx-button\" href=\"https:\/\/web.ub.edu\/es\/web\/hub-sostenibilitat\/w\/agora-forests-climate-change\" target=\"_blank\" style=\"color: #ffffff; background-color: #8aaa62\">WEB<\/a>\n","protected":false},"excerpt":{"rendered":"<p>El pr\u00f3ximo d\u00eda 30 de octubre se celebra una sesi\u00f3n cient\u00edfica y una mesa redonda sobre bosques y cambio clim\u00e1tico. Esta jornada comenzar\u00e1 a las 10:00 de la ma\u00f1ana y durar\u00e1 hasta<a class=\"moretag\" href=\"https:\/\/www.fbycc.org\/index.php\/events\/agora-hub-sg-bosques-y-cambio-climatico\/\">Leer m\u00e1s&#8230;<\/a><\/p>\n","protected":false},"author":5,"featured_media":0,"parent":0,"menu_order":0,"comment_status":"closed","ping_status":"closed","template":"","event_listing_category":[246],"class_list":["post-5119","event_listing","type-event_listing","status-publish","hentry"],"_links":{"self":[{"href":"https:\/\/www.fbycc.org\/index.php\/wp-json\/wp\/v2\/event_listing\/5119","targetHints":{"allow":["GET"]}}],"collection":[{"href":"https:\/\/www.fbycc.org\/index.php\/wp-json\/wp\/v2\/event_listing"}],"about":[{"href":"https:\/\/www.fbycc.org\/index.php\/wp-json\/wp\/v2\/types\/event_listing"}],"author":[{"embeddable":true,"href":"https:\/\/www.fbycc.org\/index.php\/wp-json\/wp\/v2\/users\/5"}],"replies":[{"embeddable":true,"href":"https:\/\/www.fbycc.org\/index.php\/wp-json\/wp\/v2\/comments?post=5119"}],"wp:attachment":[{"href":"https:\/\/www.fbycc.org\/index.php\/wp-json\/wp\/v2\/media?parent=5119"}],"wp:term":[{"taxonomy":"event_listing_category","embeddable":true,"href":"https:\/\/www.fbycc.org\/index.php\/wp-json\/wp\/v2\/event_listing_category?post=5119"}],"curies":[{"name":"wp","href":"https:\/\/api.w.org\/{rel}","templated":true}]}}

Àgora Hub SG «Bosques y cambio climático»

<p><img loading="lazy" decoding="async" class="alignnone size-full wp-image-5120" src="https://www.fbycc.org/wp-content/uploads/2024/10/Post-instagram-quote-frase-1.png" alt="" width="1080" height="1080" srcset="https://www.fbycc.org/wp-content/uploads/2024/10/Post-instagram-quote-frase-1.png 1080w, https://www.fbycc.org/wp-content/uploads/2024/10/Post-instagram-quote-frase-1-300x300.png 300w, https://www.fbycc.org/wp-content/uploads/2024/10/Post-instagram-quote-frase-1-1024x1024.png 1024w, https://www.fbycc.org/wp-content/uploads/2024/10/Post-instagram-quote-frase-1-150x150.png 150w, https://www.fbycc.org/wp-content/uploads/2024/10/Post-instagram-quote-frase-1-768x768.png 768w, https://www.fbycc.org/wp-content/uploads/2024/10/Post-instagram-quote-frase-1-50x50.png 50w, https://www.fbycc.org/wp-content/uploads/2024/10/Post-instagram-quote-frase-1-250x250.png 250w, https://www.fbycc.org/wp-content/uploads/2024/10/Post-instagram-quote-frase-1-500x500.png 500w" sizes="auto, (max-width: 1080px) 100vw, 1080px" /></p>
<p style="text-align: justify;">El próximo día 30 de octubre se celebra una sesión científica y una mesa redonda sobre bosques y cambio climático. Esta jornada comenzará a las 10:00 de la mañana y durará hasta las 13:00. Durante la mañana se sucederán una serie de ponentes que tratarán distintos temas de interés:</p>
<ul style="text-align: justify;">
<li>Respuestas de las plantas a los cambios ambientales</li>
<li>Bosques mediterráneos y sequía</li>
<li>Incendios forestales</li>
<li>Servicios ecosistémicos forestales</li>
</ul>
<p style="text-align: justify;">Y la sesión finalizará con un coloquio. El acto se llevará a cabo en inglés y lo puedes seguir en directo en You Tube aquí:</p>
<p style="text-align: center;"><a class="tx-button" href="https://www.youtube.com/live/jQODCQxuEhU" target="_blank" style="color: #ffffff; background-color: #8aaa62">SEGUIR ONLINE</a>
<p>Toda la información de este evento aquí:</p>
<p style="text-align: center;"><a class="tx-button" href="https://web.ub.edu/es/web/hub-sostenibilitat/w/agora-forests-climate-change" target="_blank" style="color: #ffffff; background-color: #8aaa62">WEB</a>

<p>El próximo día 30 de octubre se celebra una sesión científica y una mesa redonda sobre bosques y cambio climático. Esta jornada comenzará a las 10:00 de la mañana y durará hasta<a class="moretag" href="https://www.fbycc.org/index.php/events/agora-hub-sg-bosques-y-cambio-climatico/">Leer más&#8230;</a></p>
