{"id":5116,"date":"2024-10-21T16:21:18","date_gmt":"2024-10-21T16:21:18","guid":{"rendered":"https:\/\/www.fbycc.org\/?post_type=event_listing&#038;p=5116"},"modified":"2024-10-22T08:15:59","modified_gmt":"2024-10-22T08:15:59","slug":"wood-policy-and-innovation-conference-bruselas-7-11-24","status":"publish","type":"event_listing","link":"https:\/\/www.fbycc.org\/index.php\/events\/wood-policy-and-innovation-conference-bruselas-7-11-24\/","title":{"rendered":"Wood Policy and Innovation Conference &#8211; Bruselas 7\/11\/24"},"content":{"rendered":"<p><img loading=\"lazy\" decoding=\"async\" class=\"alignnone size-full wp-image-5117\" src=\"https:\/\/www.fbycc.org\/wp-content\/uploads\/2024\/10\/videoframe_148146-1.png\" alt=\"\" width=\"1280\" height=\"584\" srcset=\"https:\/\/www.fbycc.org\/wp-content\/uploads\/2024\/10\/videoframe_148146-1.png 1280w, https:\/\/www.fbycc.org\/wp-content\/uploads\/2024\/10\/videoframe_148146-1-300x137.png 300w, https:\/\/www.fbycc.org\/wp-content\/uploads\/2024\/10\/videoframe_148146-1-1024x467.png 1024w, https:\/\/www.fbycc.org\/wp-content\/uploads\/2024\/10\/videoframe_148146-1-768x350.png 768w\" sizes=\"auto, (max-width: 1280px) 100vw, 1280px\" \/><\/p>\n<p style=\"text-align: justify;\">El 7 de noviembre se celebrar\u00e1 una conferencia en Bruselas en la que se destacar\u00e1 el papel fundamental del sector de la madera como motor clave de la competitividad futura en el \u00e1mbito de la vivienda y el debate sobre el clima, tratando de \u200b\u200bfomentar un mayor reconocimiento y apoyo por parte de la nueva Comisi\u00f3n Europea y el Parlamento Europeo.<\/p>\n<h2 class=\"wp-block-heading has-text-align-center has-accent-color has-text-color has-link-color wp-elements-79a2cea51b5c4c196cdc2ec67841edc9\">\u00bfPor qu\u00e9 un evento pol\u00edtico europeo sobre la madera?<\/h2>\n<p style=\"text-align: justify;\">El sector europeo de la madera representa un peso econ\u00f3mico directo e indirecto combinado de 17,5 millones de empleos, 1.114 billones de euros de facturaci\u00f3n y el 7% del PIB (<a href=\"https:\/\/www.forstholzpapier.at\/images\/fhp_0623_studie_EN_web.pdf\">FHP 2023<\/a>). Se trata de una gran oportunidad para reforzar un sector nacional competitivo: las empresas europeas son l\u00edderes mundiales en productos de construcci\u00f3n y edificios sostenibles, superando los l\u00edmites de la ingenier\u00eda con una enorme versatilidad. La arquitectura de la madera ofrece soluciones para todo tipo de edificios y ventajas decisivas para la vivienda asequible y los beneficios sociales, en zonas rurales y urbanas.<\/p>\n<p style=\"text-align: justify;\"><strong>\u00a1\u00danete a esta conferencia para aprender m\u00e1s sobre c\u00f3mo el sector de la madera emerge como un actor clave en la lucha contra el cambio clim\u00e1tico y c\u00f3mo los pa\u00edses y regiones de toda Europa est\u00e1n fomentando y apoyando esta transformaci\u00f3n limpia, justa y competitiva de Europa!<\/strong><\/p>\n<p>La participaci\u00f3n es gratuita y debes inscribirte antes del 31 de octubre de 2024.<\/p>\n<p style=\"text-align: left;\">\u00a0 \u00a0 \u00a0 \u00a0 \u00a0 \u00a0 \u00a0 <a class=\"tx-button\" href=\"https:\/\/forms.office.com\/pages\/responsepage.aspx?id=hUM8cujh_k6VoHadARXQYLyRsaQ9aEpMunGZlTWYnNNUQ1lBVURGUUs1SEtPVVdWTzRNM0FJQVRMNi4u&#038;route=shorturl\" target=\"_blank\" style=\"color: #ffffff; background-color: #8aaa62\">PREINCRIPCI\u00d3N<\/a>\n<a class=\"tx-button\" href=\"https:\/\/wood4bauhaus.eu\/conference-2024-brussels\/\" target=\"_blank\" style=\"color: #ffffff; background-color: #30D5C8\">WEB EVENTO<\/a>\n<a class=\"tx-button\" href=\"https:\/\/bit.ly\/wpic2024p\" target=\"_blank\" style=\"color: #ffffff; background-color: #0E82B0\">PROGRAMA<\/a>\n<p>&nbsp;<\/p>\n<p>&nbsp;<\/p>\n<p>&nbsp;<\/p>\n","protected":false},"excerpt":{"rendered":"<p>El 7 de noviembre se celebrar\u00e1 una conferencia en Bruselas en la que se destacar\u00e1 el papel fundamental del sector de la madera como motor clave de la competitividad futura en el<a class=\"moretag\" href=\"https:\/\/www.fbycc.org\/index.php\/events\/wood-policy-and-innovation-conference-bruselas-7-11-24\/\">Leer m\u00e1s&#8230;<\/a><\/p>\n","protected":false},"author":5,"featured_media":0,"parent":0,"menu_order":0,"comment_status":"closed","ping_status":"closed","template":"","event_listing_category":[73],"class_list":["post-5116","event_listing","type-event_listing","status-publish","hentry"],"_links":{"self":[{"href":"https:\/\/www.fbycc.org\/index.php\/wp-json\/wp\/v2\/event_listing\/5116","targetHints":{"allow":["GET"]}}],"collection":[{"href":"https:\/\/www.fbycc.org\/index.php\/wp-json\/wp\/v2\/event_listing"}],"about":[{"href":"https:\/\/www.fbycc.org\/index.php\/wp-json\/wp\/v2\/types\/event_listing"}],"author":[{"embeddable":true,"href":"https:\/\/www.fbycc.org\/index.php\/wp-json\/wp\/v2\/users\/5"}],"replies":[{"embeddable":true,"href":"https:\/\/www.fbycc.org\/index.php\/wp-json\/wp\/v2\/comments?post=5116"}],"wp:attachment":[{"href":"https:\/\/www.fbycc.org\/index.php\/wp-json\/wp\/v2\/media?parent=5116"}],"wp:term":[{"taxonomy":"event_listing_category","embeddable":true,"href":"https:\/\/www.fbycc.org\/index.php\/wp-json\/wp\/v2\/event_listing_category?post=5116"}],"curies":[{"name":"wp","href":"https:\/\/api.w.org\/{rel}","templated":true}]}}

<p><img loading="lazy" decoding="async" class="alignnone size-full wp-image-5117" src="https://www.fbycc.org/wp-content/uploads/2024/10/videoframe_148146-1.png" alt="" width="1280" height="584" srcset="https://www.fbycc.org/wp-content/uploads/2024/10/videoframe_148146-1.png 1280w, https://www.fbycc.org/wp-content/uploads/2024/10/videoframe_148146-1-300x137.png 300w, https://www.fbycc.org/wp-content/uploads/2024/10/videoframe_148146-1-1024x467.png 1024w, https://www.fbycc.org/wp-content/uploads/2024/10/videoframe_148146-1-768x350.png 768w" sizes="auto, (max-width: 1280px) 100vw, 1280px" /></p>
<p style="text-align: justify;">El 7 de noviembre se celebrará una conferencia en Bruselas en la que se destacará el papel fundamental del sector de la madera como motor clave de la competitividad futura en el ámbito de la vivienda y el debate sobre el clima, tratando de ​​fomentar un mayor reconocimiento y apoyo por parte de la nueva Comisión Europea y el Parlamento Europeo.</p>
<h2 class="wp-block-heading has-text-align-center has-accent-color has-text-color has-link-color wp-elements-79a2cea51b5c4c196cdc2ec67841edc9">¿Por qué un evento político europeo sobre la madera?</h2>
<p style="text-align: justify;">El sector europeo de la madera representa un peso económico directo e indirecto combinado de 17,5 millones de empleos, 1.114 billones de euros de facturación y el 7% del PIB (<a href="https://www.forstholzpapier.at/images/fhp_0623_studie_EN_web.pdf">FHP 2023</a>). Se trata de una gran oportunidad para reforzar un sector nacional competitivo: las empresas europeas son líderes mundiales en productos de construcción y edificios sostenibles, superando los límites de la ingeniería con una enorme versatilidad. La arquitectura de la madera ofrece soluciones para todo tipo de edificios y ventajas decisivas para la vivienda asequible y los beneficios sociales, en zonas rurales y urbanas.</p>
<p style="text-align: justify;"><strong>¡Únete a esta conferencia para aprender más sobre cómo el sector de la madera emerge como un actor clave en la lucha contra el cambio climático y cómo los países y regiones de toda Europa están fomentando y apoyando esta transformación limpia, justa y competitiva de Europa!</strong></p>
<p>La participación es gratuita y debes inscribirte antes del 31 de octubre de 2024.</p>
<p style="text-align: left;">              <a class="tx-button" href="https://forms.office.com/pages/responsepage.aspx?id=hUM8cujh_k6VoHadARXQYLyRsaQ9aEpMunGZlTWYnNNUQ1lBVURGUUs1SEtPVVdWTzRNM0FJQVRMNi4u&#038;route=shorturl" target="_blank" style="color: #ffffff; background-color: #8aaa62">PREINCRIPCIÓN</a>
<a class="tx-button" href="https://wood4bauhaus.eu/conference-2024-brussels/" target="_blank" style="color: #ffffff; background-color: #30D5C8">WEB EVENTO</a>
<a class="tx-button" href="https://bit.ly/wpic2024p" target="_blank" style="color: #ffffff; background-color: #0E82B0">PROGRAMA</a>
<p>&nbsp;</p>
<p>&nbsp;</p>
<p>&nbsp;</p>

<p>El 7 de noviembre se celebrará una conferencia en Bruselas en la que se destacará el papel fundamental del sector de la madera como motor clave de la competitividad futura en el<a class="moretag" href="https://www.fbycc.org/index.php/events/wood-policy-and-innovation-conference-bruselas-7-11-24/">Leer más&#8230;</a></p>
