{"id":5103,"date":"2024-10-16T10:39:53","date_gmt":"2024-10-16T10:39:53","guid":{"rendered":"https:\/\/www.fbycc.org\/?post_type=event_listing&#038;p=5103"},"modified":"2024-10-17T10:21:18","modified_gmt":"2024-10-17T10:21:18","slug":"jornada-mercados-de-carbono","status":"publish","type":"event_listing","link":"https:\/\/www.fbycc.org\/index.php\/events\/jornada-mercados-de-carbono\/","title":{"rendered":"Jornada Mercados de Carbono"},"content":{"rendered":"<p><strong>JORNADA MERCADOS DE CARBONO BASADOS EN LA GESTI\u00d3N FORESTAL SOSTENIBLE<\/strong><\/p>\n<p><img loading=\"lazy\" decoding=\"async\" class=\"alignnone size-full wp-image-5105\" src=\"https:\/\/www.fbycc.org\/wp-content\/uploads\/2024\/10\/Imagen1.png\" alt=\"\" width=\"1599\" height=\"1125\" srcset=\"https:\/\/www.fbycc.org\/wp-content\/uploads\/2024\/10\/Imagen1.png 1599w, https:\/\/www.fbycc.org\/wp-content\/uploads\/2024\/10\/Imagen1-300x211.png 300w, https:\/\/www.fbycc.org\/wp-content\/uploads\/2024\/10\/Imagen1-1024x720.png 1024w, https:\/\/www.fbycc.org\/wp-content\/uploads\/2024\/10\/Imagen1-768x540.png 768w, https:\/\/www.fbycc.org\/wp-content\/uploads\/2024\/10\/Imagen1-1536x1081.png 1536w\" sizes=\"auto, (max-width: 1599px) 100vw, 1599px\" \/><\/p>\n<p>&nbsp;<\/p>\n<p style=\"text-align: justify;\">En la actualidad existe una gran preocupaci\u00f3n por el cambio clim\u00e1tico, escenario en el que los bosques juegan un papel fundamental en la fijaci\u00f3n del carbono y otros servicios que son importantes para la sociedad.<\/p>\n<p style=\"text-align: justify;\">En este contexto, Foresna-Zurgaia ha organizado una<a href=\"https:\/\/foresna.org\/mercados-de-carbono\/\"><strong> jornada sobre los MERCADOS DE CARBONO Basados en la Gesti\u00f3n Forestal Sostenible<\/strong><\/a> el d\u00eda <strong>12 de noviembre<\/strong> en Pamplona, en la que distint@s ponentes hablar\u00e1n de los mercados de carbono y de si realmente se va a recompensar econ\u00f3micamente por la gesti\u00f3n de carbono y otros valores que tiene el bosque, as\u00ed como de cuant\u00edas y compromisos.<\/p>\n<p style=\"text-align: justify;\">La jornada ser\u00e1 de inter\u00e9s y estar\u00e1 orientada a alcaldes y alcaldesas, secretari@s, propietari@s forestales y t\u00e9cnic@s. Se celebrar\u00e1 en <a href=\"http:\/\/Av. de P\u00edo XII, 2, 31008 Pamplona, Navarra\">Civican<\/a> y dar\u00e1 comienzo a las 9 am hasta las 14 pm.<\/p>\n<p style=\"text-align: justify;\">La inscripci\u00f3n es gratuita, pero por cuestiones de aforo es necesario inscribirse llamando al <strong><span style=\"color: #ff6600;\">948 15 15 01<\/span><\/strong><span style=\"color: #000000;\">, <\/span>enviando un correo a <span style=\"color: #ff6600;\"><strong>foresna@foresna.org<\/strong><\/span> o a trav\u00e9s de este <span style=\"color: #ff6600;\"><strong><a style=\"color: #ff6600;\" href=\"https:\/\/docs.google.com\/forms\/d\/e\/1FAIpQLSc8rL2WQoFulGD2VQpvW-VZ6JhYPT-71Y2-oGl5PXv_hcLudA\/viewform\">formulario<\/a><\/strong><\/span>.<\/p>\n<p>Si no puedes asistir pero quieres disfrutar de la jornada, podr\u00e1s verla en <a href=\"https:\/\/www.youtube.com\/@FORESNAZURGAIA\">youtube<\/a> unos d\u00edas despu\u00e9s del evento.<\/p>\n<p style=\"text-align: center;\"><strong>PROGRAMA:\u00a0<\/strong><\/p>\n<p><img loading=\"lazy\" decoding=\"async\" class=\"alignnone size-full wp-image-5106\" src=\"https:\/\/www.fbycc.org\/wp-content\/uploads\/2024\/10\/Imagen2.png\" alt=\"\" width=\"1607\" height=\"1125\" srcset=\"https:\/\/www.fbycc.org\/wp-content\/uploads\/2024\/10\/Imagen2.png 1607w, https:\/\/www.fbycc.org\/wp-content\/uploads\/2024\/10\/Imagen2-300x210.png 300w, https:\/\/www.fbycc.org\/wp-content\/uploads\/2024\/10\/Imagen2-1024x717.png 1024w, https:\/\/www.fbycc.org\/wp-content\/uploads\/2024\/10\/Imagen2-768x538.png 768w, https:\/\/www.fbycc.org\/wp-content\/uploads\/2024\/10\/Imagen2-1536x1075.png 1536w\" sizes=\"auto, (max-width: 1607px) 100vw, 1607px\" \/><\/p>\n","protected":false},"excerpt":{"rendered":"<p>JORNADA MERCADOS DE CARBONO BASADOS EN LA GESTI\u00d3N FORESTAL SOSTENIBLE &nbsp; En la actualidad existe una gran preocupaci\u00f3n por el cambio clim\u00e1tico, escenario en el que los bosques juegan un papel fundamental<a class=\"moretag\" href=\"https:\/\/www.fbycc.org\/index.php\/events\/jornada-mercados-de-carbono\/\">Leer m\u00e1s&#8230;<\/a><\/p>\n","protected":false},"author":5,"featured_media":0,"parent":0,"menu_order":0,"comment_status":"closed","ping_status":"closed","template":"","event_listing_category":[52],"class_list":["post-5103","event_listing","type-event_listing","status-publish","hentry"],"_links":{"self":[{"href":"https:\/\/www.fbycc.org\/index.php\/wp-json\/wp\/v2\/event_listing\/5103","targetHints":{"allow":["GET"]}}],"collection":[{"href":"https:\/\/www.fbycc.org\/index.php\/wp-json\/wp\/v2\/event_listing"}],"about":[{"href":"https:\/\/www.fbycc.org\/index.php\/wp-json\/wp\/v2\/types\/event_listing"}],"author":[{"embeddable":true,"href":"https:\/\/www.fbycc.org\/index.php\/wp-json\/wp\/v2\/users\/5"}],"replies":[{"embeddable":true,"href":"https:\/\/www.fbycc.org\/index.php\/wp-json\/wp\/v2\/comments?post=5103"}],"wp:attachment":[{"href":"https:\/\/www.fbycc.org\/index.php\/wp-json\/wp\/v2\/media?parent=5103"}],"wp:term":[{"taxonomy":"event_listing_category","embeddable":true,"href":"https:\/\/www.fbycc.org\/index.php\/wp-json\/wp\/v2\/event_listing_category?post=5103"}],"curies":[{"name":"wp","href":"https:\/\/api.w.org\/{rel}","templated":true}]}}

<p><strong>JORNADA MERCADOS DE CARBONO BASADOS EN LA GESTIÓN FORESTAL SOSTENIBLE</strong></p>
<p><img loading="lazy" decoding="async" class="alignnone size-full wp-image-5105" src="https://www.fbycc.org/wp-content/uploads/2024/10/Imagen1.png" alt="" width="1599" height="1125" srcset="https://www.fbycc.org/wp-content/uploads/2024/10/Imagen1.png 1599w, https://www.fbycc.org/wp-content/uploads/2024/10/Imagen1-300x211.png 300w, https://www.fbycc.org/wp-content/uploads/2024/10/Imagen1-1024x720.png 1024w, https://www.fbycc.org/wp-content/uploads/2024/10/Imagen1-768x540.png 768w, https://www.fbycc.org/wp-content/uploads/2024/10/Imagen1-1536x1081.png 1536w" sizes="auto, (max-width: 1599px) 100vw, 1599px" /></p>
<p>&nbsp;</p>
<p style="text-align: justify;">En la actualidad existe una gran preocupación por el cambio climático, escenario en el que los bosques juegan un papel fundamental en la fijación del carbono y otros servicios que son importantes para la sociedad.</p>
<p style="text-align: justify;">En este contexto, Foresna-Zurgaia ha organizado una<a href="https://foresna.org/mercados-de-carbono/"><strong> jornada sobre los MERCADOS DE CARBONO Basados en la Gestión Forestal Sostenible</strong></a> el día <strong>12 de noviembre</strong> en Pamplona, en la que distint@s ponentes hablarán de los mercados de carbono y de si realmente se va a recompensar económicamente por la gestión de carbono y otros valores que tiene el bosque, así como de cuantías y compromisos.</p>
<p style="text-align: justify;">La jornada será de interés y estará orientada a alcaldes y alcaldesas, secretari@s, propietari@s forestales y técnic@s. Se celebrará en <a href="http://Av. de Pío XII, 2, 31008 Pamplona, Navarra">Civican</a> y dará comienzo a las 9 am hasta las 14 pm.</p>
<p style="text-align: justify;">La inscripción es gratuita, pero por cuestiones de aforo es necesario inscribirse llamando al <strong><span style="color: #ff6600;">948 15 15 01</span></strong><span style="color: #000000;">, </span>enviando un correo a <span style="color: #ff6600;"><strong>foresna@foresna.org</strong></span> o a través de este <span style="color: #ff6600;"><strong><a style="color: #ff6600;" href="https://docs.google.com/forms/d/e/1FAIpQLSc8rL2WQoFulGD2VQpvW-VZ6JhYPT-71Y2-oGl5PXv_hcLudA/viewform">formulario</a></strong></span>.</p>
<p>Si no puedes asistir pero quieres disfrutar de la jornada, podrás verla en <a href="https://www.youtube.com/@FORESNAZURGAIA">youtube</a> unos días después del evento.</p>
<p style="text-align: center;"><strong>PROGRAMA: </strong></p>
<p><img loading="lazy" decoding="async" class="alignnone size-full wp-image-5106" src="https://www.fbycc.org/wp-content/uploads/2024/10/Imagen2.png" alt="" width="1607" height="1125" srcset="https://www.fbycc.org/wp-content/uploads/2024/10/Imagen2.png 1607w, https://www.fbycc.org/wp-content/uploads/2024/10/Imagen2-300x210.png 300w, https://www.fbycc.org/wp-content/uploads/2024/10/Imagen2-1024x717.png 1024w, https://www.fbycc.org/wp-content/uploads/2024/10/Imagen2-768x538.png 768w, https://www.fbycc.org/wp-content/uploads/2024/10/Imagen2-1536x1075.png 1536w" sizes="auto, (max-width: 1607px) 100vw, 1607px" /></p>

<p>JORNADA MERCADOS DE CARBONO BASADOS EN LA GESTIÓN FORESTAL SOSTENIBLE &nbsp; En la actualidad existe una gran preocupación por el cambio climático, escenario en el que los bosques juegan un papel fundamental<a class="moretag" href="https://www.fbycc.org/index.php/events/jornada-mercados-de-carbono/">Leer más&#8230;</a></p>
