{"id":5097,"date":"2024-10-07T11:52:09","date_gmt":"2024-10-07T11:52:09","guid":{"rendered":"https:\/\/www.fbycc.org\/?post_type=event_listing&#038;p=5097"},"modified":"2024-10-07T11:52:09","modified_gmt":"2024-10-07T11:52:09","slug":"foro-internacional-bosques-frente-al-cambio-climatico","status":"publish","type":"event_listing","link":"https:\/\/www.fbycc.org\/index.php\/events\/foro-internacional-bosques-frente-al-cambio-climatico\/","title":{"rendered":"Foro Internacional: Bosques frente al cambio clim\u00e1tico"},"content":{"rendered":"<p><img loading=\"lazy\" decoding=\"async\" class=\"alignnone size-full wp-image-5065\" src=\"https:\/\/www.fbycc.org\/wp-content\/uploads\/2024\/10\/foro_bosques_frente_al_cambio_climatico.png\" alt=\"\" width=\"1300\" height=\"715\" srcset=\"https:\/\/www.fbycc.org\/wp-content\/uploads\/2024\/10\/foro_bosques_frente_al_cambio_climatico.png 1300w, https:\/\/www.fbycc.org\/wp-content\/uploads\/2024\/10\/foro_bosques_frente_al_cambio_climatico-300x165.png 300w, https:\/\/www.fbycc.org\/wp-content\/uploads\/2024\/10\/foro_bosques_frente_al_cambio_climatico-1024x563.png 1024w, https:\/\/www.fbycc.org\/wp-content\/uploads\/2024\/10\/foro_bosques_frente_al_cambio_climatico-768x422.png 768w\" sizes=\"auto, (max-width: 1300px) 100vw, 1300px\" \/><\/p>\n<p>El <a href=\"https:\/\/www.forestadapt.es\/index.php\"><strong>Foro Internacional \u00abLos Bosques frente al cambio clim\u00e1tico\u00bb<\/strong><\/a> se llevar\u00e1 a cabo en <strong>Soria<\/strong>, en la Delegaci\u00f3n Territorial, los d\u00edas <strong>23 y 24 de octubre de 2024<\/strong>.<\/p>\n<p>Este seminario tiene como objetivo promover el debate entre gestores y propietarios forestales, cient\u00edficos y representantes de las administraciones forestales. Buscamos tomar el pulso a la selvicultura adaptativa, identificar los avances logrados en la \u00faltima d\u00e9cada y, m\u00e1s espec\u00edficamente, los aportes del proyecto LIFE Soria ForestAdapt.<\/p>\n<p>Durante el foro, se abordar\u00e1n cuestiones clave, como:<\/p>\n<ul>\n<li>\u00bfTienen claro los gestores forestales lo que es m\u00e1s conveniente hacer en los diferentes tipos de montes?<\/li>\n<li>\u00bfContamos con redes y plataformas que faciliten el intercambio de experiencias y la resoluci\u00f3n conjunta de problemas?<\/li>\n<li>\u00bfCu\u00e1les son las principales carencias y demandas m\u00e1s urgentes para los gestores forestales en Castilla y Le\u00f3n, en Espa\u00f1a y en el conjunto de los pa\u00edses europeos y mediterr\u00e1neos?<\/li>\n<\/ul>\n<p>La asistencia es <strong>gratuita<\/strong> y para asistir es necesario inscribirse previamente aqu\u00ed:<\/p>\n<p style=\"text-align: center;\"><a class=\"tx-button\" href=\"https:\/\/www.forestadapt.es\/index.php?seccion=registros&#038;subSeccion=formularioInscripcion\" target=\"_blank\" style=\"color: #ffffff; background-color: #8aaa62\">INSCRIPCIONES<\/a>\n<p style=\"text-align: center;\"><a class=\"tx-button\" href=\"https:\/\/www.forestadapt.es\/index.php?seccion=areaCientifica&#038;subSeccion=programa&#038;idP=1\" target=\"_blank\" style=\"color: #ffffff; background-color: #d4ac0d \">PROGRAMA<\/a>\n","protected":false},"excerpt":{"rendered":"<p>El Foro Internacional \u00abLos Bosques frente al cambio clim\u00e1tico\u00bb se llevar\u00e1 a cabo en Soria, en la Delegaci\u00f3n Territorial, los d\u00edas 23 y 24 de octubre de 2024. Este seminario tiene como<a class=\"moretag\" href=\"https:\/\/www.fbycc.org\/index.php\/events\/foro-internacional-bosques-frente-al-cambio-climatico\/\">Leer m\u00e1s&#8230;<\/a><\/p>\n","protected":false},"author":5,"featured_media":0,"parent":0,"menu_order":0,"comment_status":"closed","ping_status":"closed","template":"","event_listing_category":[52],"class_list":["post-5097","event_listing","type-event_listing","status-publish","hentry"],"_links":{"self":[{"href":"https:\/\/www.fbycc.org\/index.php\/wp-json\/wp\/v2\/event_listing\/5097","targetHints":{"allow":["GET"]}}],"collection":[{"href":"https:\/\/www.fbycc.org\/index.php\/wp-json\/wp\/v2\/event_listing"}],"about":[{"href":"https:\/\/www.fbycc.org\/index.php\/wp-json\/wp\/v2\/types\/event_listing"}],"author":[{"embeddable":true,"href":"https:\/\/www.fbycc.org\/index.php\/wp-json\/wp\/v2\/users\/5"}],"replies":[{"embeddable":true,"href":"https:\/\/www.fbycc.org\/index.php\/wp-json\/wp\/v2\/comments?post=5097"}],"wp:attachment":[{"href":"https:\/\/www.fbycc.org\/index.php\/wp-json\/wp\/v2\/media?parent=5097"}],"wp:term":[{"taxonomy":"event_listing_category","embeddable":true,"href":"https:\/\/www.fbycc.org\/index.php\/wp-json\/wp\/v2\/event_listing_category?post=5097"}],"curies":[{"name":"wp","href":"https:\/\/api.w.org\/{rel}","templated":true}]}}

Foro Internacional: Bosques frente al cambio climático

<p><img loading="lazy" decoding="async" class="alignnone size-full wp-image-5065" src="https://www.fbycc.org/wp-content/uploads/2024/10/foro_bosques_frente_al_cambio_climatico.png" alt="" width="1300" height="715" srcset="https://www.fbycc.org/wp-content/uploads/2024/10/foro_bosques_frente_al_cambio_climatico.png 1300w, https://www.fbycc.org/wp-content/uploads/2024/10/foro_bosques_frente_al_cambio_climatico-300x165.png 300w, https://www.fbycc.org/wp-content/uploads/2024/10/foro_bosques_frente_al_cambio_climatico-1024x563.png 1024w, https://www.fbycc.org/wp-content/uploads/2024/10/foro_bosques_frente_al_cambio_climatico-768x422.png 768w" sizes="auto, (max-width: 1300px) 100vw, 1300px" /></p>
<p>El <a href="https://www.forestadapt.es/index.php"><strong>Foro Internacional «Los Bosques frente al cambio climático»</strong></a> se llevará a cabo en <strong>Soria</strong>, en la Delegación Territorial, los días <strong>23 y 24 de octubre de 2024</strong>.</p>
<p>Este seminario tiene como objetivo promover el debate entre gestores y propietarios forestales, científicos y representantes de las administraciones forestales. Buscamos tomar el pulso a la selvicultura adaptativa, identificar los avances logrados en la última década y, más específicamente, los aportes del proyecto LIFE Soria ForestAdapt.</p>
<p>Durante el foro, se abordarán cuestiones clave, como:</p>
<ul>
<li>¿Tienen claro los gestores forestales lo que es más conveniente hacer en los diferentes tipos de montes?</li>
<li>¿Contamos con redes y plataformas que faciliten el intercambio de experiencias y la resolución conjunta de problemas?</li>
<li>¿Cuáles son las principales carencias y demandas más urgentes para los gestores forestales en Castilla y León, en España y en el conjunto de los países europeos y mediterráneos?</li>
</ul>
<p>La asistencia es <strong>gratuita</strong> y para asistir es necesario inscribirse previamente aquí:</p>
<p style="text-align: center;"><a class="tx-button" href="https://www.forestadapt.es/index.php?seccion=registros&#038;subSeccion=formularioInscripcion" target="_blank" style="color: #ffffff; background-color: #8aaa62">INSCRIPCIONES</a>
<p style="text-align: center;"><a class="tx-button" href="https://www.forestadapt.es/index.php?seccion=areaCientifica&#038;subSeccion=programa&#038;idP=1" target="_blank" style="color: #ffffff; background-color: #d4ac0d ">PROGRAMA</a>

<p>El Foro Internacional «Los Bosques frente al cambio climático» se llevará a cabo en Soria, en la Delegación Territorial, los días 23 y 24 de octubre de 2024. Este seminario tiene como<a class="moretag" href="https://www.fbycc.org/index.php/events/foro-internacional-bosques-frente-al-cambio-climatico/">Leer más&#8230;</a></p>
