{"id":5063,"date":"2024-10-03T09:41:14","date_gmt":"2024-10-03T09:41:14","guid":{"rendered":"https:\/\/www.fbycc.org\/?post_type=event_listing&#038;p=5063"},"modified":"2024-10-03T09:47:44","modified_gmt":"2024-10-03T09:47:44","slug":"jornada-construccion-en-madera-en-madrid","status":"publish","type":"event_listing","link":"https:\/\/www.fbycc.org\/index.php\/events\/jornada-construccion-en-madera-en-madrid\/","title":{"rendered":"Jornada: Construcci\u00f3n en madera en Madrid"},"content":{"rendered":"<p><img loading=\"lazy\" decoding=\"async\" class=\"\" src=\"https:\/\/www.coam.org\/media\/Default%20Files\/actualidad\/agenda\/images\/2024ok\/201010-Jornada-Madera-760.png\" alt=\"Jornada: Construcci\u00f3n en madera en Madrid\" width=\"555\" height=\"328\" \/><\/p>\n<p style=\"text-align: justify;\">El pr\u00f3ximo <strong>10 de octubre<\/strong> tendr\u00e1 lugar en Madrid la jornada \u00ab<strong>Construcci\u00f3n en madera en Madrid<\/strong>\u00ab, iniciativa que surge a ra\u00edz de la participaci\u00f3n de Madrid como ciudad piloto en el proyecto C40 VISIBLE. Esta jornada se celebrar\u00e1 de manera presencial en la sala triangular de la 3\u00aa planta del <strong>COAM<\/strong> (Colegio Oficial de Arquitectos de Madrid) desde las 11:00 de la ma\u00f1ana hasta las 13:00 horas, cuando la jornada finalizar\u00e1 con un c\u00f3ctel y networking.<\/p>\n<p style=\"text-align: justify;\">El <strong>objetivo<\/strong> de este evento es compartir perspectivas de toda la cadena de valor y avanzar en la alineaci\u00f3n de c\u00f3mo superar las barreras y aprovechar el creciente impulso para acelerar el uso de la madera industrializada en el sector de la construcci\u00f3n en Madrid.<\/p>\n<p>Puedes inscribirte aqu\u00ed:<\/p>\n<p style=\"text-align: center;\"><a class=\"tx-button\" href=\"https:\/\/www.coam.org\/es\/inscripciones-web\/300148\" target=\"_blank\" style=\"color: #ffffff; background-color: #8aaa62\">Inscripciones<\/a>\n<p>&nbsp;<\/p>\n<p>Y consultar el programa aqu\u00ed:<\/p>\n<p style=\"text-align: center;\"><a class=\"tx-button\" href=\"https:\/\/www.coam.org\/agenda-coam\/construccion-madera-madrid\" target=\"_blank\" style=\"color: #ffffff; background-color: #8aaa62\">Programa<\/a>\n<p>&nbsp;<\/p>\n","protected":false},"excerpt":{"rendered":"<p>El pr\u00f3ximo 10 de octubre tendr\u00e1 lugar en Madrid la jornada \u00abConstrucci\u00f3n en madera en Madrid\u00ab, iniciativa que surge a ra\u00edz de la participaci\u00f3n de Madrid como ciudad piloto en el proyecto<a class=\"moretag\" href=\"https:\/\/www.fbycc.org\/index.php\/events\/jornada-construccion-en-madera-en-madrid\/\">Leer m\u00e1s&#8230;<\/a><\/p>\n","protected":false},"author":5,"featured_media":0,"parent":0,"menu_order":0,"comment_status":"closed","ping_status":"closed","template":"","event_listing_category":[52],"class_list":["post-5063","event_listing","type-event_listing","status-publish","hentry"],"_links":{"self":[{"href":"https:\/\/www.fbycc.org\/index.php\/wp-json\/wp\/v2\/event_listing\/5063","targetHints":{"allow":["GET"]}}],"collection":[{"href":"https:\/\/www.fbycc.org\/index.php\/wp-json\/wp\/v2\/event_listing"}],"about":[{"href":"https:\/\/www.fbycc.org\/index.php\/wp-json\/wp\/v2\/types\/event_listing"}],"author":[{"embeddable":true,"href":"https:\/\/www.fbycc.org\/index.php\/wp-json\/wp\/v2\/users\/5"}],"replies":[{"embeddable":true,"href":"https:\/\/www.fbycc.org\/index.php\/wp-json\/wp\/v2\/comments?post=5063"}],"wp:attachment":[{"href":"https:\/\/www.fbycc.org\/index.php\/wp-json\/wp\/v2\/media?parent=5063"}],"wp:term":[{"taxonomy":"event_listing_category","embeddable":true,"href":"https:\/\/www.fbycc.org\/index.php\/wp-json\/wp\/v2\/event_listing_category?post=5063"}],"curies":[{"name":"wp","href":"https:\/\/api.w.org\/{rel}","templated":true}]}}

Jornada: Construcción en madera en Madrid

<p><img loading="lazy" decoding="async" class="" src="https://www.coam.org/media/Default%20Files/actualidad/agenda/images/2024ok/201010-Jornada-Madera-760.png" alt="Jornada: Construcción en madera en Madrid" width="555" height="328" /></p>
<p style="text-align: justify;">El próximo <strong>10 de octubre</strong> tendrá lugar en Madrid la jornada «<strong>Construcción en madera en Madrid</strong>«, iniciativa que surge a raíz de la participación de Madrid como ciudad piloto en el proyecto C40 VISIBLE. Esta jornada se celebrará de manera presencial en la sala triangular de la 3ª planta del <strong>COAM</strong> (Colegio Oficial de Arquitectos de Madrid) desde las 11:00 de la mañana hasta las 13:00 horas, cuando la jornada finalizará con un cóctel y networking.</p>
<p style="text-align: justify;">El <strong>objetivo</strong> de este evento es compartir perspectivas de toda la cadena de valor y avanzar en la alineación de cómo superar las barreras y aprovechar el creciente impulso para acelerar el uso de la madera industrializada en el sector de la construcción en Madrid.</p>
<p>Puedes inscribirte aquí:</p>
<p style="text-align: center;"><a class="tx-button" href="https://www.coam.org/es/inscripciones-web/300148" target="_blank" style="color: #ffffff; background-color: #8aaa62">Inscripciones</a>
<p>&nbsp;</p>
<p>Y consultar el programa aquí:</p>
<p style="text-align: center;"><a class="tx-button" href="https://www.coam.org/agenda-coam/construccion-madera-madrid" target="_blank" style="color: #ffffff; background-color: #8aaa62">Programa</a>
<p>&nbsp;</p>

<p>El próximo 10 de octubre tendrá lugar en Madrid la jornada «Construcción en madera en Madrid«, iniciativa que surge a raíz de la participación de Madrid como ciudad piloto en el proyecto<a class="moretag" href="https://www.fbycc.org/index.php/events/jornada-construccion-en-madera-en-madrid/">Leer más&#8230;</a></p>
