{"id":5043,"date":"2024-10-01T10:24:52","date_gmt":"2024-10-01T10:24:52","guid":{"rendered":"https:\/\/www.fbycc.org\/?post_type=event_listing&#038;p=5043"},"modified":"2024-10-01T10:41:18","modified_gmt":"2024-10-01T10:41:18","slug":"webinar-3-8a-mediterranean-forest-week","status":"publish","type":"event_listing","link":"https:\/\/www.fbycc.org\/index.php\/events\/webinar-3-8a-mediterranean-forest-week\/","title":{"rendered":"Webinar  3 &#8211; 8\u00aa Mediterranean Forest Week"},"content":{"rendered":"<p><span style=\"font-size: 18pt;\"><strong>Webinar 3 &#8211; 8\u00aa Mediterranean Forest Week: Hacia territorios resistentes a los incendios<\/strong><\/span><\/p>\n<p><img loading=\"lazy\" decoding=\"async\" class=\"alignnone size-full wp-image-5044\" src=\"https:\/\/www.fbycc.org\/wp-content\/uploads\/2024\/10\/eventos-web-3.png\" alt=\"\" width=\"940\" height=\"470\" srcset=\"https:\/\/www.fbycc.org\/wp-content\/uploads\/2024\/10\/eventos-web-3.png 940w, https:\/\/www.fbycc.org\/wp-content\/uploads\/2024\/10\/eventos-web-3-300x150.png 300w, https:\/\/www.fbycc.org\/wp-content\/uploads\/2024\/10\/eventos-web-3-768x384.png 768w\" sizes=\"auto, (max-width: 940px) 100vw, 940px\" \/><\/p>\n<p style=\"text-align: justify;\">El <strong>16\u00a0de octubre<\/strong>, de <strong>15:00 a 16:30<\/strong> se tendr\u00e1 lugar el tercero de los webinars planteados dentro de la <strong>8\u00aa semana de los bosques mediterr\u00e1neos (8MFW).<\/strong><\/p>\n<p style=\"text-align: justify;\">En la regi\u00f3n mediterr\u00e1nea, los incendios son parte integrante de la din\u00e1mica de los ecosistemas. Sin embargo, los incendios forestales de los \u00faltimos a\u00f1os han sido especialmente da\u00f1inos tanto en t\u00e9rminos de superficie quemada por un solo evento como de v\u00edctimas causadas.<\/p>\n<p style=\"text-align: justify;\">Este seminario web, organizado en colaboraci\u00f3n con el proyecto <strong>FIRE-RES<\/strong> del Green Deal H2020, destaca las iniciativas dirigidas a los territorios resistentes a los incendios. El webinar presentar\u00e1 aspectos relevantes relacionados con la gesti\u00f3n de incendios forestales para su posterior debate durante la sesi\u00f3n 3 del 8MFW.<\/p>\n<p>La jornada podr\u00e1 seguirse online a trav\u00e9s de<\/p>\n<p style=\"text-align: center;\"><a class=\"tx-button\" href=\"https:\/\/www.youtube.com\/live\/v4bMPS1gKAk\" target=\"_blank\" style=\"color: #ffffff; background-color: #FF0000\">Youtube<\/a>\n<p style=\"text-align: justify;\">M\u00e1s informaci\u00f3n en:<\/p>\n<p style=\"text-align: center;\"><a class=\"tx-button\" href=\"https:\/\/mediterraneanforestweek.org\/session-overview-page\/wildfire-prevention-and-post-fire-restoration\/\" target=\"_blank\" style=\"color: #ffffff; background-color: #8aaa62\">3\u00aa sesi\u00f3n<\/a>\n<p style=\"text-align: center;\"><a class=\"tx-button\" href=\"https:\/\/mediterraneanforestweek.org\/countdown-to-the-8th-mediterranean-forest-week-explore-key-themes-in-our-webinar-series\/\" target=\"_blank\" style=\"color: #ffffff; background-color: #8aaa62\">8MFW web<\/a>\n","protected":false},"excerpt":{"rendered":"<p>Webinar 3 &#8211; 8\u00aa Mediterranean Forest Week: Hacia territorios resistentes a los incendios El 16\u00a0de octubre, de 15:00 a 16:30 se tendr\u00e1 lugar el tercero de los webinars planteados dentro de la<a class=\"moretag\" href=\"https:\/\/www.fbycc.org\/index.php\/events\/webinar-3-8a-mediterranean-forest-week\/\">Leer m\u00e1s&#8230;<\/a><\/p>\n","protected":false},"author":5,"featured_media":0,"parent":0,"menu_order":0,"comment_status":"closed","ping_status":"closed","template":"","event_listing_category":[246],"class_list":["post-5043","event_listing","type-event_listing","status-publish","hentry"],"_links":{"self":[{"href":"https:\/\/www.fbycc.org\/index.php\/wp-json\/wp\/v2\/event_listing\/5043","targetHints":{"allow":["GET"]}}],"collection":[{"href":"https:\/\/www.fbycc.org\/index.php\/wp-json\/wp\/v2\/event_listing"}],"about":[{"href":"https:\/\/www.fbycc.org\/index.php\/wp-json\/wp\/v2\/types\/event_listing"}],"author":[{"embeddable":true,"href":"https:\/\/www.fbycc.org\/index.php\/wp-json\/wp\/v2\/users\/5"}],"replies":[{"embeddable":true,"href":"https:\/\/www.fbycc.org\/index.php\/wp-json\/wp\/v2\/comments?post=5043"}],"wp:attachment":[{"href":"https:\/\/www.fbycc.org\/index.php\/wp-json\/wp\/v2\/media?parent=5043"}],"wp:term":[{"taxonomy":"event_listing_category","embeddable":true,"href":"https:\/\/www.fbycc.org\/index.php\/wp-json\/wp\/v2\/event_listing_category?post=5043"}],"curies":[{"name":"wp","href":"https:\/\/api.w.org\/{rel}","templated":true}]}}

Webinar  3 &#8211; 8ª Mediterranean Forest Week

<p><span style="font-size: 18pt;"><strong>Webinar 3 &#8211; 8ª Mediterranean Forest Week: Hacia territorios resistentes a los incendios</strong></span></p>
<p><img loading="lazy" decoding="async" class="alignnone size-full wp-image-5044" src="https://www.fbycc.org/wp-content/uploads/2024/10/eventos-web-3.png" alt="" width="940" height="470" srcset="https://www.fbycc.org/wp-content/uploads/2024/10/eventos-web-3.png 940w, https://www.fbycc.org/wp-content/uploads/2024/10/eventos-web-3-300x150.png 300w, https://www.fbycc.org/wp-content/uploads/2024/10/eventos-web-3-768x384.png 768w" sizes="auto, (max-width: 940px) 100vw, 940px" /></p>
<p style="text-align: justify;">El <strong>16 de octubre</strong>, de <strong>15:00 a 16:30</strong> se tendrá lugar el tercero de los webinars planteados dentro de la <strong>8ª semana de los bosques mediterráneos (8MFW).</strong></p>
<p style="text-align: justify;">En la región mediterránea, los incendios son parte integrante de la dinámica de los ecosistemas. Sin embargo, los incendios forestales de los últimos años han sido especialmente dañinos tanto en términos de superficie quemada por un solo evento como de víctimas causadas.</p>
<p style="text-align: justify;">Este seminario web, organizado en colaboración con el proyecto <strong>FIRE-RES</strong> del Green Deal H2020, destaca las iniciativas dirigidas a los territorios resistentes a los incendios. El webinar presentará aspectos relevantes relacionados con la gestión de incendios forestales para su posterior debate durante la sesión 3 del 8MFW.</p>
<p>La jornada podrá seguirse online a través de</p>
<p style="text-align: center;"><a class="tx-button" href="https://www.youtube.com/live/v4bMPS1gKAk" target="_blank" style="color: #ffffff; background-color: #FF0000">Youtube</a>
<p style="text-align: justify;">Más información en:</p>
<p style="text-align: center;"><a class="tx-button" href="https://mediterraneanforestweek.org/session-overview-page/wildfire-prevention-and-post-fire-restoration/" target="_blank" style="color: #ffffff; background-color: #8aaa62">3ª sesión</a>
<p style="text-align: center;"><a class="tx-button" href="https://mediterraneanforestweek.org/countdown-to-the-8th-mediterranean-forest-week-explore-key-themes-in-our-webinar-series/" target="_blank" style="color: #ffffff; background-color: #8aaa62">8MFW web</a>

<p>Webinar 3 &#8211; 8ª Mediterranean Forest Week: Hacia territorios resistentes a los incendios El 16 de octubre, de 15:00 a 16:30 se tendrá lugar el tercero de los webinars planteados dentro de la<a class="moretag" href="https://www.fbycc.org/index.php/events/webinar-3-8a-mediterranean-forest-week/">Leer más&#8230;</a></p>
