{"id":4846,"date":"2024-09-16T11:15:24","date_gmt":"2024-09-16T11:15:24","guid":{"rendered":"https:\/\/www.fbycc.org\/?post_type=event_listing&#038;p=4846"},"modified":"2024-10-01T10:26:09","modified_gmt":"2024-10-01T10:26:09","slug":"navigating-the-esg-legislation-online-conference","status":"publish","type":"event_listing","link":"https:\/\/www.fbycc.org\/index.php\/events\/navigating-the-esg-legislation-online-conference\/","title":{"rendered":"Navigating the ESG legislation &#8211; Online conference"},"content":{"rendered":"<p><span style=\"font-family: helvetica, arial, sans-serif; font-size: 18pt;\"><strong>Navegando por la legislaci\u00f3n ESG: \u00bfQu\u00e9 implicaciones tiene para los proyectos de eliminaci\u00f3n de carbono en Europa?<\/strong><\/span><\/p>\n<p><img loading=\"lazy\" decoding=\"async\" class=\"alignnone size-full wp-image-4847\" src=\"https:\/\/www.fbycc.org\/wp-content\/uploads\/2024\/09\/eventos-web-1.png\" alt=\"\" width=\"940\" height=\"470\" srcset=\"https:\/\/www.fbycc.org\/wp-content\/uploads\/2024\/09\/eventos-web-1.png 940w, https:\/\/www.fbycc.org\/wp-content\/uploads\/2024\/09\/eventos-web-1-300x150.png 300w, https:\/\/www.fbycc.org\/wp-content\/uploads\/2024\/09\/eventos-web-1-768x384.png 768w\" sizes=\"auto, (max-width: 940px) 100vw, 940px\" \/><\/p>\n<p style=\"text-align: justify;\">\u00bfC\u00f3mo puede la legislaci\u00f3n ESG afectar la inversi\u00f3n de las empresas en proyectos de eliminaci\u00f3n de carbono en Europa? \u00bfC\u00f3mo pueden las empresas integrar los cr\u00e9ditos de carbono y biodiversidad en sus estrategias ambientales? \u00bfC\u00f3mo es de efectiva la nueva propuesta sobre transparencia y regulaci\u00f3n de las calificaciones ESG para garantizar que las empresas reduzcan sus emisiones de carbono?<\/p>\n<p style=\"text-align: justify;\"><span style=\"text-decoration: underline;\">Para responder estas preguntas y dialogar sobre la legislaci\u00f3n ESG<\/span> (Environmental, Social and Governance, en ingl\u00e9s) y sus implicaciones para los proyectos de eliminaci\u00f3n de carbono en Europa, el <strong>24 de septiembre<\/strong> se celebra una <strong>conferencia online de 9:30 a 11:00<\/strong> de la ma\u00f1ana.<\/p>\n<p style=\"text-align: justify;\">Si quieres conocer m\u00e1s detalles del evento puedes acceder aqu\u00ed a la <span style=\"font-family: impact, sans-serif; font-size: 14pt;\"><a href=\"https:\/\/events.euractiv.com\/event\/info\/navigating-the-esg-legislation-what-implications-for-carbon-removal-projects-in-europe\">web del evento<\/a><\/span><\/p>\n<p style=\"text-align: justify;\">Si quieres asistir puedes acceder aqu\u00ed al <span style=\"font-family: impact, sans-serif; font-size: 14pt;\"><a href=\"https:\/\/www.eventleaf.com\/Attendee\/Attendee\/RegistrationForm?EId=pQABA%2BPtwuWcvEvZPMnF3g%3D%3D&amp;SId=a1e5f16e-7f0e-42e2-9de5-a13d05e34d6b\">formulario de inscripci\u00f3n\u00a0<\/a><\/span><\/p>\n<p style=\"text-align: justify;\">\n","protected":false},"excerpt":{"rendered":"<p>Navegando por la legislaci\u00f3n ESG: \u00bfQu\u00e9 implicaciones tiene para los proyectos de eliminaci\u00f3n de carbono en Europa? \u00bfC\u00f3mo puede la legislaci\u00f3n ESG afectar la inversi\u00f3n de las empresas en proyectos de eliminaci\u00f3n<a class=\"moretag\" href=\"https:\/\/www.fbycc.org\/index.php\/events\/navigating-the-esg-legislation-online-conference\/\">Leer m\u00e1s&#8230;<\/a><\/p>\n","protected":false},"author":5,"featured_media":0,"parent":0,"menu_order":0,"comment_status":"closed","ping_status":"closed","template":"","event_listing_category":[73],"class_list":["post-4846","event_listing","type-event_listing","status-publish","hentry"],"_links":{"self":[{"href":"https:\/\/www.fbycc.org\/index.php\/wp-json\/wp\/v2\/event_listing\/4846","targetHints":{"allow":["GET"]}}],"collection":[{"href":"https:\/\/www.fbycc.org\/index.php\/wp-json\/wp\/v2\/event_listing"}],"about":[{"href":"https:\/\/www.fbycc.org\/index.php\/wp-json\/wp\/v2\/types\/event_listing"}],"author":[{"embeddable":true,"href":"https:\/\/www.fbycc.org\/index.php\/wp-json\/wp\/v2\/users\/5"}],"replies":[{"embeddable":true,"href":"https:\/\/www.fbycc.org\/index.php\/wp-json\/wp\/v2\/comments?post=4846"}],"wp:attachment":[{"href":"https:\/\/www.fbycc.org\/index.php\/wp-json\/wp\/v2\/media?parent=4846"}],"wp:term":[{"taxonomy":"event_listing_category","embeddable":true,"href":"https:\/\/www.fbycc.org\/index.php\/wp-json\/wp\/v2\/event_listing_category?post=4846"}],"curies":[{"name":"wp","href":"https:\/\/api.w.org\/{rel}","templated":true}]}}

<p><span style="font-family: helvetica, arial, sans-serif; font-size: 18pt;"><strong>Navegando por la legislación ESG: ¿Qué implicaciones tiene para los proyectos de eliminación de carbono en Europa?</strong></span></p>
<p><img loading="lazy" decoding="async" class="alignnone size-full wp-image-4847" src="https://www.fbycc.org/wp-content/uploads/2024/09/eventos-web-1.png" alt="" width="940" height="470" srcset="https://www.fbycc.org/wp-content/uploads/2024/09/eventos-web-1.png 940w, https://www.fbycc.org/wp-content/uploads/2024/09/eventos-web-1-300x150.png 300w, https://www.fbycc.org/wp-content/uploads/2024/09/eventos-web-1-768x384.png 768w" sizes="auto, (max-width: 940px) 100vw, 940px" /></p>
<p style="text-align: justify;">¿Cómo puede la legislación ESG afectar la inversión de las empresas en proyectos de eliminación de carbono en Europa? ¿Cómo pueden las empresas integrar los créditos de carbono y biodiversidad en sus estrategias ambientales? ¿Cómo es de efectiva la nueva propuesta sobre transparencia y regulación de las calificaciones ESG para garantizar que las empresas reduzcan sus emisiones de carbono?</p>
<p style="text-align: justify;"><span style="text-decoration: underline;">Para responder estas preguntas y dialogar sobre la legislación ESG</span> (Environmental, Social and Governance, en inglés) y sus implicaciones para los proyectos de eliminación de carbono en Europa, el <strong>24 de septiembre</strong> se celebra una <strong>conferencia online de 9:30 a 11:00</strong> de la mañana.</p>
<p style="text-align: justify;">Si quieres conocer más detalles del evento puedes acceder aquí a la <span style="font-family: impact, sans-serif; font-size: 14pt;"><a href="https://events.euractiv.com/event/info/navigating-the-esg-legislation-what-implications-for-carbon-removal-projects-in-europe">web del evento</a></span></p>
<p style="text-align: justify;">Si quieres asistir puedes acceder aquí al <span style="font-family: impact, sans-serif; font-size: 14pt;"><a href="https://www.eventleaf.com/Attendee/Attendee/RegistrationForm?EId=pQABA%2BPtwuWcvEvZPMnF3g%3D%3D&amp;SId=a1e5f16e-7f0e-42e2-9de5-a13d05e34d6b">formulario de inscripción </a></span></p>
<p style="text-align: justify;">

<p>Navegando por la legislación ESG: ¿Qué implicaciones tiene para los proyectos de eliminación de carbono en Europa? ¿Cómo puede la legislación ESG afectar la inversión de las empresas en proyectos de eliminación<a class="moretag" href="https://www.fbycc.org/index.php/events/navigating-the-esg-legislation-online-conference/">Leer más&#8230;</a></p>
