{"id":4841,"date":"2024-09-13T09:34:33","date_gmt":"2024-09-13T09:34:33","guid":{"rendered":"https:\/\/www.fbycc.org\/?post_type=event_listing&#038;p=4841"},"modified":"2024-10-01T10:27:08","modified_gmt":"2024-10-01T10:27:08","slug":"jornada-online-bio-for-piri-gestion-forestal-biodiversidad-y-prevencion-de-incendios","status":"publish","type":"event_listing","link":"https:\/\/www.fbycc.org\/index.php\/events\/jornada-online-bio-for-piri-gestion-forestal-biodiversidad-y-prevencion-de-incendios\/","title":{"rendered":"Jornada Bio For Piri &#8211; Gesti\u00f3n forestal, biodiversidad y prevenci\u00f3n de incendios"},"content":{"rendered":"<p><img loading=\"lazy\" decoding=\"async\" class=\"alignnone size-full wp-image-4845\" src=\"https:\/\/www.fbycc.org\/wp-content\/uploads\/2024\/09\/b7a21f0d-cd9c-5ba7-e3d4-3012bf2b75b1-1.jpg\" alt=\"\" width=\"1080\" height=\"503\" srcset=\"https:\/\/www.fbycc.org\/wp-content\/uploads\/2024\/09\/b7a21f0d-cd9c-5ba7-e3d4-3012bf2b75b1-1.jpg 1080w, https:\/\/www.fbycc.org\/wp-content\/uploads\/2024\/09\/b7a21f0d-cd9c-5ba7-e3d4-3012bf2b75b1-1-300x140.jpg 300w, https:\/\/www.fbycc.org\/wp-content\/uploads\/2024\/09\/b7a21f0d-cd9c-5ba7-e3d4-3012bf2b75b1-1-1024x477.jpg 1024w, https:\/\/www.fbycc.org\/wp-content\/uploads\/2024\/09\/b7a21f0d-cd9c-5ba7-e3d4-3012bf2b75b1-1-768x358.jpg 768w\" sizes=\"auto, (max-width: 1080px) 100vw, 1080px\" \/><\/p>\n<p style=\"text-align: justify;\">En el marco del proyecto Bio For Piri, la Fundaci\u00f3n Empresa &amp; Clima y Fundaci\u00f3 Catalunya La Pedrera organizan unas jornadas online de Bioeconom\u00eda Forestal en los Pirineos.\u00a0La primera jornada se celebrar\u00e1 el pr\u00f3ximo\u00a0<strong>17 de septiembre<\/strong>\u00a0a las <strong>16:00 h<\/strong> y tratar\u00e1 sobre <span style=\"color: #800080;\"><strong>gesti\u00f3n forestal, biodiversidad y prevenci\u00f3n de incendios. Durante esta sesi\u00f3n se abordar\u00e1n los siguientes temas<\/strong><\/span>:<\/p>\n<p>\u25aa\ufe0f Grandes Incendios Forestales y Plan Estrat\u00e9gico de Fuego.<br \/>\n\u25aa\ufe0f Gesti\u00f3n Forestal Natural\u00edstica y Protecci\u00f3n de la biodiversidad.<br \/>\n\u25aa\ufe0f Retos pendientes<\/p>\n<p style=\"text-align: center;\"><span style=\"font-family: impact, sans-serif; font-size: 14pt;\"><a href=\"https:\/\/docs.google.com\/forms\/d\/e\/1FAIpQLSc3xt9O_cS_dGGmWWKBRLOajLxgEjXgL5yccm0O3jxiouoc5A\/viewform\">INSCRIPCI\u00d3N\u00a0<\/a><\/span><\/p>\n<p style=\"text-align: center;\"><span style=\"font-family: impact, sans-serif; font-size: 14pt;\"><a href=\"http:\/\/chrome-extension:\/\/efaidnbmnnnibpcajpcglclefindmkaj\/https:\/\/mcusercontent.com\/044b17841d19a553fbe3a0cca\/files\/5d4c4a8c-87f8-ef80-5531-5b727ab57738\/Convocatoria_1_17sep_draft_logos_ok.pdf\">PROGRAMA<\/a><\/span><\/p>\n","protected":false},"excerpt":{"rendered":"<p>En el marco del proyecto Bio For Piri, la Fundaci\u00f3n Empresa &amp; Clima y Fundaci\u00f3 Catalunya La Pedrera organizan unas jornadas online de Bioeconom\u00eda Forestal en los Pirineos.\u00a0La primera jornada se celebrar\u00e1<a class=\"moretag\" href=\"https:\/\/www.fbycc.org\/index.php\/events\/jornada-online-bio-for-piri-gestion-forestal-biodiversidad-y-prevencion-de-incendios\/\">Leer m\u00e1s&#8230;<\/a><\/p>\n","protected":false},"author":5,"featured_media":0,"parent":0,"menu_order":0,"comment_status":"closed","ping_status":"closed","template":"","event_listing_category":[52],"class_list":["post-4841","event_listing","type-event_listing","status-publish","hentry"],"_links":{"self":[{"href":"https:\/\/www.fbycc.org\/index.php\/wp-json\/wp\/v2\/event_listing\/4841","targetHints":{"allow":["GET"]}}],"collection":[{"href":"https:\/\/www.fbycc.org\/index.php\/wp-json\/wp\/v2\/event_listing"}],"about":[{"href":"https:\/\/www.fbycc.org\/index.php\/wp-json\/wp\/v2\/types\/event_listing"}],"author":[{"embeddable":true,"href":"https:\/\/www.fbycc.org\/index.php\/wp-json\/wp\/v2\/users\/5"}],"replies":[{"embeddable":true,"href":"https:\/\/www.fbycc.org\/index.php\/wp-json\/wp\/v2\/comments?post=4841"}],"wp:attachment":[{"href":"https:\/\/www.fbycc.org\/index.php\/wp-json\/wp\/v2\/media?parent=4841"}],"wp:term":[{"taxonomy":"event_listing_category","embeddable":true,"href":"https:\/\/www.fbycc.org\/index.php\/wp-json\/wp\/v2\/event_listing_category?post=4841"}],"curies":[{"name":"wp","href":"https:\/\/api.w.org\/{rel}","templated":true}]}}

Jornada Bio For Piri &#8211; Gestión forestal, biodiversidad y prevención de incendios

<p><img loading="lazy" decoding="async" class="alignnone size-full wp-image-4845" src="https://www.fbycc.org/wp-content/uploads/2024/09/b7a21f0d-cd9c-5ba7-e3d4-3012bf2b75b1-1.jpg" alt="" width="1080" height="503" srcset="https://www.fbycc.org/wp-content/uploads/2024/09/b7a21f0d-cd9c-5ba7-e3d4-3012bf2b75b1-1.jpg 1080w, https://www.fbycc.org/wp-content/uploads/2024/09/b7a21f0d-cd9c-5ba7-e3d4-3012bf2b75b1-1-300x140.jpg 300w, https://www.fbycc.org/wp-content/uploads/2024/09/b7a21f0d-cd9c-5ba7-e3d4-3012bf2b75b1-1-1024x477.jpg 1024w, https://www.fbycc.org/wp-content/uploads/2024/09/b7a21f0d-cd9c-5ba7-e3d4-3012bf2b75b1-1-768x358.jpg 768w" sizes="auto, (max-width: 1080px) 100vw, 1080px" /></p>
<p style="text-align: justify;">En el marco del proyecto Bio For Piri, la Fundación Empresa &amp; Clima y Fundació Catalunya La Pedrera organizan unas jornadas online de Bioeconomía Forestal en los Pirineos. La primera jornada se celebrará el próximo <strong>17 de septiembre</strong> a las <strong>16:00 h</strong> y tratará sobre <span style="color: #800080;"><strong>gestión forestal, biodiversidad y prevención de incendios. Durante esta sesión se abordarán los siguientes temas</strong></span>:</p>
<p>▪️ Grandes Incendios Forestales y Plan Estratégico de Fuego.<br />
▪️ Gestión Forestal Naturalística y Protección de la biodiversidad.<br />
▪️ Retos pendientes</p>
<p style="text-align: center;"><span style="font-family: impact, sans-serif; font-size: 14pt;"><a href="https://docs.google.com/forms/d/e/1FAIpQLSc3xt9O_cS_dGGmWWKBRLOajLxgEjXgL5yccm0O3jxiouoc5A/viewform">INSCRIPCIÓN </a></span></p>
<p style="text-align: center;"><span style="font-family: impact, sans-serif; font-size: 14pt;"><a href="http://chrome-extension://efaidnbmnnnibpcajpcglclefindmkaj/https://mcusercontent.com/044b17841d19a553fbe3a0cca/files/5d4c4a8c-87f8-ef80-5531-5b727ab57738/Convocatoria_1_17sep_draft_logos_ok.pdf">PROGRAMA</a></span></p>

<p>En el marco del proyecto Bio For Piri, la Fundación Empresa &amp; Clima y Fundació Catalunya La Pedrera organizan unas jornadas online de Bioeconomía Forestal en los Pirineos. La primera jornada se celebrará<a class="moretag" href="https://www.fbycc.org/index.php/events/jornada-online-bio-for-piri-gestion-forestal-biodiversidad-y-prevencion-de-incendios/">Leer más&#8230;</a></p>
