{"id":4840,"date":"2024-09-13T09:46:48","date_gmt":"2024-09-13T09:46:48","guid":{"rendered":"https:\/\/www.fbycc.org\/?post_type=event_listing&#038;p=4840"},"modified":"2024-09-20T11:28:49","modified_gmt":"2024-09-20T11:28:49","slug":"jornada-online-bio-for-piri-bioeconomia-forestal-y-reto-demografico","status":"publish","type":"event_listing","link":"https:\/\/www.fbycc.org\/index.php\/events\/jornada-online-bio-for-piri-bioeconomia-forestal-y-reto-demografico\/","title":{"rendered":"Jornada online Bio For Piri &#8211; Bioeconom\u00eda forestal y reto demogr\u00e1fico"},"content":{"rendered":"<p><img loading=\"lazy\" decoding=\"async\" class=\"alignnone size-full wp-image-4843\" src=\"https:\/\/www.fbycc.org\/wp-content\/uploads\/2024\/09\/Imagen1-1.png\" alt=\"\" width=\"1072\" height=\"497\" srcset=\"https:\/\/www.fbycc.org\/wp-content\/uploads\/2024\/09\/Imagen1-1.png 1072w, https:\/\/www.fbycc.org\/wp-content\/uploads\/2024\/09\/Imagen1-1-300x139.png 300w, https:\/\/www.fbycc.org\/wp-content\/uploads\/2024\/09\/Imagen1-1-1024x475.png 1024w, https:\/\/www.fbycc.org\/wp-content\/uploads\/2024\/09\/Imagen1-1-768x356.png 768w\" sizes=\"auto, (max-width: 1072px) 100vw, 1072px\" \/><\/p>\n<p style=\"text-align: justify;\">La segunda jornada online de <a href=\"https:\/\/bioforpiri.org\/\">Bioeconom\u00eda Forestal en los Pirineos<\/a>, organizada por la Fundaci\u00f3n Empresa &amp; Clima y Fundaci\u00f3 Catalunya La Pedrera en el marco del proyecto Bio For Piri, tendr\u00e1 lugar el <strong>26 de septiembre<\/strong> a las <strong>16:00 h<\/strong>. Esta segunda jornada se centrar\u00e1 en la <span style=\"color: #800080;\"><strong>bioeconom\u00eda forestal y el reto demogr\u00e1fico<\/strong><\/span>. Los asistentes podr\u00e1n saber m\u00e1s sobre:<\/p>\n<p>\u25aa\ufe0f Bioeconom\u00eda Forestal.<br \/>\n\u25aa\ufe0f Sistemas Silvopastorales.<br \/>\n\u25aa\ufe0f Formaci\u00f3n, sensibilizaci\u00f3n y transferencia<\/p>\n<p style=\"text-align: center;\"><span style=\"font-family: impact, sans-serif; font-size: 14pt;\"><a href=\"https:\/\/docs.google.com\/forms\/d\/e\/1FAIpQLSdPdnaci8d3Mh45Id4ODaL3EurEipIpCArDRPy2sbcZxOoH3g\/viewform\">INSCRIPCI\u00d3N\u00a0<\/a><\/span><\/p>\n<p style=\"text-align: center;\"><span style=\"font-family: impact, sans-serif; font-size: 14pt;\"><a href=\"http:\/\/chrome-extension:\/\/efaidnbmnnnibpcajpcglclefindmkaj\/https:\/\/mcusercontent.com\/044b17841d19a553fbe3a0cca\/files\/72c5a5a5-c7aa-5ee3-cf98-d741885f016d\/Convocatoria_2_26sep_draft_logos_ok.pdf\">PROGRAMA<\/a><\/span><\/p>\n","protected":false},"excerpt":{"rendered":"<p>La segunda jornada online de Bioeconom\u00eda Forestal en los Pirineos, organizada por la Fundaci\u00f3n Empresa &amp; Clima y Fundaci\u00f3 Catalunya La Pedrera en el marco del proyecto Bio For Piri, tendr\u00e1 lugar<a class=\"moretag\" href=\"https:\/\/www.fbycc.org\/index.php\/events\/jornada-online-bio-for-piri-bioeconomia-forestal-y-reto-demografico\/\">Leer m\u00e1s&#8230;<\/a><\/p>\n","protected":false},"author":5,"featured_media":0,"parent":0,"menu_order":0,"comment_status":"closed","ping_status":"closed","template":"","event_listing_category":[52],"class_list":["post-4840","event_listing","type-event_listing","status-publish","hentry"],"_links":{"self":[{"href":"https:\/\/www.fbycc.org\/index.php\/wp-json\/wp\/v2\/event_listing\/4840","targetHints":{"allow":["GET"]}}],"collection":[{"href":"https:\/\/www.fbycc.org\/index.php\/wp-json\/wp\/v2\/event_listing"}],"about":[{"href":"https:\/\/www.fbycc.org\/index.php\/wp-json\/wp\/v2\/types\/event_listing"}],"author":[{"embeddable":true,"href":"https:\/\/www.fbycc.org\/index.php\/wp-json\/wp\/v2\/users\/5"}],"replies":[{"embeddable":true,"href":"https:\/\/www.fbycc.org\/index.php\/wp-json\/wp\/v2\/comments?post=4840"}],"wp:attachment":[{"href":"https:\/\/www.fbycc.org\/index.php\/wp-json\/wp\/v2\/media?parent=4840"}],"wp:term":[{"taxonomy":"event_listing_category","embeddable":true,"href":"https:\/\/www.fbycc.org\/index.php\/wp-json\/wp\/v2\/event_listing_category?post=4840"}],"curies":[{"name":"wp","href":"https:\/\/api.w.org\/{rel}","templated":true}]}}

Jornada online Bio For Piri &#8211; Bioeconomía forestal y reto demográfico

<p><img loading="lazy" decoding="async" class="alignnone size-full wp-image-4843" src="https://www.fbycc.org/wp-content/uploads/2024/09/Imagen1-1.png" alt="" width="1072" height="497" srcset="https://www.fbycc.org/wp-content/uploads/2024/09/Imagen1-1.png 1072w, https://www.fbycc.org/wp-content/uploads/2024/09/Imagen1-1-300x139.png 300w, https://www.fbycc.org/wp-content/uploads/2024/09/Imagen1-1-1024x475.png 1024w, https://www.fbycc.org/wp-content/uploads/2024/09/Imagen1-1-768x356.png 768w" sizes="auto, (max-width: 1072px) 100vw, 1072px" /></p>
<p style="text-align: justify;">La segunda jornada online de <a href="https://bioforpiri.org/">Bioeconomía Forestal en los Pirineos</a>, organizada por la Fundación Empresa &amp; Clima y Fundació Catalunya La Pedrera en el marco del proyecto Bio For Piri, tendrá lugar el <strong>26 de septiembre</strong> a las <strong>16:00 h</strong>. Esta segunda jornada se centrará en la <span style="color: #800080;"><strong>bioeconomía forestal y el reto demográfico</strong></span>. Los asistentes podrán saber más sobre:</p>
<p>▪️ Bioeconomía Forestal.<br />
▪️ Sistemas Silvopastorales.<br />
▪️ Formación, sensibilización y transferencia</p>
<p style="text-align: center;"><span style="font-family: impact, sans-serif; font-size: 14pt;"><a href="https://docs.google.com/forms/d/e/1FAIpQLSdPdnaci8d3Mh45Id4ODaL3EurEipIpCArDRPy2sbcZxOoH3g/viewform">INSCRIPCIÓN </a></span></p>
<p style="text-align: center;"><span style="font-family: impact, sans-serif; font-size: 14pt;"><a href="http://chrome-extension://efaidnbmnnnibpcajpcglclefindmkaj/https://mcusercontent.com/044b17841d19a553fbe3a0cca/files/72c5a5a5-c7aa-5ee3-cf98-d741885f016d/Convocatoria_2_26sep_draft_logos_ok.pdf">PROGRAMA</a></span></p>

<p>La segunda jornada online de Bioeconomía Forestal en los Pirineos, organizada por la Fundación Empresa &amp; Clima y Fundació Catalunya La Pedrera en el marco del proyecto Bio For Piri, tendrá lugar<a class="moretag" href="https://www.fbycc.org/index.php/events/jornada-online-bio-for-piri-bioeconomia-forestal-y-reto-demografico/">Leer más&#8230;</a></p>
