{"id":4832,"date":"2024-09-05T08:21:56","date_gmt":"2024-09-05T08:21:56","guid":{"rendered":"https:\/\/www.fbycc.org\/?post_type=event_listing&#038;p=4832"},"modified":"2024-09-05T09:35:54","modified_gmt":"2024-09-05T09:35:54","slug":"jornada-de-presentacion-de-proyectos-bioeconomia-forestal-en-castilla-y-leon","status":"publish","type":"event_listing","link":"https:\/\/www.fbycc.org\/index.php\/events\/jornada-de-presentacion-de-proyectos-bioeconomia-forestal-en-castilla-y-leon\/","title":{"rendered":"Jornada de Presentaci\u00f3n de Proyectos Bioeconom\u00eda Forestal en Castilla y Le\u00f3n"},"content":{"rendered":"<p><img loading=\"lazy\" decoding=\"async\" class=\"alignnone size-full wp-image-4833\" src=\"https:\/\/www.fbycc.org\/wp-content\/uploads\/2024\/09\/Jornada-17-septiembre.png\" alt=\"\" width=\"1080\" height=\"1080\" srcset=\"https:\/\/www.fbycc.org\/wp-content\/uploads\/2024\/09\/Jornada-17-septiembre.png 1080w, https:\/\/www.fbycc.org\/wp-content\/uploads\/2024\/09\/Jornada-17-septiembre-300x300.png 300w, https:\/\/www.fbycc.org\/wp-content\/uploads\/2024\/09\/Jornada-17-septiembre-1024x1024.png 1024w, https:\/\/www.fbycc.org\/wp-content\/uploads\/2024\/09\/Jornada-17-septiembre-150x150.png 150w, https:\/\/www.fbycc.org\/wp-content\/uploads\/2024\/09\/Jornada-17-septiembre-768x768.png 768w, https:\/\/www.fbycc.org\/wp-content\/uploads\/2024\/09\/Jornada-17-septiembre-50x50.png 50w, https:\/\/www.fbycc.org\/wp-content\/uploads\/2024\/09\/Jornada-17-septiembre-250x250.png 250w, https:\/\/www.fbycc.org\/wp-content\/uploads\/2024\/09\/Jornada-17-septiembre-500x500.png 500w\" sizes=\"auto, (max-width: 1080px) 100vw, 1080px\" \/><\/p>\n<p style=\"text-align: justify;\">El pr\u00f3ximo 17 de septiembre tendr\u00e1 lugar la\u00a0<strong>Jornada de Presentaci\u00f3n de Proyectos de Bioeconom\u00eda Forestal en Castilla y Le\u00f3n<\/strong>.<\/p>\n<p style=\"text-align: justify;\">Durante el evento se presentar\u00e1n los 18 proyectos de bioeconom\u00eda forestal que han sido aprobados en la regi\u00f3n de Castilla y Le\u00f3n dentro de la convocatoria de ayudas para el fomento de la bioeconom\u00eda forestal de la Fundaci\u00f3n Biodiversidad del Ministerio para la Transici\u00f3n Ecol\u00f3gica y el Reto Demogr\u00e1fico (MITECO) en el marco del Plan de Recuperaci\u00f3n, Transformaci\u00f3n y Resiliencia (PRTR), financiado por la Uni\u00f3n Europea- NextGenerationEU para el ejercicio 2023.<\/p>\n<p>El proyecto <a href=\"https:\/\/www.fbycc.org\/index.php\/2024\/03\/25\/el-foro-de-bosques-y-cambio-climatico-se-embarca-en-el-proyecto-eco2for\/\" data-linkindex=\"1\"><strong>ECO2FOR: Mejora de la contribuci\u00f3n del sector forestal a la lucha contra el cambio clim\u00e1tico<\/strong><\/a>, del cual el <strong>Foro de Bosques y Cambio Clim\u00e1tico<\/strong> es coordinador se presentar\u00e1 durante el transcurso de esta jornada junto al resto de proyectos de la convocatoria aprobados en Castilla y Le\u00f3n.<\/p>\n<p>Esta jornada tendr\u00e1 lugar en el <strong>PRAE<\/strong> en <strong>Valladolid<\/strong> y se celebrar\u00e1 desde las <strong>10:30 a 15:00 horas<\/strong>. Para ver el programa detallado del evento puedes acceder aqu\u00ed:<\/p>\n<p style=\"text-align: center;\"><span style=\"font-family: impact, sans-serif; font-size: 14pt;\"><a href=\"https:\/\/www.fbycc.org\/wp-content\/uploads\/2024\/09\/PROGRAMA_17-9.pdf\">PROGRAMA 17-9-2024<\/a><\/span><\/p>\n<p style=\"text-align: justify;\">Si quieres asistir debes confirmar tu asistencia por mail <strong>antes del 10<\/strong><strong>\u00a0de septiembre<\/strong> al email: <a href=\"mailto:ines.bertoldi@cesefor.com\" data-linkindex=\"1\"><strong>ines.bertoldi@cesefor.com<\/strong><\/a><\/p>\n","protected":false},"excerpt":{"rendered":"<p>El pr\u00f3ximo 17 de septiembre tendr\u00e1 lugar la\u00a0Jornada de Presentaci\u00f3n de Proyectos de Bioeconom\u00eda Forestal en Castilla y Le\u00f3n. Durante el evento se presentar\u00e1n los 18 proyectos de bioeconom\u00eda forestal que han<a class=\"moretag\" href=\"https:\/\/www.fbycc.org\/index.php\/events\/jornada-de-presentacion-de-proyectos-bioeconomia-forestal-en-castilla-y-leon\/\">Leer m\u00e1s&#8230;<\/a><\/p>\n","protected":false},"author":5,"featured_media":0,"parent":0,"menu_order":0,"comment_status":"closed","ping_status":"closed","template":"","event_listing_category":[],"class_list":["post-4832","event_listing","type-event_listing","status-publish","hentry"],"_links":{"self":[{"href":"https:\/\/www.fbycc.org\/index.php\/wp-json\/wp\/v2\/event_listing\/4832","targetHints":{"allow":["GET"]}}],"collection":[{"href":"https:\/\/www.fbycc.org\/index.php\/wp-json\/wp\/v2\/event_listing"}],"about":[{"href":"https:\/\/www.fbycc.org\/index.php\/wp-json\/wp\/v2\/types\/event_listing"}],"author":[{"embeddable":true,"href":"https:\/\/www.fbycc.org\/index.php\/wp-json\/wp\/v2\/users\/5"}],"replies":[{"embeddable":true,"href":"https:\/\/www.fbycc.org\/index.php\/wp-json\/wp\/v2\/comments?post=4832"}],"wp:attachment":[{"href":"https:\/\/www.fbycc.org\/index.php\/wp-json\/wp\/v2\/media?parent=4832"}],"wp:term":[{"taxonomy":"event_listing_category","embeddable":true,"href":"https:\/\/www.fbycc.org\/index.php\/wp-json\/wp\/v2\/event_listing_category?post=4832"}],"curies":[{"name":"wp","href":"https:\/\/api.w.org\/{rel}","templated":true}]}}

Jornada de Presentación de Proyectos Bioeconomía Forestal en Castilla y León

<p><img loading="lazy" decoding="async" class="alignnone size-full wp-image-4833" src="https://www.fbycc.org/wp-content/uploads/2024/09/Jornada-17-septiembre.png" alt="" width="1080" height="1080" srcset="https://www.fbycc.org/wp-content/uploads/2024/09/Jornada-17-septiembre.png 1080w, https://www.fbycc.org/wp-content/uploads/2024/09/Jornada-17-septiembre-300x300.png 300w, https://www.fbycc.org/wp-content/uploads/2024/09/Jornada-17-septiembre-1024x1024.png 1024w, https://www.fbycc.org/wp-content/uploads/2024/09/Jornada-17-septiembre-150x150.png 150w, https://www.fbycc.org/wp-content/uploads/2024/09/Jornada-17-septiembre-768x768.png 768w, https://www.fbycc.org/wp-content/uploads/2024/09/Jornada-17-septiembre-50x50.png 50w, https://www.fbycc.org/wp-content/uploads/2024/09/Jornada-17-septiembre-250x250.png 250w, https://www.fbycc.org/wp-content/uploads/2024/09/Jornada-17-septiembre-500x500.png 500w" sizes="auto, (max-width: 1080px) 100vw, 1080px" /></p>
<p style="text-align: justify;">El próximo 17 de septiembre tendrá lugar la <strong>Jornada de Presentación de Proyectos de Bioeconomía Forestal en Castilla y León</strong>.</p>
<p style="text-align: justify;">Durante el evento se presentarán los 18 proyectos de bioeconomía forestal que han sido aprobados en la región de Castilla y León dentro de la convocatoria de ayudas para el fomento de la bioeconomía forestal de la Fundación Biodiversidad del Ministerio para la Transición Ecológica y el Reto Demográfico (MITECO) en el marco del Plan de Recuperación, Transformación y Resiliencia (PRTR), financiado por la Unión Europea- NextGenerationEU para el ejercicio 2023.</p>
<p>El proyecto <a href="https://www.fbycc.org/index.php/2024/03/25/el-foro-de-bosques-y-cambio-climatico-se-embarca-en-el-proyecto-eco2for/" data-linkindex="1"><strong>ECO2FOR: Mejora de la contribución del sector forestal a la lucha contra el cambio climático</strong></a>, del cual el <strong>Foro de Bosques y Cambio Climático</strong> es coordinador se presentará durante el transcurso de esta jornada junto al resto de proyectos de la convocatoria aprobados en Castilla y León.</p>
<p>Esta jornada tendrá lugar en el <strong>PRAE</strong> en <strong>Valladolid</strong> y se celebrará desde las <strong>10:30 a 15:00 horas</strong>. Para ver el programa detallado del evento puedes acceder aquí:</p>
<p style="text-align: center;"><span style="font-family: impact, sans-serif; font-size: 14pt;"><a href="https://www.fbycc.org/wp-content/uploads/2024/09/PROGRAMA_17-9.pdf">PROGRAMA 17-9-2024</a></span></p>
<p style="text-align: justify;">Si quieres asistir debes confirmar tu asistencia por mail <strong>antes del 10</strong><strong> de septiembre</strong> al email: <a href="mailto:ines.bertoldi@cesefor.com" data-linkindex="1"><strong>ines.bertoldi@cesefor.com</strong></a></p>

<p>El próximo 17 de septiembre tendrá lugar la Jornada de Presentación de Proyectos de Bioeconomía Forestal en Castilla y León. Durante el evento se presentarán los 18 proyectos de bioeconomía forestal que han<a class="moretag" href="https://www.fbycc.org/index.php/events/jornada-de-presentacion-de-proyectos-bioeconomia-forestal-en-castilla-y-leon/">Leer más&#8230;</a></p>
