{"id":4828,"date":"2024-09-02T16:08:18","date_gmt":"2024-09-02T16:08:18","guid":{"rendered":"https:\/\/www.fbycc.org\/?post_type=event_listing&#038;p=4828"},"modified":"2024-09-02T16:14:58","modified_gmt":"2024-09-02T16:14:58","slug":"webinar-redbosques_clima","status":"publish","type":"event_listing","link":"https:\/\/www.fbycc.org\/index.php\/events\/webinar-redbosques_clima\/","title":{"rendered":"Webinar RedBosques_Clima"},"content":{"rendered":"<p><img loading=\"lazy\" decoding=\"async\" class=\"alignnone size-full wp-image-4829\" src=\"https:\/\/www.fbycc.org\/wp-content\/uploads\/2024\/09\/Diseno-sin-titulo-1-3.png\" alt=\"\" width=\"940\" height=\"470\" srcset=\"https:\/\/www.fbycc.org\/wp-content\/uploads\/2024\/09\/Diseno-sin-titulo-1-3.png 940w, https:\/\/www.fbycc.org\/wp-content\/uploads\/2024\/09\/Diseno-sin-titulo-1-3-300x150.png 300w, https:\/\/www.fbycc.org\/wp-content\/uploads\/2024\/09\/Diseno-sin-titulo-1-3-768x384.png 768w\" sizes=\"auto, (max-width: 940px) 100vw, 940px\" \/><\/p>\n<p style=\"text-align: justify;\">El proyecto RedBosques_Clima celebra su quinto webinar en el cual abordar\u00e1n el problema de la <strong>adaptaci\u00f3n al cambio clim\u00e1tico desde la perspectiva de la propiedad<\/strong>, identificando las dificultades, retos y oportunidades que afrontan los diferentes tipos de propietarios, ya sean p\u00fablicos, privados o comunales.<\/p>\n<p style=\"text-align: justify;\">Este webinar est\u00e1 orientado a responsables de la gesti\u00f3n y planificaci\u00f3n de \u00e1reas protegidas, gestores forestales y propietarios forestales, cient\u00edficos, y profesionales del medio ambiente. Se transmitir\u00e1 online el pr\u00f3ximo <strong>27 de septiembre<\/strong> <strong>de 10:00 a 12:30<\/strong>.<\/p>\n<p>Obt\u00e9n m\u00e1s informaci\u00f3n, accede al programa y al formulario de inscripci\u00f3n aqu\u00ed:<\/p>\n<p style=\"text-align: center;\"><span style=\"text-decoration: underline;\"><a href=\"https:\/\/webinariobosques.gr8.com\/\">REGISTRO WEBINAR<\/a><\/span><\/p>\n<p style=\"text-align: center;\">\n","protected":false},"excerpt":{"rendered":"<p>El proyecto RedBosques_Clima celebra su quinto webinar en el cual abordar\u00e1n el problema de la adaptaci\u00f3n al cambio clim\u00e1tico desde la perspectiva de la propiedad, identificando las dificultades, retos y oportunidades que<a class=\"moretag\" href=\"https:\/\/www.fbycc.org\/index.php\/events\/webinar-redbosques_clima\/\">Leer m\u00e1s&#8230;<\/a><\/p>\n","protected":false},"author":5,"featured_media":0,"parent":0,"menu_order":0,"comment_status":"closed","ping_status":"closed","template":"","event_listing_category":[246],"class_list":["post-4828","event_listing","type-event_listing","status-publish","hentry"],"_links":{"self":[{"href":"https:\/\/www.fbycc.org\/index.php\/wp-json\/wp\/v2\/event_listing\/4828","targetHints":{"allow":["GET"]}}],"collection":[{"href":"https:\/\/www.fbycc.org\/index.php\/wp-json\/wp\/v2\/event_listing"}],"about":[{"href":"https:\/\/www.fbycc.org\/index.php\/wp-json\/wp\/v2\/types\/event_listing"}],"author":[{"embeddable":true,"href":"https:\/\/www.fbycc.org\/index.php\/wp-json\/wp\/v2\/users\/5"}],"replies":[{"embeddable":true,"href":"https:\/\/www.fbycc.org\/index.php\/wp-json\/wp\/v2\/comments?post=4828"}],"wp:attachment":[{"href":"https:\/\/www.fbycc.org\/index.php\/wp-json\/wp\/v2\/media?parent=4828"}],"wp:term":[{"taxonomy":"event_listing_category","embeddable":true,"href":"https:\/\/www.fbycc.org\/index.php\/wp-json\/wp\/v2\/event_listing_category?post=4828"}],"curies":[{"name":"wp","href":"https:\/\/api.w.org\/{rel}","templated":true}]}}

<p><img loading="lazy" decoding="async" class="alignnone size-full wp-image-4829" src="https://www.fbycc.org/wp-content/uploads/2024/09/Diseno-sin-titulo-1-3.png" alt="" width="940" height="470" srcset="https://www.fbycc.org/wp-content/uploads/2024/09/Diseno-sin-titulo-1-3.png 940w, https://www.fbycc.org/wp-content/uploads/2024/09/Diseno-sin-titulo-1-3-300x150.png 300w, https://www.fbycc.org/wp-content/uploads/2024/09/Diseno-sin-titulo-1-3-768x384.png 768w" sizes="auto, (max-width: 940px) 100vw, 940px" /></p>
<p style="text-align: justify;">El proyecto RedBosques_Clima celebra su quinto webinar en el cual abordarán el problema de la <strong>adaptación al cambio climático desde la perspectiva de la propiedad</strong>, identificando las dificultades, retos y oportunidades que afrontan los diferentes tipos de propietarios, ya sean públicos, privados o comunales.</p>
<p style="text-align: justify;">Este webinar está orientado a responsables de la gestión y planificación de áreas protegidas, gestores forestales y propietarios forestales, científicos, y profesionales del medio ambiente. Se transmitirá online el próximo <strong>27 de septiembre</strong> <strong>de 10:00 a 12:30</strong>.</p>
<p>Obtén más información, accede al programa y al formulario de inscripción aquí:</p>
<p style="text-align: center;"><span style="text-decoration: underline;"><a href="https://webinariobosques.gr8.com/">REGISTRO WEBINAR</a></span></p>
<p style="text-align: center;">

<p>El proyecto RedBosques_Clima celebra su quinto webinar en el cual abordarán el problema de la adaptación al cambio climático desde la perspectiva de la propiedad, identificando las dificultades, retos y oportunidades que<a class="moretag" href="https://www.fbycc.org/index.php/events/webinar-redbosques_clima/">Leer más&#8230;</a></p>
