{"id":4700,"date":"2024-06-24T08:07:19","date_gmt":"2024-06-24T08:07:19","guid":{"rendered":"https:\/\/www.fbycc.org\/?post_type=event_listing&#038;p=4700"},"modified":"2024-06-24T08:07:19","modified_gmt":"2024-06-24T08:07:19","slug":"curso-mercados-de-carbono-basados-en-la-gestion-forestal-sostenible","status":"publish","type":"event_listing","link":"https:\/\/www.fbycc.org\/index.php\/events\/curso-mercados-de-carbono-basados-en-la-gestion-forestal-sostenible\/","title":{"rendered":"Curso | Mercados de carbono basados en la Gesti\u00f3n Forestal Sostenible"},"content":{"rendered":"<p><img loading=\"lazy\" decoding=\"async\" class=\"alignnone size-full wp-image-4701\" src=\"https:\/\/www.fbycc.org\/wp-content\/uploads\/2024\/06\/BOLETIN-Eventos.png\" alt=\"\" width=\"900\" height=\"400\" srcset=\"https:\/\/www.fbycc.org\/wp-content\/uploads\/2024\/06\/BOLETIN-Eventos.png 900w, https:\/\/www.fbycc.org\/wp-content\/uploads\/2024\/06\/BOLETIN-Eventos-300x133.png 300w, https:\/\/www.fbycc.org\/wp-content\/uploads\/2024\/06\/BOLETIN-Eventos-768x341.png 768w\" sizes=\"auto, (max-width: 900px) 100vw, 900px\" \/><\/p>\n<p style=\"text-align: justify;\">El pr\u00f3ximo <strong>15 y 16 de julio<\/strong> de 2024, tendr\u00e1 lugar el <strong>curso \u00abMercados de carbono basados en la Gesti\u00f3n Forestal Sostenible\u00bb<\/strong>. Organizado por <em>BASOA Fundazioa<\/em> y <em>USSE<\/em>, este evento abordar\u00e1 c\u00f3mo gestionar los bosques para incrementar su capacidad de fijar y almacenar carbono, as\u00ed como la creaci\u00f3n de un mercado adicional para la madera.<\/p>\n<p style=\"text-align: justify;\">M\u00e1s informaci\u00f3n en:<\/p>\n<a class=\"tx-button\" href=\"https:\/\/www.uik.eus\/es\/curso\/mercados-carbono-basados-gestion-forestal-sostenible\" target=\"_blank\" style=\"color: #ffffff; background-color: #8aaa62\">PROGRAMA E INSCRIPCIONES<\/a>\n","protected":false},"excerpt":{"rendered":"<p>El pr\u00f3ximo 15 y 16 de julio de 2024, tendr\u00e1 lugar el curso \u00abMercados de carbono basados en la Gesti\u00f3n Forestal Sostenible\u00bb. Organizado por BASOA Fundazioa y USSE, este evento abordar\u00e1 c\u00f3mo<a class=\"moretag\" href=\"https:\/\/www.fbycc.org\/index.php\/events\/curso-mercados-de-carbono-basados-en-la-gestion-forestal-sostenible\/\">Leer m\u00e1s&#8230;<\/a><\/p>\n","protected":false},"author":5,"featured_media":0,"parent":0,"menu_order":0,"comment_status":"closed","ping_status":"closed","template":"","event_listing_category":[232],"class_list":["post-4700","event_listing","type-event_listing","status-publish","hentry"],"_links":{"self":[{"href":"https:\/\/www.fbycc.org\/index.php\/wp-json\/wp\/v2\/event_listing\/4700","targetHints":{"allow":["GET"]}}],"collection":[{"href":"https:\/\/www.fbycc.org\/index.php\/wp-json\/wp\/v2\/event_listing"}],"about":[{"href":"https:\/\/www.fbycc.org\/index.php\/wp-json\/wp\/v2\/types\/event_listing"}],"author":[{"embeddable":true,"href":"https:\/\/www.fbycc.org\/index.php\/wp-json\/wp\/v2\/users\/5"}],"replies":[{"embeddable":true,"href":"https:\/\/www.fbycc.org\/index.php\/wp-json\/wp\/v2\/comments?post=4700"}],"wp:attachment":[{"href":"https:\/\/www.fbycc.org\/index.php\/wp-json\/wp\/v2\/media?parent=4700"}],"wp:term":[{"taxonomy":"event_listing_category","embeddable":true,"href":"https:\/\/www.fbycc.org\/index.php\/wp-json\/wp\/v2\/event_listing_category?post=4700"}],"curies":[{"name":"wp","href":"https:\/\/api.w.org\/{rel}","templated":true}]}}

Curso | Mercados de carbono basados en la Gestión Forestal Sostenible

<p><img loading="lazy" decoding="async" class="alignnone size-full wp-image-4701" src="https://www.fbycc.org/wp-content/uploads/2024/06/BOLETIN-Eventos.png" alt="" width="900" height="400" srcset="https://www.fbycc.org/wp-content/uploads/2024/06/BOLETIN-Eventos.png 900w, https://www.fbycc.org/wp-content/uploads/2024/06/BOLETIN-Eventos-300x133.png 300w, https://www.fbycc.org/wp-content/uploads/2024/06/BOLETIN-Eventos-768x341.png 768w" sizes="auto, (max-width: 900px) 100vw, 900px" /></p>
<p style="text-align: justify;">El próximo <strong>15 y 16 de julio</strong> de 2024, tendrá lugar el <strong>curso «Mercados de carbono basados en la Gestión Forestal Sostenible»</strong>. Organizado por <em>BASOA Fundazioa</em> y <em>USSE</em>, este evento abordará cómo gestionar los bosques para incrementar su capacidad de fijar y almacenar carbono, así como la creación de un mercado adicional para la madera.</p>
<p style="text-align: justify;">Más información en:</p>
<a class="tx-button" href="https://www.uik.eus/es/curso/mercados-carbono-basados-gestion-forestal-sostenible" target="_blank" style="color: #ffffff; background-color: #8aaa62">PROGRAMA E INSCRIPCIONES</a>

<p>El próximo 15 y 16 de julio de 2024, tendrá lugar el curso «Mercados de carbono basados en la Gestión Forestal Sostenible». Organizado por BASOA Fundazioa y USSE, este evento abordará cómo<a class="moretag" href="https://www.fbycc.org/index.php/events/curso-mercados-de-carbono-basados-en-la-gestion-forestal-sostenible/">Leer más&#8230;</a></p>
