{"id":4601,"date":"2024-06-07T09:21:51","date_gmt":"2024-06-07T09:21:51","guid":{"rendered":"https:\/\/www.fbycc.org\/?post_type=event_listing&#038;p=4601"},"modified":"2024-06-07T09:22:16","modified_gmt":"2024-06-07T09:22:16","slug":"4601-2","status":"publish","type":"event_listing","link":"https:\/\/www.fbycc.org\/index.php\/events\/4601-2\/","title":{"rendered":"Evento | Conversaciones entre expertos: Absorciones de CO\u2082"},"content":{"rendered":"<p><img loading=\"lazy\" decoding=\"async\" class=\"alignnone size-full wp-image-4587\" src=\"https:\/\/www.fbycc.org\/wp-content\/uploads\/2024\/06\/Captura-de-pantalla-2024-06-06-120439.png\" alt=\"\" width=\"959\" height=\"544\" srcset=\"https:\/\/www.fbycc.org\/wp-content\/uploads\/2024\/06\/Captura-de-pantalla-2024-06-06-120439.png 959w, https:\/\/www.fbycc.org\/wp-content\/uploads\/2024\/06\/Captura-de-pantalla-2024-06-06-120439-300x170.png 300w, https:\/\/www.fbycc.org\/wp-content\/uploads\/2024\/06\/Captura-de-pantalla-2024-06-06-120439-768x436.png 768w\" sizes=\"auto, (max-width: 959px) 100vw, 959px\" \/><\/p>\n<p style=\"text-align: justify;\">El pr\u00f3ximo <strong>martes 11 de junio<\/strong> de 2024, tendr\u00e1 lugar el evento <strong>\u00abConversaciones entre expertos: Absorciones de CO\u2082\u00bb<\/strong>. Organizado por la <em>Fundaci\u00f3n Naturgy<\/em> y el <em>Cap\u00edtulo Espa\u00f1ol del Club de Roma<\/em>, este evento abordar\u00e1 el alcance de las absorciones de CO\u2082, su contribuci\u00f3n a la mitigaci\u00f3n de emisiones y sus perspectivas de desarrollo.<\/p>\n<p>M\u00e1s informaci\u00f3n en:<\/p>\n<a class=\"tx-button\" href=\"https:\/\/www.fundacionnaturgy.org\/actividad\/webinar-conversaciones-sobre-absorciones-de-co%E2%82%82\/\" target=\"_blank\" style=\"color: #ffffff; background-color: #8aaa62\">PROGRAMA e INSCRIPCIONES<\/a>\n","protected":false},"excerpt":{"rendered":"<p>El pr\u00f3ximo martes 11 de junio de 2024, tendr\u00e1 lugar el evento \u00abConversaciones entre expertos: Absorciones de CO\u2082\u00bb. Organizado por la Fundaci\u00f3n Naturgy y el Cap\u00edtulo Espa\u00f1ol del Club de Roma, este<a class=\"moretag\" href=\"https:\/\/www.fbycc.org\/index.php\/events\/4601-2\/\">Leer m\u00e1s&#8230;<\/a><\/p>\n","protected":false},"author":5,"featured_media":0,"parent":0,"menu_order":0,"comment_status":"closed","ping_status":"closed","template":"","event_listing_category":[52],"class_list":["post-4601","event_listing","type-event_listing","status-publish","hentry"],"_links":{"self":[{"href":"https:\/\/www.fbycc.org\/index.php\/wp-json\/wp\/v2\/event_listing\/4601","targetHints":{"allow":["GET"]}}],"collection":[{"href":"https:\/\/www.fbycc.org\/index.php\/wp-json\/wp\/v2\/event_listing"}],"about":[{"href":"https:\/\/www.fbycc.org\/index.php\/wp-json\/wp\/v2\/types\/event_listing"}],"author":[{"embeddable":true,"href":"https:\/\/www.fbycc.org\/index.php\/wp-json\/wp\/v2\/users\/5"}],"replies":[{"embeddable":true,"href":"https:\/\/www.fbycc.org\/index.php\/wp-json\/wp\/v2\/comments?post=4601"}],"wp:attachment":[{"href":"https:\/\/www.fbycc.org\/index.php\/wp-json\/wp\/v2\/media?parent=4601"}],"wp:term":[{"taxonomy":"event_listing_category","embeddable":true,"href":"https:\/\/www.fbycc.org\/index.php\/wp-json\/wp\/v2\/event_listing_category?post=4601"}],"curies":[{"name":"wp","href":"https:\/\/api.w.org\/{rel}","templated":true}]}}

<p><img loading="lazy" decoding="async" class="alignnone size-full wp-image-4587" src="https://www.fbycc.org/wp-content/uploads/2024/06/Captura-de-pantalla-2024-06-06-120439.png" alt="" width="959" height="544" srcset="https://www.fbycc.org/wp-content/uploads/2024/06/Captura-de-pantalla-2024-06-06-120439.png 959w, https://www.fbycc.org/wp-content/uploads/2024/06/Captura-de-pantalla-2024-06-06-120439-300x170.png 300w, https://www.fbycc.org/wp-content/uploads/2024/06/Captura-de-pantalla-2024-06-06-120439-768x436.png 768w" sizes="auto, (max-width: 959px) 100vw, 959px" /></p>
<p style="text-align: justify;">El próximo <strong>martes 11 de junio</strong> de 2024, tendrá lugar el evento <strong>«Conversaciones entre expertos: Absorciones de CO₂»</strong>. Organizado por la <em>Fundación Naturgy</em> y el <em>Capítulo Español del Club de Roma</em>, este evento abordará el alcance de las absorciones de CO₂, su contribución a la mitigación de emisiones y sus perspectivas de desarrollo.</p>
<p>Más información en:</p>
<a class="tx-button" href="https://www.fundacionnaturgy.org/actividad/webinar-conversaciones-sobre-absorciones-de-co%E2%82%82/" target="_blank" style="color: #ffffff; background-color: #8aaa62">PROGRAMA e INSCRIPCIONES</a>

<p>El próximo martes 11 de junio de 2024, tendrá lugar el evento «Conversaciones entre expertos: Absorciones de CO₂». Organizado por la Fundación Naturgy y el Capítulo Español del Club de Roma, este<a class="moretag" href="https://www.fbycc.org/index.php/events/4601-2/">Leer más&#8230;</a></p>
