{"id":4595,"date":"2024-06-07T08:25:10","date_gmt":"2024-06-07T08:25:10","guid":{"rendered":"https:\/\/www.fbycc.org\/?post_type=event_listing&#038;p=4595"},"modified":"2024-06-07T08:25:10","modified_gmt":"2024-06-07T08:25:10","slug":"evento-el-sistema-de-comercio-de-emisiones-y-el-mecanismo-de-ajuste-en-la-frontera-del-carbono-despues-de-las-elecciones-de-la-ue","status":"publish","type":"event_listing","link":"https:\/\/www.fbycc.org\/index.php\/events\/evento-el-sistema-de-comercio-de-emisiones-y-el-mecanismo-de-ajuste-en-la-frontera-del-carbono-despues-de-las-elecciones-de-la-ue\/","title":{"rendered":"Evento | El Sistema de Comercio de Emisiones y el Mecanismo de Ajuste en la Frontera del Carbono despu\u00e9s de las elecciones de la UE"},"content":{"rendered":"<p><img loading=\"lazy\" decoding=\"async\" class=\"\" src=\"https:\/\/img.evbuc.com\/https%3A%2F%2Fcdn.evbuc.com%2Fimages%2F769094989%2F209656237922%2F1%2Foriginal.20240516-070721?w=600&amp;auto=format%2Ccompress&amp;q=75&amp;sharp=10&amp;rect=67%2C0%2C1280%2C640&amp;s=fd6adb6b15bfcafaad3fc9e738fd7767\" alt=\"The road ahead for the EU ETS and CBAM after the EU elections\" width=\"560\" height=\"280\" \/><\/p>\n<p style=\"text-align: justify;\">El pr\u00f3ximo <strong>jueves 13 de junio<\/strong> de 2024, tendr\u00e1 lugar el <strong>evento \u00abEl Sistema de Comercio de Emisiones y el Mecanismo de Ajuste en la Frontera del Carbono despu\u00e9s de las elecciones de la UE\u00bb<\/strong>. Organizado por <em>Comet Meetings<\/em>, este evento abordar\u00e1 c\u00f3mo fortalecer la pol\u00edtica clim\u00e1tica de la UE tras las elecciones al Parlamento Europeo, centr\u00e1ndose en los objetivos para 2040.<\/p>\n<p>M\u00e1s informaci\u00f3n en:<\/p>\n<a class=\"tx-button\" href=\"https:\/\/www.eventbrite.nl\/e\/the-road-ahead-for-the-eu-ets-and-cbam-after-the-eu-elections-tickets-899151906557?aff=oddtdtcreator\" target=\"_blank\" style=\"color: #ffffff; background-color: #8aaa62\">INFORMACI\u00d3N e INSCRIPCIONES<\/a>\n","protected":false},"excerpt":{"rendered":"<p>El pr\u00f3ximo jueves 13 de junio de 2024, tendr\u00e1 lugar el evento \u00abEl Sistema de Comercio de Emisiones y el Mecanismo de Ajuste en la Frontera del Carbono despu\u00e9s de las elecciones<a class=\"moretag\" href=\"https:\/\/www.fbycc.org\/index.php\/events\/evento-el-sistema-de-comercio-de-emisiones-y-el-mecanismo-de-ajuste-en-la-frontera-del-carbono-despues-de-las-elecciones-de-la-ue\/\">Leer m\u00e1s&#8230;<\/a><\/p>\n","protected":false},"author":5,"featured_media":0,"parent":0,"menu_order":0,"comment_status":"closed","ping_status":"closed","template":"","event_listing_category":[52],"class_list":["post-4595","event_listing","type-event_listing","status-publish","hentry"],"_links":{"self":[{"href":"https:\/\/www.fbycc.org\/index.php\/wp-json\/wp\/v2\/event_listing\/4595","targetHints":{"allow":["GET"]}}],"collection":[{"href":"https:\/\/www.fbycc.org\/index.php\/wp-json\/wp\/v2\/event_listing"}],"about":[{"href":"https:\/\/www.fbycc.org\/index.php\/wp-json\/wp\/v2\/types\/event_listing"}],"author":[{"embeddable":true,"href":"https:\/\/www.fbycc.org\/index.php\/wp-json\/wp\/v2\/users\/5"}],"replies":[{"embeddable":true,"href":"https:\/\/www.fbycc.org\/index.php\/wp-json\/wp\/v2\/comments?post=4595"}],"wp:attachment":[{"href":"https:\/\/www.fbycc.org\/index.php\/wp-json\/wp\/v2\/media?parent=4595"}],"wp:term":[{"taxonomy":"event_listing_category","embeddable":true,"href":"https:\/\/www.fbycc.org\/index.php\/wp-json\/wp\/v2\/event_listing_category?post=4595"}],"curies":[{"name":"wp","href":"https:\/\/api.w.org\/{rel}","templated":true}]}}

Evento | El Sistema de Comercio de Emisiones y el Mecanismo de Ajuste en la Frontera del Carbono después de las elecciones de la UE

<p><img loading="lazy" decoding="async" class="" src="https://img.evbuc.com/https%3A%2F%2Fcdn.evbuc.com%2Fimages%2F769094989%2F209656237922%2F1%2Foriginal.20240516-070721?w=600&amp;auto=format%2Ccompress&amp;q=75&amp;sharp=10&amp;rect=67%2C0%2C1280%2C640&amp;s=fd6adb6b15bfcafaad3fc9e738fd7767" alt="The road ahead for the EU ETS and CBAM after the EU elections" width="560" height="280" /></p>
<p style="text-align: justify;">El próximo <strong>jueves 13 de junio</strong> de 2024, tendrá lugar el <strong>evento «El Sistema de Comercio de Emisiones y el Mecanismo de Ajuste en la Frontera del Carbono después de las elecciones de la UE»</strong>. Organizado por <em>Comet Meetings</em>, este evento abordará cómo fortalecer la política climática de la UE tras las elecciones al Parlamento Europeo, centrándose en los objetivos para 2040.</p>
<p>Más información en:</p>
<a class="tx-button" href="https://www.eventbrite.nl/e/the-road-ahead-for-the-eu-ets-and-cbam-after-the-eu-elections-tickets-899151906557?aff=oddtdtcreator" target="_blank" style="color: #ffffff; background-color: #8aaa62">INFORMACIÓN e INSCRIPCIONES</a>

<p>El próximo jueves 13 de junio de 2024, tendrá lugar el evento «El Sistema de Comercio de Emisiones y el Mecanismo de Ajuste en la Frontera del Carbono después de las elecciones<a class="moretag" href="https://www.fbycc.org/index.php/events/evento-el-sistema-de-comercio-de-emisiones-y-el-mecanismo-de-ajuste-en-la-frontera-del-carbono-despues-de-las-elecciones-de-la-ue/">Leer más&#8230;</a></p>
