{"id":4545,"date":"2024-06-03T11:25:54","date_gmt":"2024-06-03T11:25:54","guid":{"rendered":"https:\/\/www.fbycc.org\/?post_type=event_listing&#038;p=4545"},"modified":"2024-06-03T11:30:05","modified_gmt":"2024-06-03T11:30:05","slug":"jornada-vi-foro-corell-transicion-energetica-y-realidad-industrial","status":"publish","type":"event_listing","link":"https:\/\/www.fbycc.org\/index.php\/events\/jornada-vi-foro-corell-transicion-energetica-y-realidad-industrial\/","title":{"rendered":"Jornada | VI Foro Corell: \u201cTransici\u00f3n energ\u00e9tica y realidad industrial\u201d"},"content":{"rendered":"<p><img loading=\"lazy\" decoding=\"async\" class=\"\" src=\"https:\/\/gestionpress.com\/wp-content\/uploads\/2024\/05\/Landing_Presencial_VIForoCorell_1280x613-1.jpg\" width=\"558\" height=\"267\" \/><\/p>\n<p style=\"text-align: justify;\">El pr\u00f3ximo <strong>viernes 21 de junio<\/strong>, tendr\u00e1 lugar el <strong>VI Foro Corell: \u201cTransici\u00f3n energ\u00e9tica y realidad industrial\u201d<\/strong>. Organizado por la <em>Fundaci\u00f3n Corell<\/em>, este evento abordar\u00e1 los desaf\u00edos y oportunidades industriales que presenta la transici\u00f3n energ\u00e9tica, con un enfoque en la ciencia, econom\u00eda, neutralidad tecnol\u00f3gica y perspectiva social.<\/p>\n<p>M\u00e1s informaci\u00f3n en:<\/p>\n<a class=\"tx-button\" href=\"https:\/\/fundacioncorell.es\/wp-content\/uploads\/2024\/05\/Programa_VI-Foro-Corell_eE_2024.pdf\" target=\"_blank\" style=\"color: #ffffff; background-color: #8aaa62\">PROGRAMA<\/a>\n<p>&nbsp;<\/p>\n<a class=\"tx-button\" href=\"https:\/\/gestionpress.com\/eventos\/vi-foro-corell-presencial\/\" target=\"_blank\" style=\"color: #ffffff; background-color: #8aaa62\">INSCRIPCI\u00d3N PRESENCIAL<\/a>\n<p>&nbsp;<\/p>\n<a class=\"tx-button\" href=\"https:\/\/gestionpress.com\/eventos\/vi-foro-corell-online\/\" target=\"_blank\" style=\"color: #ffffff; background-color: #8aaa62\">INSCRIPCI\u00d3N ONLINE<\/a>\n","protected":false},"excerpt":{"rendered":"<p>El pr\u00f3ximo viernes 21 de junio, tendr\u00e1 lugar el VI Foro Corell: \u201cTransici\u00f3n energ\u00e9tica y realidad industrial\u201d. Organizado por la Fundaci\u00f3n Corell, este evento abordar\u00e1 los desaf\u00edos y oportunidades industriales que presenta<a class=\"moretag\" href=\"https:\/\/www.fbycc.org\/index.php\/events\/jornada-vi-foro-corell-transicion-energetica-y-realidad-industrial\/\">Leer m\u00e1s&#8230;<\/a><\/p>\n","protected":false},"author":5,"featured_media":0,"parent":0,"menu_order":0,"comment_status":"closed","ping_status":"closed","template":"","event_listing_category":[52],"class_list":["post-4545","event_listing","type-event_listing","status-publish","hentry"],"_links":{"self":[{"href":"https:\/\/www.fbycc.org\/index.php\/wp-json\/wp\/v2\/event_listing\/4545","targetHints":{"allow":["GET"]}}],"collection":[{"href":"https:\/\/www.fbycc.org\/index.php\/wp-json\/wp\/v2\/event_listing"}],"about":[{"href":"https:\/\/www.fbycc.org\/index.php\/wp-json\/wp\/v2\/types\/event_listing"}],"author":[{"embeddable":true,"href":"https:\/\/www.fbycc.org\/index.php\/wp-json\/wp\/v2\/users\/5"}],"replies":[{"embeddable":true,"href":"https:\/\/www.fbycc.org\/index.php\/wp-json\/wp\/v2\/comments?post=4545"}],"wp:attachment":[{"href":"https:\/\/www.fbycc.org\/index.php\/wp-json\/wp\/v2\/media?parent=4545"}],"wp:term":[{"taxonomy":"event_listing_category","embeddable":true,"href":"https:\/\/www.fbycc.org\/index.php\/wp-json\/wp\/v2\/event_listing_category?post=4545"}],"curies":[{"name":"wp","href":"https:\/\/api.w.org\/{rel}","templated":true}]}}

Jornada | VI Foro Corell: “Transición energética y realidad industrial”

<p><img loading="lazy" decoding="async" class="" src="https://gestionpress.com/wp-content/uploads/2024/05/Landing_Presencial_VIForoCorell_1280x613-1.jpg" width="558" height="267" /></p>
<p style="text-align: justify;">El próximo <strong>viernes 21 de junio</strong>, tendrá lugar el <strong>VI Foro Corell: “Transición energética y realidad industrial”</strong>. Organizado por la <em>Fundación Corell</em>, este evento abordará los desafíos y oportunidades industriales que presenta la transición energética, con un enfoque en la ciencia, economía, neutralidad tecnológica y perspectiva social.</p>
<p>Más información en:</p>
<a class="tx-button" href="https://fundacioncorell.es/wp-content/uploads/2024/05/Programa_VI-Foro-Corell_eE_2024.pdf" target="_blank" style="color: #ffffff; background-color: #8aaa62">PROGRAMA</a>
<p>&nbsp;</p>
<a class="tx-button" href="https://gestionpress.com/eventos/vi-foro-corell-presencial/" target="_blank" style="color: #ffffff; background-color: #8aaa62">INSCRIPCIÓN PRESENCIAL</a>
<p>&nbsp;</p>
<a class="tx-button" href="https://gestionpress.com/eventos/vi-foro-corell-online/" target="_blank" style="color: #ffffff; background-color: #8aaa62">INSCRIPCIÓN ONLINE</a>

<p>El próximo viernes 21 de junio, tendrá lugar el VI Foro Corell: “Transición energética y realidad industrial”. Organizado por la Fundación Corell, este evento abordará los desafíos y oportunidades industriales que presenta<a class="moretag" href="https://www.fbycc.org/index.php/events/jornada-vi-foro-corell-transicion-energetica-y-realidad-industrial/">Leer más&#8230;</a></p>
